{"id":932,"date":"2022-03-15T12:00:20","date_gmt":"2022-03-15T13:00:20","guid":{"rendered":"https:\/\/ecomuseu-corvo.cultura.azores.gov.pt\/?post_type=tribe_events&#038;p=932"},"modified":"2023-10-10T15:58:20","modified_gmt":"2023-10-10T15:58:20","slug":"falar-corvino_15-de-marco","status":"publish","type":"tribe_events","link":"https:\/\/ecomuseu-corvo.cultura.azores.gov.pt\/en\/evento\/falar-corvino_15-de-marco\/","title":{"rendered":"Falar Corvino_15 de mar\u00e7o"},"content":{"rendered":"<p>Come\u00e7amos a semana com um novo desafio \u00e0 comunidade corvina e aos nossos seguidores: quem sabe o que quer dizer &#8220;Cobotelim&#8221;?<\/p>\n<p><img loading=\"lazy\" decoding=\"async\" class=\"alignnone size-medium wp-image-933\" src=\"https:\/\/ecomuseu-corvo.cultura.azores.gov.pt\/wp-content\/uploads\/2022\/03\/275778354_336332755211051_5889515048598813638_n-300x300.png\" alt=\"\" width=\"300\" height=\"300\" srcset=\"https:\/\/ecomuseu-corvo.cultura.azores.gov.pt\/wp-content\/uploads\/2022\/03\/275778354_336332755211051_5889515048598813638_n-300x300.png 300w, https:\/\/ecomuseu-corvo.cultura.azores.gov.pt\/wp-content\/uploads\/2022\/03\/275778354_336332755211051_5889515048598813638_n-150x150.png 150w, https:\/\/ecomuseu-corvo.cultura.azores.gov.pt\/wp-content\/uploads\/2022\/03\/275778354_336332755211051_5889515048598813638_n-12x12.png 12w, https:\/\/ecomuseu-corvo.cultura.azores.gov.pt\/wp-content\/uploads\/2022\/03\/275778354_336332755211051_5889515048598813638_n.png 500w\" sizes=\"auto, (max-width: 300px) 100vw, 300px\" \/><\/p>","protected":false},"excerpt":{"rendered":"<p>Come\u00e7amos a semana com um novo desafio \u00e0 comunidade corvina e aos nossos seguidores: quem sabe o que quer dizer &#8220;Cobotelim&#8221;?<\/p>","protected":false},"author":3,"featured_media":1169,"template":"","meta":{"_tribe_events_status":"","_tribe_events_status_reason":"","footnotes":""},"tags":[],"tribe_events_cat":[37],"class_list":["post-932","tribe_events","type-tribe_events","status-publish","has-post-thumbnail","hentry","tribe_events_cat-falar-corvino","cat_falar-corvino"],"_links":{"self":[{"href":"https:\/\/ecomuseu-corvo.cultura.azores.gov.pt\/en\/wp-json\/wp\/v2\/tribe_events\/932","targetHints":{"allow":["GET"]}}],"collection":[{"href":"https:\/\/ecomuseu-corvo.cultura.azores.gov.pt\/en\/wp-json\/wp\/v2\/tribe_events"}],"about":[{"href":"https:\/\/ecomuseu-corvo.cultura.azores.gov.pt\/en\/wp-json\/wp\/v2\/types\/tribe_events"}],"author":[{"embeddable":true,"href":"https:\/\/ecomuseu-corvo.cultura.azores.gov.pt\/en\/wp-json\/wp\/v2\/users\/3"}],"version-history":[{"count":2,"href":"https:\/\/ecomuseu-corvo.cultura.azores.gov.pt\/en\/wp-json\/wp\/v2\/tribe_events\/932\/revisions"}],"predecessor-version":[{"id":1170,"href":"https:\/\/ecomuseu-corvo.cultura.azores.gov.pt\/en\/wp-json\/wp\/v2\/tribe_events\/932\/revisions\/1170"}],"wp:featuredmedia":[{"embeddable":true,"href":"https:\/\/ecomuseu-corvo.cultura.azores.gov.pt\/en\/wp-json\/wp\/v2\/media\/1169"}],"wp:attachment":[{"href":"https:\/\/ecomuseu-corvo.cultura.azores.gov.pt\/en\/wp-json\/wp\/v2\/media?parent=932"}],"wp:term":[{"taxonomy":"post_tag","embeddable":true,"href":"https:\/\/ecomuseu-corvo.cultura.azores.gov.pt\/en\/wp-json\/wp\/v2\/tags?post=932"},{"taxonomy":"tribe_events_cat","embeddable":true,"href":"https:\/\/ecomuseu-corvo.cultura.azores.gov.pt\/en\/wp-json\/wp\/v2\/tribe_events_cat?post=932"}],"curies":[{"name":"wp","href":"https:\/\/api.w.org\/{rel}","templated":true}]}}

Falar Corvino_15 de março

<p>Começamos a semana com um novo desafio à comunidade corvina e aos nossos seguidores: quem sabe o que quer dizer &#8220;Cobotelim&#8221;?</p>
<p><img loading="lazy" decoding="async" class="alignnone size-medium wp-image-933" src="https://ecomuseu-corvo.cultura.azores.gov.pt/wp-content/uploads/2022/03/275778354_336332755211051_5889515048598813638_n-300x300.png" alt="" width="300" height="300" srcset="https://ecomuseu-corvo.cultura.azores.gov.pt/wp-content/uploads/2022/03/275778354_336332755211051_5889515048598813638_n-300x300.png 300w, https://ecomuseu-corvo.cultura.azores.gov.pt/wp-content/uploads/2022/03/275778354_336332755211051_5889515048598813638_n-150x150.png 150w, https://ecomuseu-corvo.cultura.azores.gov.pt/wp-content/uploads/2022/03/275778354_336332755211051_5889515048598813638_n-12x12.png 12w, https://ecomuseu-corvo.cultura.azores.gov.pt/wp-content/uploads/2022/03/275778354_336332755211051_5889515048598813638_n.png 500w" sizes="auto, (max-width: 300px) 100vw, 300px" /></p>

<p>Começamos a semana com um novo desafio à comunidade corvina e aos nossos seguidores: quem sabe o que quer dizer &#8220;Cobotelim&#8221;?</p>
