{"id":813,"date":"2021-12-08T16:25:10","date_gmt":"2021-12-08T17:25:10","guid":{"rendered":"https:\/\/ecomuseu-corvo.cultura.azores.gov.pt\/?post_type=tribe_events&#038;p=813"},"modified":"2022-03-10T16:34:27","modified_gmt":"2022-03-10T17:34:27","slug":"exposicao-retalho-da-saudade","status":"publish","type":"tribe_events","link":"https:\/\/ecomuseu-corvo.cultura.azores.gov.pt\/en\/evento\/exposicao-retalho-da-saudade\/","title":{"rendered":"Exposi\u00e7\u00e3o &#8220;Retalho da Saudade&#8221;"},"content":{"rendered":"<p>Uma imagem vale mais que mil palavras!<\/p>\n<p>Mais do que a objetividade de um texto, a fotografia contextualiza uma viv\u00eancia, uma tradi\u00e7\u00e3o, uma \u00e9poca, a Hist\u00f3ria de uma Comunidade e a sua Identidade.<\/p>\n<p>Nesta exposi\u00e7\u00e3o, intitulada Retalho de Saudade, a Comunidade corvina vai poder relembrar e contar um pouco da sua Hist\u00f3ria, tal como um \u201cretalho\u201d, narrado visualmente. Aqui poder\u00e1 estabelecer uma rela\u00e7\u00e3o entre o passado e o presente e isto acontece porque as fotografias t\u00eam o poder da sensibiliza\u00e7\u00e3o &#8211; ou seja, atingem quem as observa tanto a n\u00edvel est\u00e9tico como emocional &#8211; por vezes marcada pela \u201cSaudade\u201d.<\/p>\n<p>Quem nos visita poder\u00e1, atrav\u00e9s destas fotografias, retalhos de um passado pr\u00f3ximo, imaginar a Hist\u00f3ria e as tradi\u00e7\u00f5es desta Comunidade ancestral e resiliente.<\/p>\n<p>Ap\u00f3s a inaugura\u00e7\u00e3o, a exposi\u00e7\u00e3o ficar\u00e1 patente at\u00e9 ao m\u00eas de julho de 2022 no seguinte hor\u00e1rio: de segunda a sexta-feira das 10h30 \u00e0s 12h30 e das 14h30 \u00e0s 17h00.<\/p>\n<p>No atual contexto pand\u00e9mico, ser\u00e3o cumpridas todas as regras determinadas pela Autoridade de Sa\u00fade, nomeadamente o uso de m\u00e1scara, o distanciamento social e a desinfe\u00e7\u00e3o das m\u00e3os.<\/p>","protected":false},"excerpt":{"rendered":"<p>Uma imagem vale mais que mil palavras! Mais do que a objetividade de um texto, a fotografia contextualiza uma viv\u00eancia, uma tradi\u00e7\u00e3o, uma \u00e9poca, a Hist\u00f3ria de uma Comunidade e [&hellip;]<\/p>\n","protected":false},"author":3,"featured_media":814,"template":"","meta":{"_tribe_events_status":"","_tribe_events_status_reason":"","footnotes":""},"tags":[],"tribe_events_cat":[23],"class_list":["post-813","tribe_events","type-tribe_events","status-publish","has-post-thumbnail","hentry","tribe_events_cat-exposicoes","cat_exposicoes"],"_links":{"self":[{"href":"https:\/\/ecomuseu-corvo.cultura.azores.gov.pt\/en\/wp-json\/wp\/v2\/tribe_events\/813","targetHints":{"allow":["GET"]}}],"collection":[{"href":"https:\/\/ecomuseu-corvo.cultura.azores.gov.pt\/en\/wp-json\/wp\/v2\/tribe_events"}],"about":[{"href":"https:\/\/ecomuseu-corvo.cultura.azores.gov.pt\/en\/wp-json\/wp\/v2\/types\/tribe_events"}],"author":[{"embeddable":true,"href":"https:\/\/ecomuseu-corvo.cultura.azores.gov.pt\/en\/wp-json\/wp\/v2\/users\/3"}],"version-history":[{"count":1,"href":"https:\/\/ecomuseu-corvo.cultura.azores.gov.pt\/en\/wp-json\/wp\/v2\/tribe_events\/813\/revisions"}],"predecessor-version":[{"id":815,"href":"https:\/\/ecomuseu-corvo.cultura.azores.gov.pt\/en\/wp-json\/wp\/v2\/tribe_events\/813\/revisions\/815"}],"wp:featuredmedia":[{"embeddable":true,"href":"https:\/\/ecomuseu-corvo.cultura.azores.gov.pt\/en\/wp-json\/wp\/v2\/media\/814"}],"wp:attachment":[{"href":"https:\/\/ecomuseu-corvo.cultura.azores.gov.pt\/en\/wp-json\/wp\/v2\/media?parent=813"}],"wp:term":[{"taxonomy":"post_tag","embeddable":true,"href":"https:\/\/ecomuseu-corvo.cultura.azores.gov.pt\/en\/wp-json\/wp\/v2\/tags?post=813"},{"taxonomy":"tribe_events_cat","embeddable":true,"href":"https:\/\/ecomuseu-corvo.cultura.azores.gov.pt\/en\/wp-json\/wp\/v2\/tribe_events_cat?post=813"}],"curies":[{"name":"wp","href":"https:\/\/api.w.org\/{rel}","templated":true}]}}

Exposição &#8220;Retalho da Saudade&#8221;

<p>Uma imagem vale mais que mil palavras!</p>
<p>Mais do que a objetividade de um texto, a fotografia contextualiza uma vivência, uma tradição, uma época, a História de uma Comunidade e a sua Identidade.</p>
<p>Nesta exposição, intitulada Retalho de Saudade, a Comunidade corvina vai poder relembrar e contar um pouco da sua História, tal como um “retalho”, narrado visualmente. Aqui poderá estabelecer uma relação entre o passado e o presente e isto acontece porque as fotografias têm o poder da sensibilização &#8211; ou seja, atingem quem as observa tanto a nível estético como emocional &#8211; por vezes marcada pela “Saudade”.</p>
<p>Quem nos visita poderá, através destas fotografias, retalhos de um passado próximo, imaginar a História e as tradições desta Comunidade ancestral e resiliente.</p>
<p>Após a inauguração, a exposição ficará patente até ao mês de julho de 2022 no seguinte horário: de segunda a sexta-feira das 10h30 às 12h30 e das 14h30 às 17h00.</p>
<p>No atual contexto pandémico, serão cumpridas todas as regras determinadas pela Autoridade de Saúde, nomeadamente o uso de máscara, o distanciamento social e a desinfeção das mãos.</p>

<p>Uma imagem vale mais que mil palavras! Mais do que a objetividade de um texto, a fotografia contextualiza uma vivência, uma tradição, uma época, a História de uma Comunidade e [&hellip;]</p>
