{"id":806,"date":"2022-02-01T16:07:30","date_gmt":"2022-02-01T17:07:30","guid":{"rendered":"https:\/\/ecomuseu-corvo.cultura.azores.gov.pt\/?post_type=tribe_events&#038;p=806"},"modified":"2022-03-10T16:17:29","modified_gmt":"2022-03-10T17:17:29","slug":"peca-do-mes-fevereiro","status":"publish","type":"tribe_events","link":"https:\/\/ecomuseu-corvo.cultura.azores.gov.pt\/en\/evento\/peca-do-mes-fevereiro\/","title":{"rendered":"Pe\u00e7a do M\u00eas &#8211; fevereiro"},"content":{"rendered":"<p>Quem sabe o nome deste objeto e para que servia?<br \/>\nNecessitamos de ajuda na identifica\u00e7\u00e3o desta pe\u00e7a, bem como de informa\u00e7\u00e3o sobre a sua utiliza\u00e7\u00e3o.<br \/>\nA sua participa\u00e7\u00e3o \u00e9 muito importante para o trabalho que o Ecomuseu do Corvo est\u00e1 a realizar, no \u00e2mbito do invent\u00e1rio participativo do patrim\u00f3nio m\u00f3vel do Corvo.<br \/>\nSe tiver informa\u00e7\u00f5es sobre o objeto em destaque, agradecemos que d\u00ea o seu contributo nos coment\u00e1rios da presente publica\u00e7\u00e3o. Poder\u00e1, igualmente, endere\u00e7ar um email ao Ecomuseu do Corvo: ecomuseu.corvo.info@zores.gov.pt.<br \/>\nA sua participa\u00e7\u00e3o e contributos s\u00e3o muito importantes e o Ecomuseu agradece.<br \/>\nO Ecomuseu somos todos n\u00f3s!<\/p>","protected":false},"excerpt":{"rendered":"<p>Quem sabe o nome deste objeto e para que servia? Necessitamos de ajuda na identifica\u00e7\u00e3o desta pe\u00e7a, bem como de informa\u00e7\u00e3o sobre a sua utiliza\u00e7\u00e3o. A sua participa\u00e7\u00e3o \u00e9 muito [&hellip;]<\/p>\n","protected":false},"author":3,"featured_media":807,"template":"","meta":{"_tribe_events_status":"","_tribe_events_status_reason":"","footnotes":""},"tags":[],"tribe_events_cat":[38],"class_list":["post-806","tribe_events","type-tribe_events","status-publish","has-post-thumbnail","hentry","tribe_events_cat-peca-do-mes","cat_peca-do-mes"],"_links":{"self":[{"href":"https:\/\/ecomuseu-corvo.cultura.azores.gov.pt\/en\/wp-json\/wp\/v2\/tribe_events\/806","targetHints":{"allow":["GET"]}}],"collection":[{"href":"https:\/\/ecomuseu-corvo.cultura.azores.gov.pt\/en\/wp-json\/wp\/v2\/tribe_events"}],"about":[{"href":"https:\/\/ecomuseu-corvo.cultura.azores.gov.pt\/en\/wp-json\/wp\/v2\/types\/tribe_events"}],"author":[{"embeddable":true,"href":"https:\/\/ecomuseu-corvo.cultura.azores.gov.pt\/en\/wp-json\/wp\/v2\/users\/3"}],"version-history":[{"count":1,"href":"https:\/\/ecomuseu-corvo.cultura.azores.gov.pt\/en\/wp-json\/wp\/v2\/tribe_events\/806\/revisions"}],"predecessor-version":[{"id":808,"href":"https:\/\/ecomuseu-corvo.cultura.azores.gov.pt\/en\/wp-json\/wp\/v2\/tribe_events\/806\/revisions\/808"}],"wp:featuredmedia":[{"embeddable":true,"href":"https:\/\/ecomuseu-corvo.cultura.azores.gov.pt\/en\/wp-json\/wp\/v2\/media\/807"}],"wp:attachment":[{"href":"https:\/\/ecomuseu-corvo.cultura.azores.gov.pt\/en\/wp-json\/wp\/v2\/media?parent=806"}],"wp:term":[{"taxonomy":"post_tag","embeddable":true,"href":"https:\/\/ecomuseu-corvo.cultura.azores.gov.pt\/en\/wp-json\/wp\/v2\/tags?post=806"},{"taxonomy":"tribe_events_cat","embeddable":true,"href":"https:\/\/ecomuseu-corvo.cultura.azores.gov.pt\/en\/wp-json\/wp\/v2\/tribe_events_cat?post=806"}],"curies":[{"name":"wp","href":"https:\/\/api.w.org\/{rel}","templated":true}]}}

Peça do Mês &#8211; fevereiro

<p>Quem sabe o nome deste objeto e para que servia?<br />
Necessitamos de ajuda na identificação desta peça, bem como de informação sobre a sua utilização.<br />
A sua participação é muito importante para o trabalho que o Ecomuseu do Corvo está a realizar, no âmbito do inventário participativo do património móvel do Corvo.<br />
Se tiver informações sobre o objeto em destaque, agradecemos que dê o seu contributo nos comentários da presente publicação. Poderá, igualmente, endereçar um email ao Ecomuseu do Corvo: ecomuseu.corvo.info@zores.gov.pt.<br />
A sua participação e contributos são muito importantes e o Ecomuseu agradece.<br />
O Ecomuseu somos todos nós!</p>

<p>Quem sabe o nome deste objeto e para que servia? Necessitamos de ajuda na identificação desta peça, bem como de informação sobre a sua utilização. A sua participação é muito [&hellip;]</p>
