{"id":797,"date":"2022-03-10T15:55:43","date_gmt":"2022-03-10T16:55:43","guid":{"rendered":"https:\/\/ecomuseu-corvo.cultura.azores.gov.pt\/?post_type=tribe_events&#038;p=797"},"modified":"2022-07-01T12:22:57","modified_gmt":"2022-07-01T12:22:57","slug":"iniciacao-as-tecnicas-de-tecelagem","status":"publish","type":"tribe_events","link":"https:\/\/ecomuseu-corvo.cultura.azores.gov.pt\/en\/evento\/iniciacao-as-tecnicas-de-tecelagem\/","title":{"rendered":"Inicia\u00e7\u00e3o \u00e0s t\u00e9cnicas de tecelagem"},"content":{"rendered":"<p><img loading=\"lazy\" decoding=\"async\" class=\"alignnone wp-image-798 size-full\" src=\"https:\/\/ecomuseu-corvo.cultura.azores.gov.pt\/wp-content\/uploads\/2022\/03\/formacao_tecelagem_img.png\" alt=\"\" width=\"424\" height=\"600\" srcset=\"https:\/\/ecomuseu-corvo.cultura.azores.gov.pt\/wp-content\/uploads\/2022\/03\/formacao_tecelagem_img.png 424w, https:\/\/ecomuseu-corvo.cultura.azores.gov.pt\/wp-content\/uploads\/2022\/03\/formacao_tecelagem_img-212x300.png 212w, https:\/\/ecomuseu-corvo.cultura.azores.gov.pt\/wp-content\/uploads\/2022\/03\/formacao_tecelagem_img-8x12.png 8w\" sizes=\"auto, (max-width: 424px) 100vw, 424px\" \/><\/p>\n<p>O Ecomuseu do Corvo informa que est\u00e3o abertas as inscri\u00e7\u00f5es, at\u00e9 ao dia 28\/02\/2022, para a forma\u00e7\u00e3o: &#8220;inicia\u00e7\u00e3o \u00e0s t\u00e9cnicas de tecelagem&#8221;, que ir\u00e1 decorrer entre os dias 30 de maio a 10 de junho de 2022, em hor\u00e1rio p\u00f3s-laboral, no Pavilh\u00e3o Multiusos do Corvo. As inscri\u00e7\u00f5es devem ser enviadas para o email: ecomuseu.corvo.info@azores.gov.pt .<br \/>\nO curso \u00e9 de frequ\u00eancia gratuita e tem um limite de inscri\u00e7\u00e3o de 8 formandos. A sele\u00e7\u00e3o \u00e9 feita por ordem de inscri\u00e7\u00e3o. Para mais informa\u00e7\u00f5es contactar o Gabinete de Apoio T\u00e9cnico ao Ecomuseu, atrav\u00e9s do telefone: 292596063<\/p>\n<p>A dinamiza\u00e7\u00e3o desta forma\u00e7\u00e3o faz parte do programa de atividades do Ecomuseu do Corvo, fluxo da a\u00e7\u00e3o: viv\u00eancias e tradi\u00e7\u00f5es. Integra a componente formativa e expositiva, com vista \u00e0 promo\u00e7\u00e3o do empreendedorismo e \u00e0 integra\u00e7\u00e3o de fatores de inova\u00e7\u00e3o em setores econ\u00f3micos tradicionais e, ou, \u00e1reas de neg\u00f3cios emergentes, tais como o artesanato, produtos locais, \u00e1reas criativas, entre outros.<\/p>\n<p><strong>Objetivos do curso:<\/strong><br \/>\n\u00b7 Selecionar as mat\u00e9rias-primas;<br \/>\n\u00b7 Identificar e caracterizar os componentes do tear e a sua fun\u00e7\u00e3o;<br \/>\n\u00b7 Identificar e caracterizar os acess\u00f3rios do tear e a sua fun\u00e7\u00e3o;<br \/>\n\u00b7 Montagem do tear;<br \/>\n\u00b7 Manusear o tear e seus acess\u00f3rios;<br \/>\n\u00b7 Executar tecidos com base nas estruturas fundamentais e seus derivados;<br \/>\n\u00b7 Resolver problemas que surjam durante a labora\u00e7\u00e3o no tear.<\/p>\n<p><strong>Os conte\u00fados a abordar na forma\u00e7\u00e3o:<\/strong><br \/>\n\u00b7 Mat\u00e9rias-primas;<br \/>\n\u00b7 O tear e seu funcionamento: movimentos fundamentais;<br \/>\n\u00b7 Acess\u00f3rios da tecelagem;<br \/>\n\u00b7 Tecidos com base nas tr\u00eas estruturas fundamentais e seus derivados;<br \/>\n\u00b7 N\u00f3 de tecedeira;<br \/>\n\u00b7 Corre\u00e7\u00e3o da tens\u00e3o da teia;<br \/>\n\u00b7 Alinhamento de li\u00e7os.<\/p>\n<p>O curso ser\u00e1 ministrado por um formador com reconhecido trabalho e experi\u00eancia em tecelagem, respons\u00e1vel por in\u00fameros projetos semelhantes no territ\u00f3rio continental portugu\u00eas. Esta \u00e9 uma a\u00e7\u00e3o de dinamiza\u00e7\u00e3o cultural de extrema import\u00e2ncia, pois esta forma\u00e7\u00e3o permitir\u00e1 viabilizar a preserva\u00e7\u00e3o deste elemento patrimonial, bem como a dinamiza\u00e7\u00e3o de a\u00e7\u00f5es de valoriza\u00e7\u00e3o e vivifica\u00e7\u00e3o do patrim\u00f3nio e das tradi\u00e7\u00f5es corvinas.<\/p>","protected":false},"excerpt":{"rendered":"<p>O Ecomuseu do Corvo informa que est\u00e3o abertas as inscri\u00e7\u00f5es, at\u00e9 ao dia 28\/02\/2022, para a forma\u00e7\u00e3o: &#8220;inicia\u00e7\u00e3o \u00e0s t\u00e9cnicas de tecelagem&#8221;, que ir\u00e1 decorrer entre os dias 30 de [&hellip;]<\/p>\n","protected":false},"author":3,"featured_media":1171,"template":"","meta":{"_tribe_events_status":"","_tribe_events_status_reason":"","footnotes":""},"tags":[],"tribe_events_cat":[36],"class_list":["post-797","tribe_events","type-tribe_events","status-publish","has-post-thumbnail","hentry","tribe_events_cat-oficinas-cursos-workshops","cat_oficinas-cursos-workshops"],"_links":{"self":[{"href":"https:\/\/ecomuseu-corvo.cultura.azores.gov.pt\/en\/wp-json\/wp\/v2\/tribe_events\/797","targetHints":{"allow":["GET"]}}],"collection":[{"href":"https:\/\/ecomuseu-corvo.cultura.azores.gov.pt\/en\/wp-json\/wp\/v2\/tribe_events"}],"about":[{"href":"https:\/\/ecomuseu-corvo.cultura.azores.gov.pt\/en\/wp-json\/wp\/v2\/types\/tribe_events"}],"author":[{"embeddable":true,"href":"https:\/\/ecomuseu-corvo.cultura.azores.gov.pt\/en\/wp-json\/wp\/v2\/users\/3"}],"version-history":[{"count":2,"href":"https:\/\/ecomuseu-corvo.cultura.azores.gov.pt\/en\/wp-json\/wp\/v2\/tribe_events\/797\/revisions"}],"predecessor-version":[{"id":1172,"href":"https:\/\/ecomuseu-corvo.cultura.azores.gov.pt\/en\/wp-json\/wp\/v2\/tribe_events\/797\/revisions\/1172"}],"wp:featuredmedia":[{"embeddable":true,"href":"https:\/\/ecomuseu-corvo.cultura.azores.gov.pt\/en\/wp-json\/wp\/v2\/media\/1171"}],"wp:attachment":[{"href":"https:\/\/ecomuseu-corvo.cultura.azores.gov.pt\/en\/wp-json\/wp\/v2\/media?parent=797"}],"wp:term":[{"taxonomy":"post_tag","embeddable":true,"href":"https:\/\/ecomuseu-corvo.cultura.azores.gov.pt\/en\/wp-json\/wp\/v2\/tags?post=797"},{"taxonomy":"tribe_events_cat","embeddable":true,"href":"https:\/\/ecomuseu-corvo.cultura.azores.gov.pt\/en\/wp-json\/wp\/v2\/tribe_events_cat?post=797"}],"curies":[{"name":"wp","href":"https:\/\/api.w.org\/{rel}","templated":true}]}}

Iniciação às técnicas de tecelagem

<p><img loading="lazy" decoding="async" class="alignnone wp-image-798 size-full" src="https://ecomuseu-corvo.cultura.azores.gov.pt/wp-content/uploads/2022/03/formacao_tecelagem_img.png" alt="" width="424" height="600" srcset="https://ecomuseu-corvo.cultura.azores.gov.pt/wp-content/uploads/2022/03/formacao_tecelagem_img.png 424w, https://ecomuseu-corvo.cultura.azores.gov.pt/wp-content/uploads/2022/03/formacao_tecelagem_img-212x300.png 212w, https://ecomuseu-corvo.cultura.azores.gov.pt/wp-content/uploads/2022/03/formacao_tecelagem_img-8x12.png 8w" sizes="auto, (max-width: 424px) 100vw, 424px" /></p>
<p>O Ecomuseu do Corvo informa que estão abertas as inscrições, até ao dia 28/02/2022, para a formação: &#8220;iniciação às técnicas de tecelagem&#8221;, que irá decorrer entre os dias 30 de maio a 10 de junho de 2022, em horário pós-laboral, no Pavilhão Multiusos do Corvo. As inscrições devem ser enviadas para o email: ecomuseu.corvo.info@azores.gov.pt .<br />
O curso é de frequência gratuita e tem um limite de inscrição de 8 formandos. A seleção é feita por ordem de inscrição. Para mais informações contactar o Gabinete de Apoio Técnico ao Ecomuseu, através do telefone: 292596063</p>
<p>A dinamização desta formação faz parte do programa de atividades do Ecomuseu do Corvo, fluxo da ação: vivências e tradições. Integra a componente formativa e expositiva, com vista à promoção do empreendedorismo e à integração de fatores de inovação em setores económicos tradicionais e, ou, áreas de negócios emergentes, tais como o artesanato, produtos locais, áreas criativas, entre outros.</p>
<p><strong>Objetivos do curso:</strong><br />
· Selecionar as matérias-primas;<br />
· Identificar e caracterizar os componentes do tear e a sua função;<br />
· Identificar e caracterizar os acessórios do tear e a sua função;<br />
· Montagem do tear;<br />
· Manusear o tear e seus acessórios;<br />
· Executar tecidos com base nas estruturas fundamentais e seus derivados;<br />
· Resolver problemas que surjam durante a laboração no tear.</p>
<p><strong>Os conteúdos a abordar na formação:</strong><br />
· Matérias-primas;<br />
· O tear e seu funcionamento: movimentos fundamentais;<br />
· Acessórios da tecelagem;<br />
· Tecidos com base nas três estruturas fundamentais e seus derivados;<br />
· Nó de tecedeira;<br />
· Correção da tensão da teia;<br />
· Alinhamento de liços.</p>
<p>O curso será ministrado por um formador com reconhecido trabalho e experiência em tecelagem, responsável por inúmeros projetos semelhantes no território continental português. Esta é uma ação de dinamização cultural de extrema importância, pois esta formação permitirá viabilizar a preservação deste elemento patrimonial, bem como a dinamização de ações de valorização e vivificação do património e das tradições corvinas.</p>

<p>O Ecomuseu do Corvo informa que estão abertas as inscrições, até ao dia 28/02/2022, para a formação: &#8220;iniciação às técnicas de tecelagem&#8221;, que irá decorrer entre os dias 30 de [&hellip;]</p>
