{"id":778,"date":"2022-03-08T15:15:02","date_gmt":"2022-03-08T16:15:02","guid":{"rendered":"https:\/\/ecomuseu-corvo.cultura.azores.gov.pt\/?post_type=tribe_events&#038;p=778"},"modified":"2023-10-10T16:00:43","modified_gmt":"2023-10-10T16:00:43","slug":"foto-do-mes-marco","status":"publish","type":"tribe_events","link":"https:\/\/ecomuseu-corvo.cultura.azores.gov.pt\/en\/evento\/foto-do-mes-marco\/","title":{"rendered":"Foto do m\u00eas &#8211; mar\u00e7o"},"content":{"rendered":"<p>&#8220;A foto do m\u00eas&#8221; de mar\u00e7o \u00e9 dedicada a todas as Mulheres, em especial \u00e0 Mulher Corvina.<br \/>\nA foto selecionada representa algumas Mulheres sentadas no Largo do Outeiro nos anos 50.<br \/>\nPertence a \u00d3scar Valentim Rocha\u2013 Arquivo Fotogr\u00e1fico do Corvo.<br \/>\nNecessitamos de ajuda na identifica\u00e7\u00e3o das pessoas fotografadas. A vossa ajuda \u00e9 preciosa para podermos enriquecer o arquivo fotogr\u00e1fico do Corvo e, assim, preservar a Hist\u00f3ria e a Mem\u00f3ria da comunidade corvina.<br \/>\nPoder\u00e1 fazer a identifica\u00e7\u00e3o atrav\u00e9s dos n\u00fameros constantes na foto, fazendo um coment\u00e1rio \u00e0 presente publica\u00e7\u00e3o.<br \/>\nPoder\u00e1, em alternativa, endere\u00e7ar um email ao Ecomuseu do Corvo: ecomuseu.corvo.info@azores.gov.pt.<br \/>\nA sua participa\u00e7\u00e3o e contributos s\u00e3o muito importantes e o Ecomuseu agradece.<br \/>\nO Ecomuseu somos todos n\u00f3s!<\/p>","protected":false},"excerpt":{"rendered":"<p>&#8220;A foto do m\u00eas&#8221; de mar\u00e7o \u00e9 dedicada a todas as Mulheres, em especial \u00e0 Mulher Corvina. A foto selecionada representa algumas Mulheres sentadas no Largo do Outeiro nos anos [&hellip;]<\/p>\n","protected":false},"author":3,"featured_media":779,"template":"","meta":{"_tribe_events_status":"","_tribe_events_status_reason":"","footnotes":""},"tags":[],"tribe_events_cat":[35],"class_list":["post-778","tribe_events","type-tribe_events","status-publish","has-post-thumbnail","hentry","tribe_events_cat-fotografia-do-mes","cat_fotografia-do-mes"],"_links":{"self":[{"href":"https:\/\/ecomuseu-corvo.cultura.azores.gov.pt\/en\/wp-json\/wp\/v2\/tribe_events\/778","targetHints":{"allow":["GET"]}}],"collection":[{"href":"https:\/\/ecomuseu-corvo.cultura.azores.gov.pt\/en\/wp-json\/wp\/v2\/tribe_events"}],"about":[{"href":"https:\/\/ecomuseu-corvo.cultura.azores.gov.pt\/en\/wp-json\/wp\/v2\/types\/tribe_events"}],"author":[{"embeddable":true,"href":"https:\/\/ecomuseu-corvo.cultura.azores.gov.pt\/en\/wp-json\/wp\/v2\/users\/3"}],"version-history":[{"count":1,"href":"https:\/\/ecomuseu-corvo.cultura.azores.gov.pt\/en\/wp-json\/wp\/v2\/tribe_events\/778\/revisions"}],"predecessor-version":[{"id":780,"href":"https:\/\/ecomuseu-corvo.cultura.azores.gov.pt\/en\/wp-json\/wp\/v2\/tribe_events\/778\/revisions\/780"}],"wp:featuredmedia":[{"embeddable":true,"href":"https:\/\/ecomuseu-corvo.cultura.azores.gov.pt\/en\/wp-json\/wp\/v2\/media\/779"}],"wp:attachment":[{"href":"https:\/\/ecomuseu-corvo.cultura.azores.gov.pt\/en\/wp-json\/wp\/v2\/media?parent=778"}],"wp:term":[{"taxonomy":"post_tag","embeddable":true,"href":"https:\/\/ecomuseu-corvo.cultura.azores.gov.pt\/en\/wp-json\/wp\/v2\/tags?post=778"},{"taxonomy":"tribe_events_cat","embeddable":true,"href":"https:\/\/ecomuseu-corvo.cultura.azores.gov.pt\/en\/wp-json\/wp\/v2\/tribe_events_cat?post=778"}],"curies":[{"name":"wp","href":"https:\/\/api.w.org\/{rel}","templated":true}]}}

Foto do mês &#8211; março

<p>&#8220;A foto do mês&#8221; de março é dedicada a todas as Mulheres, em especial à Mulher Corvina.<br />
A foto selecionada representa algumas Mulheres sentadas no Largo do Outeiro nos anos 50.<br />
Pertence a Óscar Valentim Rocha– Arquivo Fotográfico do Corvo.<br />
Necessitamos de ajuda na identificação das pessoas fotografadas. A vossa ajuda é preciosa para podermos enriquecer o arquivo fotográfico do Corvo e, assim, preservar a História e a Memória da comunidade corvina.<br />
Poderá fazer a identificação através dos números constantes na foto, fazendo um comentário à presente publicação.<br />
Poderá, em alternativa, endereçar um email ao Ecomuseu do Corvo: ecomuseu.corvo.info@azores.gov.pt.<br />
A sua participação e contributos são muito importantes e o Ecomuseu agradece.<br />
O Ecomuseu somos todos nós!</p>

<p>&#8220;A foto do mês&#8221; de março é dedicada a todas as Mulheres, em especial à Mulher Corvina. A foto selecionada representa algumas Mulheres sentadas no Largo do Outeiro nos anos [&hellip;]</p>
