{"id":772,"date":"2021-12-14T14:36:24","date_gmt":"2021-12-14T15:36:24","guid":{"rendered":"https:\/\/ecomuseu-corvo.cultura.azores.gov.pt\/?post_type=tribe_events&#038;p=772"},"modified":"2022-03-10T14:41:26","modified_gmt":"2022-03-10T15:41:26","slug":"ferias-de-natal-no-ecomuseu","status":"publish","type":"tribe_events","link":"https:\/\/ecomuseu-corvo.cultura.azores.gov.pt\/en\/evento\/ferias-de-natal-no-ecomuseu\/","title":{"rendered":"F\u00e9rias de Natal no Ecomuseu"},"content":{"rendered":"<p>Nas f\u00e9rias do Natal o Ecomuseu do Corvo, em articula\u00e7\u00e3o com a Biblioteca Escolar, promove atividades com as crian\u00e7as e jovens, em que se pretende estimular a imagina\u00e7\u00e3o, a criatividade e demonstrar como aprender pode ser divertido.<br \/>\nPrepar\u00e1mos um conjunto de atividades especiais alusivas \u00e0 \u00e9poca de Natal, \u00e0 educa\u00e7\u00e3o ambiental e patrimonial. Estas atividades ir\u00e3o decorrer Multiusos do Corvo nos dias 21, 22 e 23 de dezembro, a partir das 14h30.<\/p>\n<p>Em todas as atividades as crian\u00e7as e jovens ser\u00e3o acompanhados pelos t\u00e9cnicos do Ecomuseu.<br \/>\nSer\u00e3o cumpridas as regras de higiene, distanciamento social e uso obrigat\u00f3rio de m\u00e1scara social.<\/p>","protected":false},"excerpt":{"rendered":"<p>Nas f\u00e9rias do Natal o Ecomuseu do Corvo, em articula\u00e7\u00e3o com a Biblioteca Escolar, promove atividades com as crian\u00e7as e jovens, em que se pretende estimular a imagina\u00e7\u00e3o, a criatividade [&hellip;]<\/p>\n","protected":false},"author":3,"featured_media":773,"template":"","meta":{"_tribe_events_status":"","_tribe_events_status_reason":"","footnotes":""},"tags":[],"tribe_events_cat":[34],"class_list":["post-772","tribe_events","type-tribe_events","status-publish","has-post-thumbnail","hentry","tribe_events_cat-ferias-no-ecomuseu","cat_ferias-no-ecomuseu"],"_links":{"self":[{"href":"https:\/\/ecomuseu-corvo.cultura.azores.gov.pt\/en\/wp-json\/wp\/v2\/tribe_events\/772","targetHints":{"allow":["GET"]}}],"collection":[{"href":"https:\/\/ecomuseu-corvo.cultura.azores.gov.pt\/en\/wp-json\/wp\/v2\/tribe_events"}],"about":[{"href":"https:\/\/ecomuseu-corvo.cultura.azores.gov.pt\/en\/wp-json\/wp\/v2\/types\/tribe_events"}],"author":[{"embeddable":true,"href":"https:\/\/ecomuseu-corvo.cultura.azores.gov.pt\/en\/wp-json\/wp\/v2\/users\/3"}],"version-history":[{"count":1,"href":"https:\/\/ecomuseu-corvo.cultura.azores.gov.pt\/en\/wp-json\/wp\/v2\/tribe_events\/772\/revisions"}],"predecessor-version":[{"id":774,"href":"https:\/\/ecomuseu-corvo.cultura.azores.gov.pt\/en\/wp-json\/wp\/v2\/tribe_events\/772\/revisions\/774"}],"wp:featuredmedia":[{"embeddable":true,"href":"https:\/\/ecomuseu-corvo.cultura.azores.gov.pt\/en\/wp-json\/wp\/v2\/media\/773"}],"wp:attachment":[{"href":"https:\/\/ecomuseu-corvo.cultura.azores.gov.pt\/en\/wp-json\/wp\/v2\/media?parent=772"}],"wp:term":[{"taxonomy":"post_tag","embeddable":true,"href":"https:\/\/ecomuseu-corvo.cultura.azores.gov.pt\/en\/wp-json\/wp\/v2\/tags?post=772"},{"taxonomy":"tribe_events_cat","embeddable":true,"href":"https:\/\/ecomuseu-corvo.cultura.azores.gov.pt\/en\/wp-json\/wp\/v2\/tribe_events_cat?post=772"}],"curies":[{"name":"wp","href":"https:\/\/api.w.org\/{rel}","templated":true}]}}

Férias de Natal no Ecomuseu

<p>Nas férias do Natal o Ecomuseu do Corvo, em articulação com a Biblioteca Escolar, promove atividades com as crianças e jovens, em que se pretende estimular a imaginação, a criatividade e demonstrar como aprender pode ser divertido.<br />
Preparámos um conjunto de atividades especiais alusivas à época de Natal, à educação ambiental e patrimonial. Estas atividades irão decorrer Multiusos do Corvo nos dias 21, 22 e 23 de dezembro, a partir das 14h30.</p>
<p>Em todas as atividades as crianças e jovens serão acompanhados pelos técnicos do Ecomuseu.<br />
Serão cumpridas as regras de higiene, distanciamento social e uso obrigatório de máscara social.</p>

<p>Nas férias do Natal o Ecomuseu do Corvo, em articulação com a Biblioteca Escolar, promove atividades com as crianças e jovens, em que se pretende estimular a imaginação, a criatividade [&hellip;]</p>
