{"id":765,"date":"2021-09-08T14:26:49","date_gmt":"2021-09-08T14:26:49","guid":{"rendered":"https:\/\/ecomuseu-corvo.cultura.azores.gov.pt\/?post_type=tribe_events&#038;p=765"},"modified":"2022-03-16T09:43:44","modified_gmt":"2022-03-16T10:43:44","slug":"1a-campanha-do-patrimonio-do-corvo","status":"publish","type":"tribe_events","link":"https:\/\/ecomuseu-corvo.cultura.azores.gov.pt\/en\/evento\/1a-campanha-do-patrimonio-do-corvo\/","title":{"rendered":"1\u00aa Campanha do Patrim\u00f3nio do Corvo"},"content":{"rendered":"<p>O Ecomuseu do Corvo, atrav\u00e9s do Centro do Patrim\u00f3nio M\u00f3vel, Imaterial e Arqueol\u00f3gico dos A\u00e7ores e da Dire\u00e7\u00e3o Regional da Cultura est\u00e1 a promover, entre os dias 13 a 25 de setembro de 2021, a 1.\u00aa Campanha do Patrim\u00f3nio do Corvo.<\/p>\n<p>No \u00e2mbito desta campanha est\u00e1 prevista uma atividade de sensibiliza\u00e7\u00e3o para o patrim\u00f3nio arqueol\u00f3gico, intitulada \u201cArque\u00f3logo por um dia\u201d, destinada aos alunos do 3.\u00ba ciclo da EBS Mouzinho da Silveira.<br \/>\nEsta ser\u00e1 uma importante oportunidade para se sensibilizar os mais jovens para o Patrim\u00f3nio envolvendo-os em a\u00e7\u00f5es de valoriza\u00e7\u00e3o e de salvaguarda do mesmo.<\/p>\n<p>Ser\u00e3o apresentados os resultados preliminares das interven\u00e7\u00f5es arqueol\u00f3gicas feitas na zona do Engenho e no moinho de mar\u00e9 do Caldeir\u00e3o do Corvo. Ser\u00e3o, igualmente, apresentados os resultados preliminares da interven\u00e7\u00e3o de conserva\u00e7\u00e3o preventiva do tear t\u00edpico do Corvo e de algumas pe\u00e7as ligadas \u00e0 etnografia.<br \/>\nContamos com a presen\u00e7a de todos, pois o Ecomuseu do Corvo somos todos n\u00f3s!<\/p>\n<div id='gallery-1' class='gallery galleryid-765 gallery-columns-3 gallery-size-large'><figure class='gallery-item'>\n\t\t\t<div class='gallery-icon landscape'>\n\t\t\t\t<a href='https:\/\/ecomuseu-corvo.cultura.azores.gov.pt\/wp-content\/uploads\/2022\/03\/arqueologo_por_um-dia_face.jpg' title=\"\" data-rl_title=\"\" class=\"rl-gallery-link\" data-rl_caption=\"\" data-rel=\"lightbox-gallery-1\"><img loading=\"lazy\" decoding=\"async\" width=\"580\" height=\"410\" src=\"https:\/\/ecomuseu-corvo.cultura.azores.gov.pt\/wp-content\/uploads\/2022\/03\/arqueologo_por_um-dia_face.jpg\" class=\"attachment-large size-large\" alt=\"\" srcset=\"https:\/\/ecomuseu-corvo.cultura.azores.gov.pt\/wp-content\/uploads\/2022\/03\/arqueologo_por_um-dia_face.jpg 600w, https:\/\/ecomuseu-corvo.cultura.azores.gov.pt\/wp-content\/uploads\/2022\/03\/arqueologo_por_um-dia_face-300x212.jpg 300w, https:\/\/ecomuseu-corvo.cultura.azores.gov.pt\/wp-content\/uploads\/2022\/03\/arqueologo_por_um-dia_face-18x12.jpg 18w\" sizes=\"auto, (max-width: 580px) 100vw, 580px\" \/><\/a>\n\t\t\t<\/div><\/figure><figure class='gallery-item'>\n\t\t\t<div class='gallery-icon landscape'>\n\t\t\t\t<a href='https:\/\/ecomuseu-corvo.cultura.azores.gov.pt\/wp-content\/uploads\/2022\/03\/sensibilizacao-patrimonial.jpg' title=\"\" data-rl_title=\"\" class=\"rl-gallery-link\" data-rl_caption=\"\" data-rel=\"lightbox-gallery-1\"><img loading=\"lazy\" decoding=\"async\" width=\"580\" height=\"410\" src=\"https:\/\/ecomuseu-corvo.cultura.azores.gov.pt\/wp-content\/uploads\/2022\/03\/sensibilizacao-patrimonial.jpg\" class=\"attachment-large size-large\" alt=\"\" srcset=\"https:\/\/ecomuseu-corvo.cultura.azores.gov.pt\/wp-content\/uploads\/2022\/03\/sensibilizacao-patrimonial.jpg 600w, https:\/\/ecomuseu-corvo.cultura.azores.gov.pt\/wp-content\/uploads\/2022\/03\/sensibilizacao-patrimonial-300x212.jpg 300w, https:\/\/ecomuseu-corvo.cultura.azores.gov.pt\/wp-content\/uploads\/2022\/03\/sensibilizacao-patrimonial-18x12.jpg 18w\" sizes=\"auto, (max-width: 580px) 100vw, 580px\" \/><\/a>\n\t\t\t<\/div><\/figure><figure class='gallery-item'>\n\t\t\t<div class='gallery-icon landscape'>\n\t\t\t\t<a href='https:\/\/ecomuseu-corvo.cultura.azores.gov.pt\/wp-content\/uploads\/2022\/03\/tear_face.jpg' title=\"\" data-rl_title=\"\" class=\"rl-gallery-link\" data-rl_caption=\"\" data-rel=\"lightbox-gallery-1\"><img loading=\"lazy\" decoding=\"async\" width=\"580\" height=\"410\" src=\"https:\/\/ecomuseu-corvo.cultura.azores.gov.pt\/wp-content\/uploads\/2022\/03\/tear_face.jpg\" class=\"attachment-large size-large\" alt=\"\" srcset=\"https:\/\/ecomuseu-corvo.cultura.azores.gov.pt\/wp-content\/uploads\/2022\/03\/tear_face.jpg 600w, https:\/\/ecomuseu-corvo.cultura.azores.gov.pt\/wp-content\/uploads\/2022\/03\/tear_face-300x212.jpg 300w, https:\/\/ecomuseu-corvo.cultura.azores.gov.pt\/wp-content\/uploads\/2022\/03\/tear_face-18x12.jpg 18w\" sizes=\"auto, (max-width: 580px) 100vw, 580px\" \/><\/a>\n\t\t\t<\/div><\/figure>\n\t\t<\/div>","protected":false},"excerpt":{"rendered":"<p>O Ecomuseu do Corvo, atrav\u00e9s do Centro do Patrim\u00f3nio M\u00f3vel, Imaterial e Arqueol\u00f3gico dos A\u00e7ores e da Dire\u00e7\u00e3o Regional da Cultura est\u00e1 a promover, entre os dias 13 a 25 [&hellip;]<\/p>\n","protected":false},"author":3,"featured_media":769,"template":"","meta":{"_tribe_events_status":"","_tribe_events_status_reason":"","footnotes":""},"tags":[],"tribe_events_cat":[33],"class_list":["post-765","tribe_events","type-tribe_events","status-publish","has-post-thumbnail","hentry","tribe_events_cat-patrimonio","cat_patrimonio"],"_links":{"self":[{"href":"https:\/\/ecomuseu-corvo.cultura.azores.gov.pt\/en\/wp-json\/wp\/v2\/tribe_events\/765","targetHints":{"allow":["GET"]}}],"collection":[{"href":"https:\/\/ecomuseu-corvo.cultura.azores.gov.pt\/en\/wp-json\/wp\/v2\/tribe_events"}],"about":[{"href":"https:\/\/ecomuseu-corvo.cultura.azores.gov.pt\/en\/wp-json\/wp\/v2\/types\/tribe_events"}],"author":[{"embeddable":true,"href":"https:\/\/ecomuseu-corvo.cultura.azores.gov.pt\/en\/wp-json\/wp\/v2\/users\/3"}],"version-history":[{"count":2,"href":"https:\/\/ecomuseu-corvo.cultura.azores.gov.pt\/en\/wp-json\/wp\/v2\/tribe_events\/765\/revisions"}],"predecessor-version":[{"id":771,"href":"https:\/\/ecomuseu-corvo.cultura.azores.gov.pt\/en\/wp-json\/wp\/v2\/tribe_events\/765\/revisions\/771"}],"wp:featuredmedia":[{"embeddable":true,"href":"https:\/\/ecomuseu-corvo.cultura.azores.gov.pt\/en\/wp-json\/wp\/v2\/media\/769"}],"wp:attachment":[{"href":"https:\/\/ecomuseu-corvo.cultura.azores.gov.pt\/en\/wp-json\/wp\/v2\/media?parent=765"}],"wp:term":[{"taxonomy":"post_tag","embeddable":true,"href":"https:\/\/ecomuseu-corvo.cultura.azores.gov.pt\/en\/wp-json\/wp\/v2\/tags?post=765"},{"taxonomy":"tribe_events_cat","embeddable":true,"href":"https:\/\/ecomuseu-corvo.cultura.azores.gov.pt\/en\/wp-json\/wp\/v2\/tribe_events_cat?post=765"}],"curies":[{"name":"wp","href":"https:\/\/api.w.org\/{rel}","templated":true}]}}

1ª Campanha do Património do Corvo

<p>O Ecomuseu do Corvo, através do Centro do Património Móvel, Imaterial e Arqueológico dos Açores e da Direção Regional da Cultura está a promover, entre os dias 13 a 25 de setembro de 2021, a 1.ª Campanha do Património do Corvo.</p>
<p>No âmbito desta campanha está prevista uma atividade de sensibilização para o património arqueológico, intitulada “Arqueólogo por um dia”, destinada aos alunos do 3.º ciclo da EBS Mouzinho da Silveira.<br />
Esta será uma importante oportunidade para se sensibilizar os mais jovens para o Património envolvendo-os em ações de valorização e de salvaguarda do mesmo.</p>
<p>Serão apresentados os resultados preliminares das intervenções arqueológicas feitas na zona do Engenho e no moinho de maré do Caldeirão do Corvo. Serão, igualmente, apresentados os resultados preliminares da intervenção de conservação preventiva do tear típico do Corvo e de algumas peças ligadas à etnografia.<br />
Contamos com a presença de todos, pois o Ecomuseu do Corvo somos todos nós!</p>
<div id='gallery-1' class='gallery galleryid-765 gallery-columns-3 gallery-size-large'><figure class='gallery-item'>
			<div class='gallery-icon landscape'>
				<a href='https://ecomuseu-corvo.cultura.azores.gov.pt/wp-content/uploads/2022/03/arqueologo_por_um-dia_face.jpg' title="" data-rl_title="" class="rl-gallery-link" data-rl_caption="" data-rel="lightbox-gallery-1"><img loading="lazy" decoding="async" width="580" height="410" src="https://ecomuseu-corvo.cultura.azores.gov.pt/wp-content/uploads/2022/03/arqueologo_por_um-dia_face.jpg" class="attachment-large size-large" alt="" srcset="https://ecomuseu-corvo.cultura.azores.gov.pt/wp-content/uploads/2022/03/arqueologo_por_um-dia_face.jpg 600w, https://ecomuseu-corvo.cultura.azores.gov.pt/wp-content/uploads/2022/03/arqueologo_por_um-dia_face-300x212.jpg 300w, https://ecomuseu-corvo.cultura.azores.gov.pt/wp-content/uploads/2022/03/arqueologo_por_um-dia_face-18x12.jpg 18w" sizes="auto, (max-width: 580px) 100vw, 580px" /></a>
			</div></figure><figure class='gallery-item'>
			<div class='gallery-icon landscape'>
				<a href='https://ecomuseu-corvo.cultura.azores.gov.pt/wp-content/uploads/2022/03/sensibilizacao-patrimonial.jpg' title="" data-rl_title="" class="rl-gallery-link" data-rl_caption="" data-rel="lightbox-gallery-1"><img loading="lazy" decoding="async" width="580" height="410" src="https://ecomuseu-corvo.cultura.azores.gov.pt/wp-content/uploads/2022/03/sensibilizacao-patrimonial.jpg" class="attachment-large size-large" alt="" srcset="https://ecomuseu-corvo.cultura.azores.gov.pt/wp-content/uploads/2022/03/sensibilizacao-patrimonial.jpg 600w, https://ecomuseu-corvo.cultura.azores.gov.pt/wp-content/uploads/2022/03/sensibilizacao-patrimonial-300x212.jpg 300w, https://ecomuseu-corvo.cultura.azores.gov.pt/wp-content/uploads/2022/03/sensibilizacao-patrimonial-18x12.jpg 18w" sizes="auto, (max-width: 580px) 100vw, 580px" /></a>
			</div></figure><figure class='gallery-item'>
			<div class='gallery-icon landscape'>
				<a href='https://ecomuseu-corvo.cultura.azores.gov.pt/wp-content/uploads/2022/03/tear_face.jpg' title="" data-rl_title="" class="rl-gallery-link" data-rl_caption="" data-rel="lightbox-gallery-1"><img loading="lazy" decoding="async" width="580" height="410" src="https://ecomuseu-corvo.cultura.azores.gov.pt/wp-content/uploads/2022/03/tear_face.jpg" class="attachment-large size-large" alt="" srcset="https://ecomuseu-corvo.cultura.azores.gov.pt/wp-content/uploads/2022/03/tear_face.jpg 600w, https://ecomuseu-corvo.cultura.azores.gov.pt/wp-content/uploads/2022/03/tear_face-300x212.jpg 300w, https://ecomuseu-corvo.cultura.azores.gov.pt/wp-content/uploads/2022/03/tear_face-18x12.jpg 18w" sizes="auto, (max-width: 580px) 100vw, 580px" /></a>
			</div></figure>
		</div>

<p>O Ecomuseu do Corvo, através do Centro do Património Móvel, Imaterial e Arqueológico dos Açores e da Direção Regional da Cultura está a promover, entre os dias 13 a 25 [&hellip;]</p>
