{"id":651,"date":"2021-06-24T15:03:49","date_gmt":"2021-06-24T15:03:49","guid":{"rendered":"https:\/\/ecomuseu-corvo.cultura.azores.gov.pt\/?post_type=tribe_events&#038;p=651"},"modified":"2022-03-08T15:12:52","modified_gmt":"2022-03-08T16:12:52","slug":"apresentacao-do-livro-ultramar-na-pele","status":"publish","type":"tribe_events","link":"https:\/\/ecomuseu-corvo.cultura.azores.gov.pt\/en\/evento\/apresentacao-do-livro-ultramar-na-pele\/","title":{"rendered":"Apresenta\u00e7\u00e3o do livro &#8220;Ultramar na Pele&#8221;"},"content":{"rendered":"<p>No pr\u00f3ximo dia 1 de julho o Ecomuseu do Corvo ir\u00e1 promover a apresenta\u00e7\u00e3o do livro \u201cUltramar na Pele\u201d da autoria de Diana Gomes com fotos de Rui Caria.<br \/>\nEste evento insere-se nas celebra\u00e7\u00f5es do 1 de julho e ir\u00e1 decorrer no Espa\u00e7o Cultural Multiusos do Corvo, pelas 18h00.<\/p>\n<p>O livro retrata a Guerra Colonial. Para a autora Diana Gomes, al\u00e9m das hist\u00f3rias e lembran\u00e7as tr\u00e1gicas, este conflito deixou uma heran\u00e7a marcada na pele dos combatentes: as tatuagens do Ultramar. Estas tatuagens s\u00e3o registos feitos no corpo pelos soldados pelas mais diferentes raz\u00f5es, mas que, na interpreta\u00e7\u00e3o da autora, s\u00e3o o \u201cdenominador comum de aus\u00eancia de paz\u201d. (\u2026) \u201cA longevidade dos que as carregam garantem, por enquanto, a sua exist\u00eancia, mas um dia extinguir-se-\u00e3o. As tatuagens do Ultramar s\u00e3o f\u00e1ceis de identificar pela simplicidade do seu tra\u00e7o e escrita. S\u00e3o marcas que identificam lugares, datas e sentimentos. Muitas tamb\u00e9m tentam ilustrar, nas imagens, os epis\u00f3dios do que l\u00e1 se viveu\u201d.<\/p>\n<p>O livro, ilustrado com fotos de Rui Caria, \u00e9 um testemunho e um registo feito numa perspetiva diferente da habitual. As tatuagens s\u00e3o uma \u201crepresenta\u00e7\u00e3o da guerra, da ansiedade, do medo, da esperan\u00e7a, da saudade, da fam\u00edlia e dos amores que viviam em espera\u201d. Na pele eram gravadas \u201csereias, coqueiros, palhotas, \u00e2ncoras, cora\u00e7\u00f5es com setas, nomes de namoradas, cruzes, palavras de amor, caravelas e muitas vezes a palavra m\u00e3e\u201d.<\/p>","protected":false},"excerpt":{"rendered":"<p>No pr\u00f3ximo dia 1 de julho o Ecomuseu do Corvo ir\u00e1 promover a apresenta\u00e7\u00e3o do livro \u201cUltramar na Pele\u201d da autoria de Diana Gomes com fotos de Rui Caria. Este [&hellip;]<\/p>\n","protected":false},"author":3,"featured_media":652,"template":"","meta":{"_tribe_events_status":"","_tribe_events_status_reason":"","footnotes":""},"tags":[],"tribe_events_cat":[29],"class_list":["post-651","tribe_events","type-tribe_events","status-publish","has-post-thumbnail","hentry","tribe_events_cat-lancamento-de-livros","cat_lancamento-de-livros"],"_links":{"self":[{"href":"https:\/\/ecomuseu-corvo.cultura.azores.gov.pt\/en\/wp-json\/wp\/v2\/tribe_events\/651","targetHints":{"allow":["GET"]}}],"collection":[{"href":"https:\/\/ecomuseu-corvo.cultura.azores.gov.pt\/en\/wp-json\/wp\/v2\/tribe_events"}],"about":[{"href":"https:\/\/ecomuseu-corvo.cultura.azores.gov.pt\/en\/wp-json\/wp\/v2\/types\/tribe_events"}],"author":[{"embeddable":true,"href":"https:\/\/ecomuseu-corvo.cultura.azores.gov.pt\/en\/wp-json\/wp\/v2\/users\/3"}],"version-history":[{"count":1,"href":"https:\/\/ecomuseu-corvo.cultura.azores.gov.pt\/en\/wp-json\/wp\/v2\/tribe_events\/651\/revisions"}],"predecessor-version":[{"id":653,"href":"https:\/\/ecomuseu-corvo.cultura.azores.gov.pt\/en\/wp-json\/wp\/v2\/tribe_events\/651\/revisions\/653"}],"wp:featuredmedia":[{"embeddable":true,"href":"https:\/\/ecomuseu-corvo.cultura.azores.gov.pt\/en\/wp-json\/wp\/v2\/media\/652"}],"wp:attachment":[{"href":"https:\/\/ecomuseu-corvo.cultura.azores.gov.pt\/en\/wp-json\/wp\/v2\/media?parent=651"}],"wp:term":[{"taxonomy":"post_tag","embeddable":true,"href":"https:\/\/ecomuseu-corvo.cultura.azores.gov.pt\/en\/wp-json\/wp\/v2\/tags?post=651"},{"taxonomy":"tribe_events_cat","embeddable":true,"href":"https:\/\/ecomuseu-corvo.cultura.azores.gov.pt\/en\/wp-json\/wp\/v2\/tribe_events_cat?post=651"}],"curies":[{"name":"wp","href":"https:\/\/api.w.org\/{rel}","templated":true}]}}

Apresentação do livro &#8220;Ultramar na Pele&#8221;

<p>No próximo dia 1 de julho o Ecomuseu do Corvo irá promover a apresentação do livro “Ultramar na Pele” da autoria de Diana Gomes com fotos de Rui Caria.<br />
Este evento insere-se nas celebrações do 1 de julho e irá decorrer no Espaço Cultural Multiusos do Corvo, pelas 18h00.</p>
<p>O livro retrata a Guerra Colonial. Para a autora Diana Gomes, além das histórias e lembranças trágicas, este conflito deixou uma herança marcada na pele dos combatentes: as tatuagens do Ultramar. Estas tatuagens são registos feitos no corpo pelos soldados pelas mais diferentes razões, mas que, na interpretação da autora, são o “denominador comum de ausência de paz”. (…) “A longevidade dos que as carregam garantem, por enquanto, a sua existência, mas um dia extinguir-se-ão. As tatuagens do Ultramar são fáceis de identificar pela simplicidade do seu traço e escrita. São marcas que identificam lugares, datas e sentimentos. Muitas também tentam ilustrar, nas imagens, os episódios do que lá se viveu”.</p>
<p>O livro, ilustrado com fotos de Rui Caria, é um testemunho e um registo feito numa perspetiva diferente da habitual. As tatuagens são uma “representação da guerra, da ansiedade, do medo, da esperança, da saudade, da família e dos amores que viviam em espera”. Na pele eram gravadas “sereias, coqueiros, palhotas, âncoras, corações com setas, nomes de namoradas, cruzes, palavras de amor, caravelas e muitas vezes a palavra mãe”.</p>

<p>No próximo dia 1 de julho o Ecomuseu do Corvo irá promover a apresentação do livro “Ultramar na Pele” da autoria de Diana Gomes com fotos de Rui Caria. Este [&hellip;]</p>
