{"id":649,"date":"2021-08-09T14:10:32","date_gmt":"2021-08-09T14:10:32","guid":{"rendered":"https:\/\/ecomuseu-corvo.cultura.azores.gov.pt\/?post_type=tribe_events&#038;p=649"},"modified":"2022-03-10T14:19:59","modified_gmt":"2022-03-10T15:19:59","slug":"1-a-feira-do-livro-do-ecomuseu-do-corvo","status":"publish","type":"tribe_events","link":"https:\/\/ecomuseu-corvo.cultura.azores.gov.pt\/en\/evento\/1-a-feira-do-livro-do-ecomuseu-do-corvo\/","title":{"rendered":"1.\u00aa Feira do Livro do Ecomuseu do Corvo"},"content":{"rendered":"<p>Em articula\u00e7\u00e3o com os objetivos do Plano Regional de Leitura o Ecomuseu do Corvo ir\u00e1 prolongar, durante o m\u00eas de setembro, a 1.\u00aa Feira do Livro do Ecomuseu. Pretende-se com esta a\u00e7\u00e3o popularizar o livro tornando-o um instrumento de acesso \u00e0 informa\u00e7\u00e3o e ao conhecimento, incentivando-se \u00e0 leitura. Com a realiza\u00e7\u00e3o da 1.\u00aa Feira do Livro do Ecomuseu pretende-se, ainda, garantir o acesso aos livros oferecendo-se, assim, a oportunidade de ampliar a cultura e o conhecimento por meio do lazer e do entretenimento.<\/p>\n<p>&#8212;&#8212;&#8212;&#8212;&#8212;&#8212;&#8212;&#8212;&#8212;&#8212;&#8212;- \/\/ &#8212;&#8212;&#8212;&#8212;&#8212;&#8212;&#8212;&#8212;&#8212;&#8212;&#8212;&#8212;&#8212;&#8212;&#8212;&#8212;-<\/p>\n<p>Ir\u00e1 decorrer, a partir das 14h30 do dia 01 de dezembro de 2021, no Multiusos do Corvo a 1.\u00aa edi\u00e7\u00e3o da Feira do Livro de Natal do Ecomuseu.<\/p>\n<p>Temos descontos especiais de Natal!<\/p>\n<p>Este Natal ofere\u00e7a livros! Os livros abrem as portas da nossa imagina\u00e7\u00e3o, d\u00e3o-nos a m\u00e3o por universos m\u00e1gicos, ajudam-nos a pensar e a escrever, n\u00e3o precisam de baterias e est\u00e3o sempre dispon\u00edveis.<\/p>\n<p><img loading=\"lazy\" decoding=\"async\" class=\"alignleft wp-image-763 size-full\" src=\"https:\/\/ecomuseu-corvo.cultura.azores.gov.pt\/wp-content\/uploads\/2022\/03\/feira-do-livro_natal.png\" alt=\"\" width=\"600\" height=\"424\" srcset=\"https:\/\/ecomuseu-corvo.cultura.azores.gov.pt\/wp-content\/uploads\/2022\/03\/feira-do-livro_natal.png 600w, https:\/\/ecomuseu-corvo.cultura.azores.gov.pt\/wp-content\/uploads\/2022\/03\/feira-do-livro_natal-300x212.png 300w, https:\/\/ecomuseu-corvo.cultura.azores.gov.pt\/wp-content\/uploads\/2022\/03\/feira-do-livro_natal-18x12.png 18w\" sizes=\"auto, (max-width: 600px) 100vw, 600px\" \/><\/p>","protected":false},"excerpt":{"rendered":"<p>Em articula\u00e7\u00e3o com os objetivos do Plano Regional de Leitura o Ecomuseu do Corvo ir\u00e1 prolongar, durante o m\u00eas de setembro, a 1.\u00aa Feira do Livro do Ecomuseu. Pretende-se com [&hellip;]<\/p>\n","protected":false},"author":3,"featured_media":762,"template":"","meta":{"_tribe_events_status":"","_tribe_events_status_reason":"","footnotes":""},"tags":[],"tribe_events_cat":[32],"class_list":["post-649","tribe_events","type-tribe_events","status-publish","has-post-thumbnail","hentry","tribe_events_cat-feira-do-livro","cat_feira-do-livro"],"_links":{"self":[{"href":"https:\/\/ecomuseu-corvo.cultura.azores.gov.pt\/en\/wp-json\/wp\/v2\/tribe_events\/649","targetHints":{"allow":["GET"]}}],"collection":[{"href":"https:\/\/ecomuseu-corvo.cultura.azores.gov.pt\/en\/wp-json\/wp\/v2\/tribe_events"}],"about":[{"href":"https:\/\/ecomuseu-corvo.cultura.azores.gov.pt\/en\/wp-json\/wp\/v2\/types\/tribe_events"}],"author":[{"embeddable":true,"href":"https:\/\/ecomuseu-corvo.cultura.azores.gov.pt\/en\/wp-json\/wp\/v2\/users\/3"}],"version-history":[{"count":1,"href":"https:\/\/ecomuseu-corvo.cultura.azores.gov.pt\/en\/wp-json\/wp\/v2\/tribe_events\/649\/revisions"}],"predecessor-version":[{"id":764,"href":"https:\/\/ecomuseu-corvo.cultura.azores.gov.pt\/en\/wp-json\/wp\/v2\/tribe_events\/649\/revisions\/764"}],"wp:featuredmedia":[{"embeddable":true,"href":"https:\/\/ecomuseu-corvo.cultura.azores.gov.pt\/en\/wp-json\/wp\/v2\/media\/762"}],"wp:attachment":[{"href":"https:\/\/ecomuseu-corvo.cultura.azores.gov.pt\/en\/wp-json\/wp\/v2\/media?parent=649"}],"wp:term":[{"taxonomy":"post_tag","embeddable":true,"href":"https:\/\/ecomuseu-corvo.cultura.azores.gov.pt\/en\/wp-json\/wp\/v2\/tags?post=649"},{"taxonomy":"tribe_events_cat","embeddable":true,"href":"https:\/\/ecomuseu-corvo.cultura.azores.gov.pt\/en\/wp-json\/wp\/v2\/tribe_events_cat?post=649"}],"curies":[{"name":"wp","href":"https:\/\/api.w.org\/{rel}","templated":true}]}}

1.ª Feira do Livro do Ecomuseu do Corvo

<p>Em articulação com os objetivos do Plano Regional de Leitura o Ecomuseu do Corvo irá prolongar, durante o mês de setembro, a 1.ª Feira do Livro do Ecomuseu. Pretende-se com esta ação popularizar o livro tornando-o um instrumento de acesso à informação e ao conhecimento, incentivando-se à leitura. Com a realização da 1.ª Feira do Livro do Ecomuseu pretende-se, ainda, garantir o acesso aos livros oferecendo-se, assim, a oportunidade de ampliar a cultura e o conhecimento por meio do lazer e do entretenimento.</p>
<p>&#8212;&#8212;&#8212;&#8212;&#8212;&#8212;&#8212;&#8212;&#8212;&#8212;&#8212;- // &#8212;&#8212;&#8212;&#8212;&#8212;&#8212;&#8212;&#8212;&#8212;&#8212;&#8212;&#8212;&#8212;&#8212;&#8212;&#8212;-</p>
<p>Irá decorrer, a partir das 14h30 do dia 01 de dezembro de 2021, no Multiusos do Corvo a 1.ª edição da Feira do Livro de Natal do Ecomuseu.</p>
<p>Temos descontos especiais de Natal!</p>
<p>Este Natal ofereça livros! Os livros abrem as portas da nossa imaginação, dão-nos a mão por universos mágicos, ajudam-nos a pensar e a escrever, não precisam de baterias e estão sempre disponíveis.</p>
<p><img loading="lazy" decoding="async" class="alignleft wp-image-763 size-full" src="https://ecomuseu-corvo.cultura.azores.gov.pt/wp-content/uploads/2022/03/feira-do-livro_natal.png" alt="" width="600" height="424" srcset="https://ecomuseu-corvo.cultura.azores.gov.pt/wp-content/uploads/2022/03/feira-do-livro_natal.png 600w, https://ecomuseu-corvo.cultura.azores.gov.pt/wp-content/uploads/2022/03/feira-do-livro_natal-300x212.png 300w, https://ecomuseu-corvo.cultura.azores.gov.pt/wp-content/uploads/2022/03/feira-do-livro_natal-18x12.png 18w" sizes="auto, (max-width: 600px) 100vw, 600px" /></p>

<p>Em articulação com os objetivos do Plano Regional de Leitura o Ecomuseu do Corvo irá prolongar, durante o mês de setembro, a 1.ª Feira do Livro do Ecomuseu. Pretende-se com [&hellip;]</p>
