{"id":646,"date":"2021-04-02T14:39:50","date_gmt":"2021-04-02T14:39:50","guid":{"rendered":"https:\/\/ecomuseu-corvo.cultura.azores.gov.pt\/?post_type=tribe_events&#038;p=646"},"modified":"2022-03-08T14:48:26","modified_gmt":"2022-03-08T15:48:26","slug":"exposicao-acores-silencio-e-ser","status":"publish","type":"tribe_events","link":"https:\/\/ecomuseu-corvo.cultura.azores.gov.pt\/en\/evento\/exposicao-acores-silencio-e-ser\/","title":{"rendered":"Exposi\u00e7\u00e3o \u201cA\u00e7ores: Sil\u00eancio e Ser\u201d"},"content":{"rendered":"<p>Encontrar-se-\u00e1 patente no Centro Cultural Multiusos do Corvo a exposi\u00e7\u00e3o \u201cA\u00e7ores: Sil\u00eancio e Ser\u201d da autoria de Jorge Barros.<br \/>\nEsta exposi\u00e7\u00e3o, organizada pela ALRAA, com a colabora\u00e7\u00e3o do Ecomuseu do Corvo, ficar\u00e1 patente durante os pr\u00f3ximos tr\u00eas meses e pode ser visitada de ter\u00e7a a sexta-feira, das 11h30 \u00e0s 12h30 e das 16h30 \u00e0s 17h30.<br \/>\nA mesma retrata a interpreta\u00e7\u00e3o de Jorge Barros sobre a obra de Ra\u00fal Brand\u00e3o: \u201cAs Ilhas Desconhecidas Notas e Paisagens\u201d.<\/p>\n<p>A exposi\u00e7\u00e3o fotogr\u00e1fica espelha, de forma \u00fanica, a paisagem natural e as viv\u00eancias das nove ilhas do arquip\u00e9lago captadas, entre 2008 a 2011, por Jorge Barros durante as suas visitas aos A\u00e7ores.<\/p>\n<p>Jorge Barros \u00e9 um conceituado fot\u00f3grafo, natural de Alcoba\u00e7a, cujo trabalho se encontra reproduzido em diversas publica\u00e7\u00f5es, sendo frequentemente associado a textos de autores de reconhecido m\u00e9rito.<\/p>","protected":false},"excerpt":{"rendered":"<p>Encontrar-se-\u00e1 patente no Centro Cultural Multiusos do Corvo a exposi\u00e7\u00e3o \u201cA\u00e7ores: Sil\u00eancio e Ser\u201d da autoria de Jorge Barros. Esta exposi\u00e7\u00e3o, organizada pela ALRAA, com a colabora\u00e7\u00e3o do Ecomuseu do [&hellip;]<\/p>\n","protected":false},"author":3,"featured_media":647,"template":"","meta":{"_tribe_events_status":"","_tribe_events_status_reason":"","footnotes":""},"tags":[],"tribe_events_cat":[23],"class_list":["post-646","tribe_events","type-tribe_events","status-publish","has-post-thumbnail","hentry","tribe_events_cat-exposicoes","cat_exposicoes"],"_links":{"self":[{"href":"https:\/\/ecomuseu-corvo.cultura.azores.gov.pt\/en\/wp-json\/wp\/v2\/tribe_events\/646","targetHints":{"allow":["GET"]}}],"collection":[{"href":"https:\/\/ecomuseu-corvo.cultura.azores.gov.pt\/en\/wp-json\/wp\/v2\/tribe_events"}],"about":[{"href":"https:\/\/ecomuseu-corvo.cultura.azores.gov.pt\/en\/wp-json\/wp\/v2\/types\/tribe_events"}],"author":[{"embeddable":true,"href":"https:\/\/ecomuseu-corvo.cultura.azores.gov.pt\/en\/wp-json\/wp\/v2\/users\/3"}],"version-history":[{"count":1,"href":"https:\/\/ecomuseu-corvo.cultura.azores.gov.pt\/en\/wp-json\/wp\/v2\/tribe_events\/646\/revisions"}],"predecessor-version":[{"id":648,"href":"https:\/\/ecomuseu-corvo.cultura.azores.gov.pt\/en\/wp-json\/wp\/v2\/tribe_events\/646\/revisions\/648"}],"wp:featuredmedia":[{"embeddable":true,"href":"https:\/\/ecomuseu-corvo.cultura.azores.gov.pt\/en\/wp-json\/wp\/v2\/media\/647"}],"wp:attachment":[{"href":"https:\/\/ecomuseu-corvo.cultura.azores.gov.pt\/en\/wp-json\/wp\/v2\/media?parent=646"}],"wp:term":[{"taxonomy":"post_tag","embeddable":true,"href":"https:\/\/ecomuseu-corvo.cultura.azores.gov.pt\/en\/wp-json\/wp\/v2\/tags?post=646"},{"taxonomy":"tribe_events_cat","embeddable":true,"href":"https:\/\/ecomuseu-corvo.cultura.azores.gov.pt\/en\/wp-json\/wp\/v2\/tribe_events_cat?post=646"}],"curies":[{"name":"wp","href":"https:\/\/api.w.org\/{rel}","templated":true}]}}

Exposição “Açores: Silêncio e Ser”

<p>Encontrar-se-á patente no Centro Cultural Multiusos do Corvo a exposição “Açores: Silêncio e Ser” da autoria de Jorge Barros.<br />
Esta exposição, organizada pela ALRAA, com a colaboração do Ecomuseu do Corvo, ficará patente durante os próximos três meses e pode ser visitada de terça a sexta-feira, das 11h30 às 12h30 e das 16h30 às 17h30.<br />
A mesma retrata a interpretação de Jorge Barros sobre a obra de Raúl Brandão: “As Ilhas Desconhecidas Notas e Paisagens”.</p>
<p>A exposição fotográfica espelha, de forma única, a paisagem natural e as vivências das nove ilhas do arquipélago captadas, entre 2008 a 2011, por Jorge Barros durante as suas visitas aos Açores.</p>
<p>Jorge Barros é um conceituado fotógrafo, natural de Alcobaça, cujo trabalho se encontra reproduzido em diversas publicações, sendo frequentemente associado a textos de autores de reconhecido mérito.</p>

<p>Encontrar-se-á patente no Centro Cultural Multiusos do Corvo a exposição “Açores: Silêncio e Ser” da autoria de Jorge Barros. Esta exposição, organizada pela ALRAA, com a colaboração do Ecomuseu do [&hellip;]</p>
