{"id":5223,"date":"2026-04-20T11:56:03","date_gmt":"2026-04-20T11:56:03","guid":{"rendered":"https:\/\/ecomuseu-corvo.cultura.azores.gov.pt\/?post_type=tribe_events&#038;p=5223"},"modified":"2026-04-20T12:12:50","modified_gmt":"2026-04-20T12:12:50","slug":"encontros-com-memoria-6","status":"publish","type":"tribe_events","link":"https:\/\/ecomuseu-corvo.cultura.azores.gov.pt\/en\/evento\/encontros-com-memoria-6\/","title":{"rendered":"Encontros com Mem\u00f3ria"},"content":{"rendered":"<div class=\"xdj266r x14z9mp xat24cr x1lziwak x1vvkbs x126k92a\">No \u00e2mbito da continuidade da atividade mensal \u201cEncontros com Mem\u00f3ria\u201d, o Ecomuseu do Corvo realizar\u00e1, no dia 23 de abril, em articula\u00e7\u00e3o com a Santa Casa da Miseric\u00f3rdia do Corvo, mais um encontro desta iniciativa, que visa promover a inclus\u00e3o, a participa\u00e7\u00e3o ativa e a valoriza\u00e7\u00e3o dos mais velhos na vida cultural da ilha.<br \/>\nEsta a\u00e7\u00e3o reafirma o compromisso do Ecomuseu com a integra\u00e7\u00e3o da popula\u00e7\u00e3o s\u00e9nior, reconhecendo o seu papel fundamental enquanto detentora de saberes, mem\u00f3rias e viv\u00eancias essenciais \u00e0 preserva\u00e7\u00e3o da identidade e do patrim\u00f3nio corvino.<br \/>\nA sess\u00e3o deste m\u00eas ser\u00e1 dedicada aos Moinhos de Vento e \u00e0 moagem, destacando a import\u00e2ncia destes elementos na hist\u00f3ria, cultura e patrim\u00f3nio do Corvo, num momento de partilha intergeracional e de constru\u00e7\u00e3o coletiva da mem\u00f3ria local.<\/div>","protected":false},"excerpt":{"rendered":"<p>No \u00e2mbito da continuidade da atividade mensal \u201cEncontros com Mem\u00f3ria\u201d, o Ecomuseu do Corvo realizar\u00e1, no dia 23 de abril, em articula\u00e7\u00e3o com a Santa Casa da Miseric\u00f3rdia do Corvo, [&hellip;]<\/p>\n","protected":false},"author":12,"featured_media":5062,"template":"","meta":{"_tribe_events_status":"","_tribe_events_status_reason":"","footnotes":""},"tags":[],"tribe_events_cat":[66,60],"class_list":["post-5223","tribe_events","type-tribe_events","status-publish","has-post-thumbnail","hentry","tribe_events_cat-encontros-com-memoria","tribe_events_cat-projeto-social","cat_encontros-com-memoria","cat_projeto-social"],"_links":{"self":[{"href":"https:\/\/ecomuseu-corvo.cultura.azores.gov.pt\/en\/wp-json\/wp\/v2\/tribe_events\/5223","targetHints":{"allow":["GET"]}}],"collection":[{"href":"https:\/\/ecomuseu-corvo.cultura.azores.gov.pt\/en\/wp-json\/wp\/v2\/tribe_events"}],"about":[{"href":"https:\/\/ecomuseu-corvo.cultura.azores.gov.pt\/en\/wp-json\/wp\/v2\/types\/tribe_events"}],"author":[{"embeddable":true,"href":"https:\/\/ecomuseu-corvo.cultura.azores.gov.pt\/en\/wp-json\/wp\/v2\/users\/12"}],"version-history":[{"count":2,"href":"https:\/\/ecomuseu-corvo.cultura.azores.gov.pt\/en\/wp-json\/wp\/v2\/tribe_events\/5223\/revisions"}],"predecessor-version":[{"id":5231,"href":"https:\/\/ecomuseu-corvo.cultura.azores.gov.pt\/en\/wp-json\/wp\/v2\/tribe_events\/5223\/revisions\/5231"}],"wp:featuredmedia":[{"embeddable":true,"href":"https:\/\/ecomuseu-corvo.cultura.azores.gov.pt\/en\/wp-json\/wp\/v2\/media\/5062"}],"wp:attachment":[{"href":"https:\/\/ecomuseu-corvo.cultura.azores.gov.pt\/en\/wp-json\/wp\/v2\/media?parent=5223"}],"wp:term":[{"taxonomy":"post_tag","embeddable":true,"href":"https:\/\/ecomuseu-corvo.cultura.azores.gov.pt\/en\/wp-json\/wp\/v2\/tags?post=5223"},{"taxonomy":"tribe_events_cat","embeddable":true,"href":"https:\/\/ecomuseu-corvo.cultura.azores.gov.pt\/en\/wp-json\/wp\/v2\/tribe_events_cat?post=5223"}],"curies":[{"name":"wp","href":"https:\/\/api.w.org\/{rel}","templated":true}]}}

Encontros com Memória

<div class="xdj266r x14z9mp xat24cr x1lziwak x1vvkbs x126k92a">No âmbito da continuidade da atividade mensal “Encontros com Memória”, o Ecomuseu do Corvo realizará, no dia 23 de abril, em articulação com a Santa Casa da Misericórdia do Corvo, mais um encontro desta iniciativa, que visa promover a inclusão, a participação ativa e a valorização dos mais velhos na vida cultural da ilha.<br />
Esta ação reafirma o compromisso do Ecomuseu com a integração da população sénior, reconhecendo o seu papel fundamental enquanto detentora de saberes, memórias e vivências essenciais à preservação da identidade e do património corvino.<br />
A sessão deste mês será dedicada aos Moinhos de Vento e à moagem, destacando a importância destes elementos na história, cultura e património do Corvo, num momento de partilha intergeracional e de construção coletiva da memória local.</div>

<p>No âmbito da continuidade da atividade mensal “Encontros com Memória”, o Ecomuseu do Corvo realizará, no dia 23 de abril, em articulação com a Santa Casa da Misericórdia do Corvo, [&hellip;]</p>
