{"id":5220,"date":"2026-04-14T18:17:09","date_gmt":"2026-04-14T18:17:09","guid":{"rendered":"https:\/\/ecomuseu-corvo.cultura.azores.gov.pt\/?post_type=tribe_events&#038;p=5220"},"modified":"2026-04-20T11:56:38","modified_gmt":"2026-04-20T11:56:38","slug":"celebracao-do-dia-mundial-da-terra","status":"publish","type":"tribe_events","link":"https:\/\/ecomuseu-corvo.cultura.azores.gov.pt\/en\/evento\/celebracao-do-dia-mundial-da-terra\/","title":{"rendered":"Celebra\u00e7\u00e3o do Dia Mundial da Terra"},"content":{"rendered":"<p>O Ecomuseu do Corvo assinala o Dia Mundial da Terra, celebrado anualmente a 22 de abril, antecipando a sua programa\u00e7\u00e3o local com a exibi\u00e7\u00e3o dos filmes da 3.\u00aa sess\u00e3o da Extens\u00e3o Cine\u2019Eco- Ilha do Corvo, numa iniciativa dedicada \u00e0 reflex\u00e3o ambiental atrav\u00e9s do cinema.<br \/>\nA sess\u00e3o ter\u00e1 lugar no dia 15 de abril, \u00e0s 15h30, na Casa do Tempo, e integra a exibi\u00e7\u00e3o de duas obras distinguidas:<\/p>\n<ul>\n<li>\u201cA Clawsome Tale\u201d, de Lucie Machin (Reino Unido), um document\u00e1rio de anima\u00e7\u00e3o que recebeu Men\u00e7\u00e3o Honrosa para Curta e M\u00e9dia Metragem Internacional.<\/li>\n<li>\u201cN\u00e3o Haver\u00e1 Mais Hist\u00f3ria Sem N\u00f3s\u201d, de Priscilla Brasil (Brasil), document\u00e1rio distinguido com Men\u00e7\u00e3o Honrosa do Pr\u00e9mio Camacho Costa.<br \/>\nA entrada \u00e9 gratuita, convidando toda a comunidade a participar numa celebra\u00e7\u00e3o da Terra, da sustentabilidade e da consci\u00eancia ambiental.<\/li>\n<\/ul>","protected":false},"excerpt":{"rendered":"<p>O Ecomuseu do Corvo assinala o Dia Mundial da Terra, celebrado anualmente a 22 de abril, antecipando a sua programa\u00e7\u00e3o local com a exibi\u00e7\u00e3o dos filmes da 3.\u00aa sess\u00e3o da [&hellip;]<\/p>\n","protected":false},"author":3,"featured_media":5221,"template":"","meta":{"_tribe_events_status":"","_tribe_events_status_reason":"","footnotes":""},"tags":[],"tribe_events_cat":[75],"class_list":["post-5220","tribe_events","type-tribe_events","status-publish","has-post-thumbnail","hentry","tribe_events_cat-comemoracoes","cat_comemoracoes"],"_links":{"self":[{"href":"https:\/\/ecomuseu-corvo.cultura.azores.gov.pt\/en\/wp-json\/wp\/v2\/tribe_events\/5220","targetHints":{"allow":["GET"]}}],"collection":[{"href":"https:\/\/ecomuseu-corvo.cultura.azores.gov.pt\/en\/wp-json\/wp\/v2\/tribe_events"}],"about":[{"href":"https:\/\/ecomuseu-corvo.cultura.azores.gov.pt\/en\/wp-json\/wp\/v2\/types\/tribe_events"}],"author":[{"embeddable":true,"href":"https:\/\/ecomuseu-corvo.cultura.azores.gov.pt\/en\/wp-json\/wp\/v2\/users\/3"}],"version-history":[{"count":1,"href":"https:\/\/ecomuseu-corvo.cultura.azores.gov.pt\/en\/wp-json\/wp\/v2\/tribe_events\/5220\/revisions"}],"predecessor-version":[{"id":5222,"href":"https:\/\/ecomuseu-corvo.cultura.azores.gov.pt\/en\/wp-json\/wp\/v2\/tribe_events\/5220\/revisions\/5222"}],"wp:featuredmedia":[{"embeddable":true,"href":"https:\/\/ecomuseu-corvo.cultura.azores.gov.pt\/en\/wp-json\/wp\/v2\/media\/5221"}],"wp:attachment":[{"href":"https:\/\/ecomuseu-corvo.cultura.azores.gov.pt\/en\/wp-json\/wp\/v2\/media?parent=5220"}],"wp:term":[{"taxonomy":"post_tag","embeddable":true,"href":"https:\/\/ecomuseu-corvo.cultura.azores.gov.pt\/en\/wp-json\/wp\/v2\/tags?post=5220"},{"taxonomy":"tribe_events_cat","embeddable":true,"href":"https:\/\/ecomuseu-corvo.cultura.azores.gov.pt\/en\/wp-json\/wp\/v2\/tribe_events_cat?post=5220"}],"curies":[{"name":"wp","href":"https:\/\/api.w.org\/{rel}","templated":true}]}}

Celebração do Dia Mundial da Terra

<p>O Ecomuseu do Corvo assinala o Dia Mundial da Terra, celebrado anualmente a 22 de abril, antecipando a sua programação local com a exibição dos filmes da 3.ª sessão da Extensão Cine’Eco- Ilha do Corvo, numa iniciativa dedicada à reflexão ambiental através do cinema.<br />
A sessão terá lugar no dia 15 de abril, às 15h30, na Casa do Tempo, e integra a exibição de duas obras distinguidas:</p>
<ul>
<li>“A Clawsome Tale”, de Lucie Machin (Reino Unido), um documentário de animação que recebeu Menção Honrosa para Curta e Média Metragem Internacional.</li>
<li>“Não Haverá Mais História Sem Nós”, de Priscilla Brasil (Brasil), documentário distinguido com Menção Honrosa do Prémio Camacho Costa.<br />
A entrada é gratuita, convidando toda a comunidade a participar numa celebração da Terra, da sustentabilidade e da consciência ambiental.</li>
</ul>

<p>O Ecomuseu do Corvo assinala o Dia Mundial da Terra, celebrado anualmente a 22 de abril, antecipando a sua programação local com a exibição dos filmes da 3.ª sessão da [&hellip;]</p>
