{"id":5200,"date":"2026-04-06T15:46:47","date_gmt":"2026-04-06T15:46:47","guid":{"rendered":"https:\/\/ecomuseu-corvo.cultura.azores.gov.pt\/?post_type=tribe_events&#038;p=5200"},"modified":"2026-04-20T11:57:09","modified_gmt":"2026-04-20T11:57:09","slug":"espetaculo-de-teatro-a-viagem-artificial","status":"publish","type":"tribe_events","link":"https:\/\/ecomuseu-corvo.cultura.azores.gov.pt\/en\/evento\/espetaculo-de-teatro-a-viagem-artificial\/","title":{"rendered":"Espet\u00e1culo de teatro &#8220;A viagem Artificial&#8221;"},"content":{"rendered":"<p>No pr\u00f3ximo dia 15 de abril de 2026, o Multiusos do Corvo recebe o espet\u00e1culo &#8220;A Viagem Artificial&#8221;, integrado no projeto As Ilhas Desconhecidas e promovido pela APCA \u2013 Ag\u00eancia de Promo\u00e7\u00e3o da Cultura Atl\u00e2ntica, com o apoio da Dire\u00e7\u00e3o-Geral das Artes, da C\u00e2mara Municipal do Corvo e do Ecomuseu do Corvo.<br \/>\nA cria\u00e7\u00e3o assinala dois marcos hist\u00f3ricos: os 100 anos da viagem de Raul Brand\u00e3o aos arquip\u00e9lagos dos A\u00e7ores e da Madeira, que inspirou &#8220;As Ilhas Desconhecidas&#8221;, e os 50 anos da Autonomia, celebrando a identidade e a mem\u00f3ria das ilhas.<br \/>\nA Viagem Artificial&#8221; \u00e9 um espet\u00e1culo de teatro contempor\u00e2neo inspirado na obra &#8220;As Ilhas Desconhecidas&#8221;, de Raul Brand\u00e3o, que prop\u00f5e uma reflex\u00e3o sobre os arquip\u00e9lagos atl\u00e2nticos enquanto espa\u00e7os de mem\u00f3ria, imagina\u00e7\u00e3o e constru\u00e7\u00e3o identit\u00e1ria.<br \/>\nA sess\u00e3o, para os alunos do 8.\u00ba ano, decorrer\u00e1 \u00e0s 12h00, e a apresenta\u00e7\u00e3o para o p\u00fablico em geral ter\u00e1 lugar \u00e0s 21h00, oferecendo \u00e0 comunidade corvina uma oportunidade \u00fanica de participar neste percurso art\u00edstico que atravessa todo o arquip\u00e9lago.<br \/>\nCoprodu\u00e7\u00e3o: APCA<br \/>\nTexto e encena\u00e7\u00e3o: Sara Gon\u00e7alves<br \/>\nInterpreta\u00e7\u00e3o: Edmundo Rosa<br \/>\nVoz-off: Sara Gon\u00e7alves<br \/>\nFigurino e adere\u00e7os: Rita \u00c1lvares Pereira<br \/>\nV\u00eddeos e desenho de luz: Cristina Piedade<br \/>\nAmbiente sonoro: Fernando Chain\u00e7o<br \/>\nMaiores de 12 anos.<\/p>\n<p>Apoio: Rep\u00fablica Portuguesa \u2013 Cultura, Juventude e Desporto \/ Dire\u00e7\u00e3o-Geral das Artes e Governo dos A\u00e7ores.<\/p>","protected":false},"excerpt":{"rendered":"<p>No pr\u00f3ximo dia 15 de abril de 2026, o Multiusos do Corvo recebe o espet\u00e1culo &#8220;A Viagem Artificial&#8221;, integrado no projeto As Ilhas Desconhecidas e promovido pela APCA \u2013 Ag\u00eancia [&hellip;]<\/p>\n","protected":false},"author":3,"featured_media":5201,"template":"","meta":{"_tribe_events_status":"","_tribe_events_status_reason":"","footnotes":""},"tags":[],"tribe_events_cat":[],"class_list":["post-5200","tribe_events","type-tribe_events","status-publish","has-post-thumbnail","hentry"],"_links":{"self":[{"href":"https:\/\/ecomuseu-corvo.cultura.azores.gov.pt\/en\/wp-json\/wp\/v2\/tribe_events\/5200","targetHints":{"allow":["GET"]}}],"collection":[{"href":"https:\/\/ecomuseu-corvo.cultura.azores.gov.pt\/en\/wp-json\/wp\/v2\/tribe_events"}],"about":[{"href":"https:\/\/ecomuseu-corvo.cultura.azores.gov.pt\/en\/wp-json\/wp\/v2\/types\/tribe_events"}],"author":[{"embeddable":true,"href":"https:\/\/ecomuseu-corvo.cultura.azores.gov.pt\/en\/wp-json\/wp\/v2\/users\/3"}],"version-history":[{"count":1,"href":"https:\/\/ecomuseu-corvo.cultura.azores.gov.pt\/en\/wp-json\/wp\/v2\/tribe_events\/5200\/revisions"}],"predecessor-version":[{"id":5202,"href":"https:\/\/ecomuseu-corvo.cultura.azores.gov.pt\/en\/wp-json\/wp\/v2\/tribe_events\/5200\/revisions\/5202"}],"wp:featuredmedia":[{"embeddable":true,"href":"https:\/\/ecomuseu-corvo.cultura.azores.gov.pt\/en\/wp-json\/wp\/v2\/media\/5201"}],"wp:attachment":[{"href":"https:\/\/ecomuseu-corvo.cultura.azores.gov.pt\/en\/wp-json\/wp\/v2\/media?parent=5200"}],"wp:term":[{"taxonomy":"post_tag","embeddable":true,"href":"https:\/\/ecomuseu-corvo.cultura.azores.gov.pt\/en\/wp-json\/wp\/v2\/tags?post=5200"},{"taxonomy":"tribe_events_cat","embeddable":true,"href":"https:\/\/ecomuseu-corvo.cultura.azores.gov.pt\/en\/wp-json\/wp\/v2\/tribe_events_cat?post=5200"}],"curies":[{"name":"wp","href":"https:\/\/api.w.org\/{rel}","templated":true}]}}

Espetáculo de teatro &#8220;A viagem Artificial&#8221;

<p>No próximo dia 15 de abril de 2026, o Multiusos do Corvo recebe o espetáculo &#8220;A Viagem Artificial&#8221;, integrado no projeto As Ilhas Desconhecidas e promovido pela APCA – Agência de Promoção da Cultura Atlântica, com o apoio da Direção-Geral das Artes, da Câmara Municipal do Corvo e do Ecomuseu do Corvo.<br />
A criação assinala dois marcos históricos: os 100 anos da viagem de Raul Brandão aos arquipélagos dos Açores e da Madeira, que inspirou &#8220;As Ilhas Desconhecidas&#8221;, e os 50 anos da Autonomia, celebrando a identidade e a memória das ilhas.<br />
A Viagem Artificial&#8221; é um espetáculo de teatro contemporâneo inspirado na obra &#8220;As Ilhas Desconhecidas&#8221;, de Raul Brandão, que propõe uma reflexão sobre os arquipélagos atlânticos enquanto espaços de memória, imaginação e construção identitária.<br />
A sessão, para os alunos do 8.º ano, decorrerá às 12h00, e a apresentação para o público em geral terá lugar às 21h00, oferecendo à comunidade corvina uma oportunidade única de participar neste percurso artístico que atravessa todo o arquipélago.<br />
Coprodução: APCA<br />
Texto e encenação: Sara Gonçalves<br />
Interpretação: Edmundo Rosa<br />
Voz-off: Sara Gonçalves<br />
Figurino e adereços: Rita Álvares Pereira<br />
Vídeos e desenho de luz: Cristina Piedade<br />
Ambiente sonoro: Fernando Chainço<br />
Maiores de 12 anos.</p>
<p>Apoio: República Portuguesa – Cultura, Juventude e Desporto / Direção-Geral das Artes e Governo dos Açores.</p>

<p>No próximo dia 15 de abril de 2026, o Multiusos do Corvo recebe o espetáculo &#8220;A Viagem Artificial&#8221;, integrado no projeto As Ilhas Desconhecidas e promovido pela APCA – Agência [&hellip;]</p>
