{"id":5179,"date":"2026-04-06T12:30:58","date_gmt":"2026-04-06T12:30:58","guid":{"rendered":"https:\/\/ecomuseu-corvo.cultura.azores.gov.pt\/?post_type=tribe_events&#038;p=5179"},"modified":"2026-03-30T11:52:34","modified_gmt":"2026-03-30T11:52:34","slug":"peca-do-mes-abril-2","status":"publish","type":"tribe_events","link":"https:\/\/ecomuseu-corvo.cultura.azores.gov.pt\/en\/evento\/peca-do-mes-abril-2\/","title":{"rendered":"Pe\u00e7a do M\u00eas &#8211; Abril"},"content":{"rendered":"<p>No dia 8 de abril, ser\u00e1 lan\u00e7ada a Pe\u00e7a do M\u00eas de Abril de 2026.<br \/>\nAs informa\u00e7\u00f5es quanto \u00e0 denomina\u00e7\u00e3o e fun\u00e7\u00e3o da pe\u00e7a poder\u00e3o ser dadas atrav\u00e9s da publica\u00e7\u00e3o que estar\u00e1 patente no <a href=\"https:\/\/www.facebook.com\/museudoterritorio?locale=pt_PT\"><em>facebook<\/em><\/a> do Ecomuseu do Corvo.<\/p>\n<p>Esta pe\u00e7a pertence Esta pe\u00e7a pertence ao Ecomuseu do Corvo, gra\u00e7as \u00e0 am\u00e1vel doa\u00e7\u00e3o da Sr\u00aa. Margarida Pimentel. Quem nos sabe dizer que objeto \u00e9 este e para que seria utilizado?<\/p>\n<p>A sua participa\u00e7\u00e3o \u00e9 muito importante para o trabalho que o Ecomuseu do Corvo est\u00e1 a realizar no \u00e2mbito do invent\u00e1rio participativo do patrim\u00f3nio m\u00f3vel do Corvo.<\/p>\n<p>O Ecomuseu somos todos n\u00f3s! Para acompanharem o resultado dos vossos contributos deixamos o link das informa\u00e7\u00f5es recolhidas da <a href=\"https:\/\/padlet.com\/tatianamfragata\/pe-a-do-m-s-sd9vd5npqbzulcoj?fbclid=IwY2xjawI3yLxleHRuA2FlbQIxMAABHbMlm7eEZ2v5E7FlZVNlXZAHSGTaWHfIWSOa5p6jViVG6jl6cATP3Z7CDg_aem_u6TGDk5Vpw2-FKnPMGXi5Q\"><em>Pe\u00e7a do M\u00eas<\/em><\/a>.<\/p>","protected":false},"excerpt":{"rendered":"<p>No dia 8 de abril, ser\u00e1 lan\u00e7ada a Pe\u00e7a do M\u00eas de Abril de 2026. As informa\u00e7\u00f5es quanto \u00e0 denomina\u00e7\u00e3o e fun\u00e7\u00e3o da pe\u00e7a poder\u00e3o ser dadas atrav\u00e9s da publica\u00e7\u00e3o [&hellip;]<\/p>\n","protected":false},"author":12,"featured_media":5180,"template":"","meta":{"_tribe_events_status":"","_tribe_events_status_reason":"","footnotes":""},"tags":[],"tribe_events_cat":[38],"class_list":["post-5179","tribe_events","type-tribe_events","status-publish","has-post-thumbnail","hentry","tribe_events_cat-peca-do-mes","cat_peca-do-mes"],"_links":{"self":[{"href":"https:\/\/ecomuseu-corvo.cultura.azores.gov.pt\/en\/wp-json\/wp\/v2\/tribe_events\/5179","targetHints":{"allow":["GET"]}}],"collection":[{"href":"https:\/\/ecomuseu-corvo.cultura.azores.gov.pt\/en\/wp-json\/wp\/v2\/tribe_events"}],"about":[{"href":"https:\/\/ecomuseu-corvo.cultura.azores.gov.pt\/en\/wp-json\/wp\/v2\/types\/tribe_events"}],"author":[{"embeddable":true,"href":"https:\/\/ecomuseu-corvo.cultura.azores.gov.pt\/en\/wp-json\/wp\/v2\/users\/12"}],"version-history":[{"count":1,"href":"https:\/\/ecomuseu-corvo.cultura.azores.gov.pt\/en\/wp-json\/wp\/v2\/tribe_events\/5179\/revisions"}],"predecessor-version":[{"id":5181,"href":"https:\/\/ecomuseu-corvo.cultura.azores.gov.pt\/en\/wp-json\/wp\/v2\/tribe_events\/5179\/revisions\/5181"}],"wp:featuredmedia":[{"embeddable":true,"href":"https:\/\/ecomuseu-corvo.cultura.azores.gov.pt\/en\/wp-json\/wp\/v2\/media\/5180"}],"wp:attachment":[{"href":"https:\/\/ecomuseu-corvo.cultura.azores.gov.pt\/en\/wp-json\/wp\/v2\/media?parent=5179"}],"wp:term":[{"taxonomy":"post_tag","embeddable":true,"href":"https:\/\/ecomuseu-corvo.cultura.azores.gov.pt\/en\/wp-json\/wp\/v2\/tags?post=5179"},{"taxonomy":"tribe_events_cat","embeddable":true,"href":"https:\/\/ecomuseu-corvo.cultura.azores.gov.pt\/en\/wp-json\/wp\/v2\/tribe_events_cat?post=5179"}],"curies":[{"name":"wp","href":"https:\/\/api.w.org\/{rel}","templated":true}]}}

Peça do Mês &#8211; Abril

<p>No dia 8 de abril, será lançada a Peça do Mês de Abril de 2026.<br />
As informações quanto à denominação e função da peça poderão ser dadas através da publicação que estará patente no <a href="https://www.facebook.com/museudoterritorio?locale=pt_PT"><em>facebook</em></a> do Ecomuseu do Corvo.</p>
<p>Esta peça pertence Esta peça pertence ao Ecomuseu do Corvo, graças à amável doação da Srª. Margarida Pimentel. Quem nos sabe dizer que objeto é este e para que seria utilizado?</p>
<p>A sua participação é muito importante para o trabalho que o Ecomuseu do Corvo está a realizar no âmbito do inventário participativo do património móvel do Corvo.</p>
<p>O Ecomuseu somos todos nós! Para acompanharem o resultado dos vossos contributos deixamos o link das informações recolhidas da <a href="https://padlet.com/tatianamfragata/pe-a-do-m-s-sd9vd5npqbzulcoj?fbclid=IwY2xjawI3yLxleHRuA2FlbQIxMAABHbMlm7eEZ2v5E7FlZVNlXZAHSGTaWHfIWSOa5p6jViVG6jl6cATP3Z7CDg_aem_u6TGDk5Vpw2-FKnPMGXi5Q"><em>Peça do Mês</em></a>.</p>

<p>No dia 8 de abril, será lançada a Peça do Mês de Abril de 2026. As informações quanto à denominação e função da peça poderão ser dadas através da publicação [&hellip;]</p>
