{"id":5170,"date":"2026-04-03T12:30:11","date_gmt":"2026-04-03T12:30:11","guid":{"rendered":"https:\/\/ecomuseu-corvo.cultura.azores.gov.pt\/?post_type=tribe_events&#038;p=5170"},"modified":"2026-03-30T11:55:18","modified_gmt":"2026-03-30T11:55:18","slug":"desafio-falar-corvino-26","status":"publish","type":"tribe_events","link":"https:\/\/ecomuseu-corvo.cultura.azores.gov.pt\/en\/evento\/desafio-falar-corvino-26\/","title":{"rendered":"Desafio &#8220;Falar Corvino&#8221;"},"content":{"rendered":"<div class=\"x14z9mp xat24cr x1lziwak x1vvkbs xtlvy1s x126k92a\">\n<div dir=\"auto\" style=\"text-align: left;\">No dia 6 de abril, ser\u00e1 lan\u00e7ado um novo desafio &#8220;Falar Corvino&#8221;.<br \/>\nAs sugest\u00f5es quanto ao significado da palavra ou express\u00e3o ser\u00e3o dadas atrav\u00e9s da publica\u00e7\u00e3o que estar\u00e1 patente no <a href=\"https:\/\/www.facebook.com\/museudoterritorio?locale=pt_PT\"><em>facebook<\/em><\/a> do Ecomuseu do Corvo.<\/div>\n<div dir=\"auto\" style=\"text-align: left;\"><\/div>\n<div dir=\"auto\" style=\"text-align: left;\">O Ecomuseu do Corvo agradece, desde j\u00e1, todos os contributos e testemunhos que t\u00eam sido partilhados na identifica\u00e7\u00e3o do l\u00e9xico t\u00edpico corvino. A vossa participa\u00e7\u00e3o tem sido fundamental para a valoriza\u00e7\u00e3o e preserva\u00e7\u00e3o deste patrim\u00f3nio.<\/div>\n<div dir=\"auto\"><\/div>\n<\/div>\n<div class=\"x14z9mp xat24cr x1lziwak x1vvkbs xtlvy1s x126k92a\" style=\"text-align: left;\">\n<div dir=\"auto\">No entanto, atendendo \u00e0 j\u00e1 reduzida quantidade de termos corvinos dispon\u00edveis para apresenta\u00e7\u00e3o, informamos que, a partir de abril de 2026, o desafio passar\u00e1 a ter uma periodicidade quinzenal, em vez de semanal.<\/div>\n<div dir=\"auto\"><\/div>\n<\/div>\n<div class=\"x14z9mp xat24cr x1lziwak x1vvkbs xtlvy1s x126k92a\">\n<div dir=\"auto\" style=\"text-align: left;\">Contamos com a vossa compreens\u00e3o e continuamos a aguardar as vossas sugest\u00f5es.<\/div>\n<\/div>\n<div dir=\"auto\"><\/div>\n<div dir=\"auto\">Para acompanharem o resultado das vossas sugest\u00f5es deixamos o <em>link<\/em> <a href=\"https:\/\/padlet.com\/Ecomuseu\/gloss-rio-falar-corvino-5zdomsu4rcejijqy?fbclid=IwY2xjawIhZRdleHRuA2FlbQIxMAABHZuX5ukVLyc34J5KipEte1cZocLgJM55-eID_2kMJ4506jAsZ1cIi0RGKw_aem_-_XTBdUqn2b3g1iFVn3RtA\" target=\"_blank\" rel=\"noopener\">do gloss\u00e1rio &#8220;Falar Corvino&#8221;.<\/a><\/div>","protected":false},"excerpt":{"rendered":"<p>No dia 6 de abril, ser\u00e1 lan\u00e7ado um novo desafio &#8220;Falar Corvino&#8221;. As sugest\u00f5es quanto ao significado da palavra ou express\u00e3o ser\u00e3o dadas atrav\u00e9s da publica\u00e7\u00e3o que estar\u00e1 patente no [&hellip;]<\/p>\n","protected":false},"author":12,"featured_media":5171,"template":"","meta":{"_tribe_events_status":"","_tribe_events_status_reason":"","footnotes":""},"tags":[],"tribe_events_cat":[37,65],"class_list":["post-5170","tribe_events","type-tribe_events","status-publish","has-post-thumbnail","hentry","tribe_events_cat-falar-corvino","tribe_events_cat-patrimonio-imaterial","cat_falar-corvino","cat_patrimonio-imaterial"],"_links":{"self":[{"href":"https:\/\/ecomuseu-corvo.cultura.azores.gov.pt\/en\/wp-json\/wp\/v2\/tribe_events\/5170","targetHints":{"allow":["GET"]}}],"collection":[{"href":"https:\/\/ecomuseu-corvo.cultura.azores.gov.pt\/en\/wp-json\/wp\/v2\/tribe_events"}],"about":[{"href":"https:\/\/ecomuseu-corvo.cultura.azores.gov.pt\/en\/wp-json\/wp\/v2\/types\/tribe_events"}],"author":[{"embeddable":true,"href":"https:\/\/ecomuseu-corvo.cultura.azores.gov.pt\/en\/wp-json\/wp\/v2\/users\/12"}],"version-history":[{"count":1,"href":"https:\/\/ecomuseu-corvo.cultura.azores.gov.pt\/en\/wp-json\/wp\/v2\/tribe_events\/5170\/revisions"}],"predecessor-version":[{"id":5173,"href":"https:\/\/ecomuseu-corvo.cultura.azores.gov.pt\/en\/wp-json\/wp\/v2\/tribe_events\/5170\/revisions\/5173"}],"wp:featuredmedia":[{"embeddable":true,"href":"https:\/\/ecomuseu-corvo.cultura.azores.gov.pt\/en\/wp-json\/wp\/v2\/media\/5171"}],"wp:attachment":[{"href":"https:\/\/ecomuseu-corvo.cultura.azores.gov.pt\/en\/wp-json\/wp\/v2\/media?parent=5170"}],"wp:term":[{"taxonomy":"post_tag","embeddable":true,"href":"https:\/\/ecomuseu-corvo.cultura.azores.gov.pt\/en\/wp-json\/wp\/v2\/tags?post=5170"},{"taxonomy":"tribe_events_cat","embeddable":true,"href":"https:\/\/ecomuseu-corvo.cultura.azores.gov.pt\/en\/wp-json\/wp\/v2\/tribe_events_cat?post=5170"}],"curies":[{"name":"wp","href":"https:\/\/api.w.org\/{rel}","templated":true}]}}

<div class="x14z9mp xat24cr x1lziwak x1vvkbs xtlvy1s x126k92a">
<div dir="auto" style="text-align: left;">No dia 6 de abril, será lançado um novo desafio &#8220;Falar Corvino&#8221;.<br />
As sugestões quanto ao significado da palavra ou expressão serão dadas através da publicação que estará patente no <a href="https://www.facebook.com/museudoterritorio?locale=pt_PT"><em>facebook</em></a> do Ecomuseu do Corvo.</div>
<div dir="auto" style="text-align: left;"></div>
<div dir="auto" style="text-align: left;">O Ecomuseu do Corvo agradece, desde já, todos os contributos e testemunhos que têm sido partilhados na identificação do léxico típico corvino. A vossa participação tem sido fundamental para a valorização e preservação deste património.</div>
<div dir="auto"></div>
</div>
<div class="x14z9mp xat24cr x1lziwak x1vvkbs xtlvy1s x126k92a" style="text-align: left;">
<div dir="auto">No entanto, atendendo à já reduzida quantidade de termos corvinos disponíveis para apresentação, informamos que, a partir de abril de 2026, o desafio passará a ter uma periodicidade quinzenal, em vez de semanal.</div>
<div dir="auto"></div>
</div>
<div class="x14z9mp xat24cr x1lziwak x1vvkbs xtlvy1s x126k92a">
<div dir="auto" style="text-align: left;">Contamos com a vossa compreensão e continuamos a aguardar as vossas sugestões.</div>
</div>
<div dir="auto"></div>
<div dir="auto">Para acompanharem o resultado das vossas sugestões deixamos o <em>link</em> <a href="https://padlet.com/Ecomuseu/gloss-rio-falar-corvino-5zdomsu4rcejijqy?fbclid=IwY2xjawIhZRdleHRuA2FlbQIxMAABHZuX5ukVLyc34J5KipEte1cZocLgJM55-eID_2kMJ4506jAsZ1cIi0RGKw_aem_-_XTBdUqn2b3g1iFVn3RtA" target="_blank" rel="noopener">do glossário &#8220;Falar Corvino&#8221;.</a></div>

<p>No dia 6 de abril, será lançado um novo desafio &#8220;Falar Corvino&#8221;. As sugestões quanto ao significado da palavra ou expressão serão dadas através da publicação que estará patente no [&hellip;]</p>
