{"id":5071,"date":"2026-02-18T00:38:13","date_gmt":"2026-02-18T01:38:13","guid":{"rendered":"https:\/\/ecomuseu-corvo.cultura.azores.gov.pt\/?post_type=tribe_events&#038;p=5071"},"modified":"2026-02-18T00:38:13","modified_gmt":"2026-02-18T01:38:13","slug":"dia-internacional-da-lingua-materna","status":"publish","type":"tribe_events","link":"https:\/\/ecomuseu-corvo.cultura.azores.gov.pt\/en\/evento\/dia-internacional-da-lingua-materna\/","title":{"rendered":"Dia Internacional da L\u00edngua Materna"},"content":{"rendered":"<p>O Ecomuseu do Corvo vai celebrar o Dia Internacional da L\u00edngua Materna com um conjunto de atividades educativas dedicadas \u00e0 valoriza\u00e7\u00e3o da l\u00edngua materna e \u00e0 diversidade lingu\u00edstica.<br \/>\nEmbora a data oficial se assinale a 21 de fevereiro, a iniciativa ter\u00e1 lugar no dia 19 de fevereiro, entre as 09h30 e as 11h15, no Multiusos.<br \/>\nA atividade contar\u00e1 com a participa\u00e7\u00e3o dos alunos das turmas do 7.\u00ba e 8.\u00ba anos da EBS Mouzinho da Silveira, que ser\u00e3o convidados a refletir sobre a import\u00e2ncia da l\u00edngua na constru\u00e7\u00e3o da identidade individual e coletiva, bem como sobre a riqueza cultural associada \u00e0 diversidade lingu\u00edstica.<br \/>\nCom esta iniciativa, o Ecomuseu do Corvo refor\u00e7a o seu compromisso na promo\u00e7\u00e3o da cultura local e na valoriza\u00e7\u00e3o das express\u00f5es lingu\u00edsticas que fazem parte do patrim\u00f3nio imaterial da comunidade.<\/p>","protected":false},"excerpt":{"rendered":"<p>O Ecomuseu do Corvo vai celebrar o Dia Internacional da L\u00edngua Materna com um conjunto de atividades educativas dedicadas \u00e0 valoriza\u00e7\u00e3o da l\u00edngua materna e \u00e0 diversidade lingu\u00edstica. Embora a [&hellip;]<\/p>\n","protected":false},"author":3,"featured_media":5072,"template":"","meta":{"_tribe_events_status":"","_tribe_events_status_reason":"","footnotes":""},"tags":[],"tribe_events_cat":[],"class_list":["post-5071","tribe_events","type-tribe_events","status-publish","has-post-thumbnail","hentry"],"_links":{"self":[{"href":"https:\/\/ecomuseu-corvo.cultura.azores.gov.pt\/en\/wp-json\/wp\/v2\/tribe_events\/5071","targetHints":{"allow":["GET"]}}],"collection":[{"href":"https:\/\/ecomuseu-corvo.cultura.azores.gov.pt\/en\/wp-json\/wp\/v2\/tribe_events"}],"about":[{"href":"https:\/\/ecomuseu-corvo.cultura.azores.gov.pt\/en\/wp-json\/wp\/v2\/types\/tribe_events"}],"author":[{"embeddable":true,"href":"https:\/\/ecomuseu-corvo.cultura.azores.gov.pt\/en\/wp-json\/wp\/v2\/users\/3"}],"version-history":[{"count":1,"href":"https:\/\/ecomuseu-corvo.cultura.azores.gov.pt\/en\/wp-json\/wp\/v2\/tribe_events\/5071\/revisions"}],"predecessor-version":[{"id":5073,"href":"https:\/\/ecomuseu-corvo.cultura.azores.gov.pt\/en\/wp-json\/wp\/v2\/tribe_events\/5071\/revisions\/5073"}],"wp:featuredmedia":[{"embeddable":true,"href":"https:\/\/ecomuseu-corvo.cultura.azores.gov.pt\/en\/wp-json\/wp\/v2\/media\/5072"}],"wp:attachment":[{"href":"https:\/\/ecomuseu-corvo.cultura.azores.gov.pt\/en\/wp-json\/wp\/v2\/media?parent=5071"}],"wp:term":[{"taxonomy":"post_tag","embeddable":true,"href":"https:\/\/ecomuseu-corvo.cultura.azores.gov.pt\/en\/wp-json\/wp\/v2\/tags?post=5071"},{"taxonomy":"tribe_events_cat","embeddable":true,"href":"https:\/\/ecomuseu-corvo.cultura.azores.gov.pt\/en\/wp-json\/wp\/v2\/tribe_events_cat?post=5071"}],"curies":[{"name":"wp","href":"https:\/\/api.w.org\/{rel}","templated":true}]}}

Dia Internacional da Língua Materna

<p>O Ecomuseu do Corvo vai celebrar o Dia Internacional da Língua Materna com um conjunto de atividades educativas dedicadas à valorização da língua materna e à diversidade linguística.<br />
Embora a data oficial se assinale a 21 de fevereiro, a iniciativa terá lugar no dia 19 de fevereiro, entre as 09h30 e as 11h15, no Multiusos.<br />
A atividade contará com a participação dos alunos das turmas do 7.º e 8.º anos da EBS Mouzinho da Silveira, que serão convidados a refletir sobre a importância da língua na construção da identidade individual e coletiva, bem como sobre a riqueza cultural associada à diversidade linguística.<br />
Com esta iniciativa, o Ecomuseu do Corvo reforça o seu compromisso na promoção da cultura local e na valorização das expressões linguísticas que fazem parte do património imaterial da comunidade.</p>

<p>O Ecomuseu do Corvo vai celebrar o Dia Internacional da Língua Materna com um conjunto de atividades educativas dedicadas à valorização da língua materna e à diversidade linguística. Embora a [&hellip;]</p>
