{"id":5004,"date":"2026-01-12T15:48:09","date_gmt":"2026-01-12T16:48:09","guid":{"rendered":"https:\/\/ecomuseu-corvo.cultura.azores.gov.pt\/?post_type=tribe_events&#038;p=5004"},"modified":"2026-01-22T15:47:43","modified_gmt":"2026-01-22T16:47:43","slug":"3-a-edicao-da-formacao-a-hora-da-barreta","status":"publish","type":"tribe_events","link":"https:\/\/ecomuseu-corvo.cultura.azores.gov.pt\/en\/evento\/3-a-edicao-da-formacao-a-hora-da-barreta\/","title":{"rendered":"3.\u00aa edi\u00e7\u00e3o da forma\u00e7\u00e3o: \u201cA Hora da Barreta\u201d"},"content":{"rendered":"<p>O Ecomuseu do Corvo informa que abertas as inscri\u00e7\u00f5es para a frequ\u00eancia da 3.\u00aa edi\u00e7\u00e3o da forma\u00e7\u00e3o: \u201cA Hora da Barreta\u201d.<br \/>\nPara participar neste workshop em Barretas do Corvo s\u00f3 necessita inscrever-se.<br \/>\nQuem j\u00e1 se inscreveu no ano transato dever\u00e1 inscrever-se novamente, para nos indicar qual o local da sua prefer\u00eancia para frequentar este curso, uma vez que o mesmo ser\u00e1 dinamizado, em simult\u00e2neo, no Multiusos e na Casa da Mem\u00f3ria.<br \/>\nO curso \u00e9 gratuito, ter\u00e1 in\u00edcio a 21 de janeiro de 2026 e decorrer\u00e1 todas as quartas-feiras, entre as 16h00 e as 17h00.<br \/>\nPara mais pormenores e inscri\u00e7\u00f5es basta seguir o seguinte link:<br \/>\n<a href=\"https:\/\/forms.office.com\/e\/unPDNHwRt9\" target=\"_blank\" rel=\"noopener\">https:\/\/forms.office.com\/e\/unPDNHwRt9<\/a><br \/>\nCom esta a\u00e7\u00e3o, iniciada em dezembro de 2023, o Ecomuseu pretende preservar o saber fazer.<br \/>\nTrata-se de uma a\u00e7\u00e3o prolongada no tempo, que desenvolvemos semanalmente, \u00e0 quarta-feira, com a dura\u00e7\u00e3o de apenas uma hora, onde os inscritos podem comparecer conforme a sua disponibilidade.<br \/>\nPretende-se, assim, transmitir a arte de produzir a t\u00edpica barreta do Corvo e capacitar a comunidade para a import\u00e2ncia da preserva\u00e7\u00e3o deste patrim\u00f3nio \u00fanico.<br \/>\nTal como tem vindo a acontecer, pretendemos articular esta atividade com os nossos anci\u00e3os, durante a atividade \u201cEncontros com Mem\u00f3ria\u201d, com o intuito de com eles reavivarmos mem\u00f3rias de tempos antigos e aprendermos mais sobre este elemento \u00fanico do patrim\u00f3nio da ilha do Corvo.<br \/>\nPara mais informa\u00e7\u00f5es sobre a barreta t\u00edpica do Corvo poder\u00e1 consultar o site do Ecomuseu do Corvo: <a href=\"https:\/\/ecomuseu-corvo.cultura.azores.gov.pt\/en\/boina-de-la-do-corvo\/\" target=\"_blank\" rel=\"noopener\">https:\/\/ecomuseu-corvo.cultura.azores.gov.pt\/boina-de-la-do-corvo\/<\/a><br \/>\nAgradecemos o interesse da comunidade pela preserva\u00e7\u00e3o do patrim\u00f3nio do Corvo!<\/p>","protected":false},"excerpt":{"rendered":"<p>O Ecomuseu do Corvo informa que abertas as inscri\u00e7\u00f5es para a frequ\u00eancia da 3.\u00aa edi\u00e7\u00e3o da forma\u00e7\u00e3o: \u201cA Hora da Barreta\u201d. Para participar neste workshop em Barretas do Corvo s\u00f3 [&hellip;]<\/p>\n","protected":false},"author":3,"featured_media":5005,"template":"","meta":{"_tribe_events_status":"","_tribe_events_status_reason":"","footnotes":""},"tags":[],"tribe_events_cat":[70],"class_list":["post-5004","tribe_events","type-tribe_events","status-publish","has-post-thumbnail","hentry","tribe_events_cat-workshops","cat_workshops"],"_links":{"self":[{"href":"https:\/\/ecomuseu-corvo.cultura.azores.gov.pt\/en\/wp-json\/wp\/v2\/tribe_events\/5004","targetHints":{"allow":["GET"]}}],"collection":[{"href":"https:\/\/ecomuseu-corvo.cultura.azores.gov.pt\/en\/wp-json\/wp\/v2\/tribe_events"}],"about":[{"href":"https:\/\/ecomuseu-corvo.cultura.azores.gov.pt\/en\/wp-json\/wp\/v2\/types\/tribe_events"}],"author":[{"embeddable":true,"href":"https:\/\/ecomuseu-corvo.cultura.azores.gov.pt\/en\/wp-json\/wp\/v2\/users\/3"}],"version-history":[{"count":2,"href":"https:\/\/ecomuseu-corvo.cultura.azores.gov.pt\/en\/wp-json\/wp\/v2\/tribe_events\/5004\/revisions"}],"predecessor-version":[{"id":5007,"href":"https:\/\/ecomuseu-corvo.cultura.azores.gov.pt\/en\/wp-json\/wp\/v2\/tribe_events\/5004\/revisions\/5007"}],"wp:featuredmedia":[{"embeddable":true,"href":"https:\/\/ecomuseu-corvo.cultura.azores.gov.pt\/en\/wp-json\/wp\/v2\/media\/5005"}],"wp:attachment":[{"href":"https:\/\/ecomuseu-corvo.cultura.azores.gov.pt\/en\/wp-json\/wp\/v2\/media?parent=5004"}],"wp:term":[{"taxonomy":"post_tag","embeddable":true,"href":"https:\/\/ecomuseu-corvo.cultura.azores.gov.pt\/en\/wp-json\/wp\/v2\/tags?post=5004"},{"taxonomy":"tribe_events_cat","embeddable":true,"href":"https:\/\/ecomuseu-corvo.cultura.azores.gov.pt\/en\/wp-json\/wp\/v2\/tribe_events_cat?post=5004"}],"curies":[{"name":"wp","href":"https:\/\/api.w.org\/{rel}","templated":true}]}}

3.ª edição da formação: “A Hora da Barreta”

<p>O Ecomuseu do Corvo informa que abertas as inscrições para a frequência da 3.ª edição da formação: “A Hora da Barreta”.<br />
Para participar neste workshop em Barretas do Corvo só necessita inscrever-se.<br />
Quem já se inscreveu no ano transato deverá inscrever-se novamente, para nos indicar qual o local da sua preferência para frequentar este curso, uma vez que o mesmo será dinamizado, em simultâneo, no Multiusos e na Casa da Memória.<br />
O curso é gratuito, terá início a 21 de janeiro de 2026 e decorrerá todas as quartas-feiras, entre as 16h00 e as 17h00.<br />
Para mais pormenores e inscrições basta seguir o seguinte link:<br />
<a href="https://forms.office.com/e/unPDNHwRt9" target="_blank" rel="noopener">https://forms.office.com/e/unPDNHwRt9</a><br />
Com esta ação, iniciada em dezembro de 2023, o Ecomuseu pretende preservar o saber fazer.<br />
Trata-se de uma ação prolongada no tempo, que desenvolvemos semanalmente, à quarta-feira, com a duração de apenas uma hora, onde os inscritos podem comparecer conforme a sua disponibilidade.<br />
Pretende-se, assim, transmitir a arte de produzir a típica barreta do Corvo e capacitar a comunidade para a importância da preservação deste património único.<br />
Tal como tem vindo a acontecer, pretendemos articular esta atividade com os nossos anciãos, durante a atividade “Encontros com Memória”, com o intuito de com eles reavivarmos memórias de tempos antigos e aprendermos mais sobre este elemento único do património da ilha do Corvo.<br />
Para mais informações sobre a barreta típica do Corvo poderá consultar o site do Ecomuseu do Corvo: <a href="https://ecomuseu-corvo.cultura.azores.gov.pt/en/boina-de-la-do-corvo/" target="_blank" rel="noopener">https://ecomuseu-corvo.cultura.azores.gov.pt/boina-de-la-do-corvo/</a><br />
Agradecemos o interesse da comunidade pela preservação do património do Corvo!</p>

<p>O Ecomuseu do Corvo informa que abertas as inscrições para a frequência da 3.ª edição da formação: “A Hora da Barreta”. Para participar neste workshop em Barretas do Corvo só [&hellip;]</p>
