{"id":4988,"date":"2025-12-23T13:03:45","date_gmt":"2025-12-23T14:03:45","guid":{"rendered":"https:\/\/ecomuseu-corvo.cultura.azores.gov.pt\/?post_type=tribe_events&#038;p=4988"},"modified":"2026-01-12T15:48:25","modified_gmt":"2026-01-12T16:48:25","slug":"minimaratona-de-leitura-de-moby-dick","status":"publish","type":"tribe_events","link":"https:\/\/ecomuseu-corvo.cultura.azores.gov.pt\/en\/evento\/minimaratona-de-leitura-de-moby-dick\/","title":{"rendered":"Minimaratona de Leitura de Moby Dick."},"content":{"rendered":"<p>O Ecomuseu do Corvo junta-se, pela primeira vez, \u00e0 Minimaratona de Leitura de <em>Moby Dick<\/em>.<br \/>\nA iniciativa ter\u00e1 lugar no dia 3 de janeiro de 2026, \u00e0s 18h00, no Pavilh\u00e3o Multiusos do Corvo.<br \/>\nEsta atividade \u00e9 promovida pelo Museu de Angra do Hero\u00edsmo, em parceria com o OMA \u2013 Observat\u00f3rio do Mar dos A\u00e7ores, o New Bedford Whaling Museum, o Museu das Flores, o Museu da Baleia da Madeira (MBM), a Biblioteca Nacional de Cabo Verde, o Museu de Santa Maria e o Museu Mar\u00edtimo de Sesimbra.<br \/>\nO objetivo \u00e9 refor\u00e7ar a rede cultural lus\u00f3fona e atl\u00e2ntica, celebrando a vitalidade da leitura p\u00fablica e o poder simb\u00f3lico desta obra, considerada uma das maiores cria\u00e7\u00f5es da literatura mundial.<br \/>\nPublicado em 1851, <em>Moby Dick<\/em>, de Herman Melville, permanece um cl\u00e1ssico intemporal que nos convida a refletir sobre os limites da ambi\u00e7\u00e3o humana e a eterna luta entre raz\u00e3o e instinto.<br \/>\nA Minimaratona ser\u00e1 realizada em simult\u00e2neo por todas as institui\u00e7\u00f5es participantes, cada uma dinamizando a leitura localmente. No Corvo, os excertos ser\u00e3o lidos por participantes da comunidade.<br \/>\nOs textos ser\u00e3o disponibilizados aos leitores com anteced\u00eancia.<br \/>\nAs inscri\u00e7\u00f5es para leitores est\u00e3o abertas a crian\u00e7as e adultos e podem ser feitas atrav\u00e9s dos seguintes endere\u00e7os de e-mail:ecomuseu.corvo.info@azores.gov.pt e ana.tl.mota@azores.gov.pt<br \/>\nContamos com a sua participa\u00e7\u00e3o nesta celebra\u00e7\u00e3o de uma obra fundamental para a cultura lus\u00f3fona e atl\u00e2ntica!<\/p>","protected":false},"excerpt":{"rendered":"<p>O Ecomuseu do Corvo junta-se, pela primeira vez, \u00e0 Minimaratona de Leitura de Moby Dick. A iniciativa ter\u00e1 lugar no dia 3 de janeiro de 2026, \u00e0s 18h00, no Pavilh\u00e3o [&hellip;]<\/p>\n","protected":false},"author":3,"featured_media":4989,"template":"","meta":{"_tribe_events_status":"","_tribe_events_status_reason":"","footnotes":""},"tags":[],"tribe_events_cat":[51],"class_list":["post-4988","tribe_events","type-tribe_events","status-publish","has-post-thumbnail","hentry","tribe_events_cat-literatura","cat_literatura"],"_links":{"self":[{"href":"https:\/\/ecomuseu-corvo.cultura.azores.gov.pt\/en\/wp-json\/wp\/v2\/tribe_events\/4988","targetHints":{"allow":["GET"]}}],"collection":[{"href":"https:\/\/ecomuseu-corvo.cultura.azores.gov.pt\/en\/wp-json\/wp\/v2\/tribe_events"}],"about":[{"href":"https:\/\/ecomuseu-corvo.cultura.azores.gov.pt\/en\/wp-json\/wp\/v2\/types\/tribe_events"}],"author":[{"embeddable":true,"href":"https:\/\/ecomuseu-corvo.cultura.azores.gov.pt\/en\/wp-json\/wp\/v2\/users\/3"}],"version-history":[{"count":1,"href":"https:\/\/ecomuseu-corvo.cultura.azores.gov.pt\/en\/wp-json\/wp\/v2\/tribe_events\/4988\/revisions"}],"predecessor-version":[{"id":4990,"href":"https:\/\/ecomuseu-corvo.cultura.azores.gov.pt\/en\/wp-json\/wp\/v2\/tribe_events\/4988\/revisions\/4990"}],"wp:featuredmedia":[{"embeddable":true,"href":"https:\/\/ecomuseu-corvo.cultura.azores.gov.pt\/en\/wp-json\/wp\/v2\/media\/4989"}],"wp:attachment":[{"href":"https:\/\/ecomuseu-corvo.cultura.azores.gov.pt\/en\/wp-json\/wp\/v2\/media?parent=4988"}],"wp:term":[{"taxonomy":"post_tag","embeddable":true,"href":"https:\/\/ecomuseu-corvo.cultura.azores.gov.pt\/en\/wp-json\/wp\/v2\/tags?post=4988"},{"taxonomy":"tribe_events_cat","embeddable":true,"href":"https:\/\/ecomuseu-corvo.cultura.azores.gov.pt\/en\/wp-json\/wp\/v2\/tribe_events_cat?post=4988"}],"curies":[{"name":"wp","href":"https:\/\/api.w.org\/{rel}","templated":true}]}}

<p>O Ecomuseu do Corvo junta-se, pela primeira vez, à Minimaratona de Leitura de <em>Moby Dick</em>.<br />
A iniciativa terá lugar no dia 3 de janeiro de 2026, às 18h00, no Pavilhão Multiusos do Corvo.<br />
Esta atividade é promovida pelo Museu de Angra do Heroísmo, em parceria com o OMA – Observatório do Mar dos Açores, o New Bedford Whaling Museum, o Museu das Flores, o Museu da Baleia da Madeira (MBM), a Biblioteca Nacional de Cabo Verde, o Museu de Santa Maria e o Museu Marítimo de Sesimbra.<br />
O objetivo é reforçar a rede cultural lusófona e atlântica, celebrando a vitalidade da leitura pública e o poder simbólico desta obra, considerada uma das maiores criações da literatura mundial.<br />
Publicado em 1851, <em>Moby Dick</em>, de Herman Melville, permanece um clássico intemporal que nos convida a refletir sobre os limites da ambição humana e a eterna luta entre razão e instinto.<br />
A Minimaratona será realizada em simultâneo por todas as instituições participantes, cada uma dinamizando a leitura localmente. No Corvo, os excertos serão lidos por participantes da comunidade.<br />
Os textos serão disponibilizados aos leitores com antecedência.<br />
As inscrições para leitores estão abertas a crianças e adultos e podem ser feitas através dos seguintes endereços de e-mail:ecomuseu.corvo.info@azores.gov.pt e ana.tl.mota@azores.gov.pt<br />
Contamos com a sua participação nesta celebração de uma obra fundamental para a cultura lusófona e atlântica!</p>

<p>O Ecomuseu do Corvo junta-se, pela primeira vez, à Minimaratona de Leitura de Moby Dick. A iniciativa terá lugar no dia 3 de janeiro de 2026, às 18h00, no Pavilhão [&hellip;]</p>
