{"id":4944,"date":"2025-12-05T18:12:34","date_gmt":"2025-12-05T19:12:34","guid":{"rendered":"https:\/\/ecomuseu-corvo.cultura.azores.gov.pt\/?post_type=tribe_events&#038;p=4944"},"modified":"2025-12-23T16:46:05","modified_gmt":"2025-12-23T17:46:05","slug":"ferias-de-natal-no-ecomuseu-4","status":"publish","type":"tribe_events","link":"https:\/\/ecomuseu-corvo.cultura.azores.gov.pt\/en\/evento\/ferias-de-natal-no-ecomuseu-4\/","title":{"rendered":"F\u00e9rias de Natal no Ecomuseu"},"content":{"rendered":"<div dir=\"auto\">Nas f\u00e9rias do Natal o Ecomuseu do Corvo promove, pelo quinto ano consecutivo, em parceria com a BE da EBS Mouzinho da Silveira, atividades com as crian\u00e7as e jovens, do 1.\u00ba, 2.\u00ba e 3.\u00ba ciclos, em que se pretende estimular a imagina\u00e7\u00e3o, a criatividade e demonstrar como aprender pode ser divertido.<\/div>\n<div dir=\"auto\">Prepar\u00e1mos um conjunto de atividades especiais alusivas \u00e0 \u00e9poca de Natal, \u00e0 educa\u00e7\u00e3o ambiental e patrimonial e \u00e0 educa\u00e7\u00e3o para a leitura. Estas atividades ir\u00e3o decorrer no Pavilh\u00e3o Multiusos do Corvo nos dias 20, 22 e 23 de dezembro, a partir das 14h30.<\/div>\n<div dir=\"auto\">Para inscrever o seu educando basta aceder ao seguinte formul\u00e1rio online: <span class=\"html-span xdj266r x14z9mp xat24cr x1lziwak xexx8yu xyri2b x18d9i69 x1c1uobl x1hl2dhg x16tdsg8 x1vvkbs\"><a class=\"x1i10hfl xjbqb8w x1ejq31n x18oe1m7 x1sy0etr xstzfhl x972fbf x10w94by x1qhh985 x14e42zd x9f619 x1ypdohk xt0psk2 x3ct3a4 xdj266r x14z9mp xat24cr x1lziwak xexx8yu xyri2b x18d9i69 x1c1uobl x16tdsg8 x1hl2dhg xggy1nq x1a2a7pz xkrqix3 x1sur9pj x1fey0fg x1s688f\" tabindex=\"0\" role=\"link\" href=\"https:\/\/forms.office.com\/e\/MQFpNzG868?fbclid=IwZXh0bgNhZW0CMTAAYnJpZBEwRU5QS1F2VExacDBsdkxHS3NydGMGYXBwX2lkDzUxNDc3MTU2OTIyODA2MQABHmQQDzbPuFEHcKV2WXafzfsahp51i8RBJUPIULR9b0xZDBaQeYG8opgHj0Sj_aem_TzPESaL3VA3P-l_toWHBvQ\" target=\"_blank\" rel=\"nofollow noopener noreferrer\">https:\/\/forms.office.com\/e\/MQFpNzG868<\/a><\/span><\/div>\n<div dir=\"auto\">As inscri\u00e7\u00f5es est\u00e3o abertas at\u00e9 ao dia 19 de dezembro.<\/div>\n<div dir=\"auto\">Em simult\u00e2neo decorrer\u00e1, durante toda a interrup\u00e7\u00e3o letiva do Natal, a atividade \u201cLeitura na Casa do Tempo e no Multiusos\u201d. O Ecomuseu tem dispon\u00edveis, para todos os alunos, algumas sugest\u00f5es de leituras para a interrup\u00e7\u00e3o do Natal. Os livros poder\u00e3o ser requisitados com os t\u00e9cnicos do Ecomuseu.<\/div>\n<div dir=\"auto\">Programa:<\/div>\n<div dir=\"auto\">S\u00e1bado &#8211; dia 20\/12 &#8211; Das 14h30 at\u00e9 \u00e0s 16h00-Bazar de Natal, Jogos do Patrim\u00f3nio e entrega das ofertas da comunidade \u00e0s crian\u00e7as Local: Pavilh\u00e3o Multiusos.<\/div>\n<div dir=\"auto\">2.\u00aa feira &#8211; dia 22\/12 &#8211; Das 14h30 at\u00e9 \u00e0s 16h00- Livreiro por um dia na feira do livro do Ecomuseu e Atividades de Leitura &#8211; Local: Pavilh\u00e3o Multiusos<\/div>\n<div dir=\"auto\">3.\u00aa feira- dia 23\/12- Das 14h30 at\u00e9 \u00e0s 16h00 &#8211; Cinema com Pipocas &#8211; Local: Pavilh\u00e3o Multiusos.<\/div>","protected":false},"excerpt":{"rendered":"<p>Nas f\u00e9rias do Natal o Ecomuseu do Corvo promove, pelo quinto ano consecutivo, em parceria com a BE da EBS Mouzinho da Silveira, atividades com as crian\u00e7as e jovens, do [&hellip;]<\/p>\n","protected":false},"author":3,"featured_media":4945,"template":"","meta":{"_tribe_events_status":"","_tribe_events_status_reason":"","footnotes":""},"tags":[],"tribe_events_cat":[],"class_list":["post-4944","tribe_events","type-tribe_events","status-publish","has-post-thumbnail","hentry"],"_links":{"self":[{"href":"https:\/\/ecomuseu-corvo.cultura.azores.gov.pt\/en\/wp-json\/wp\/v2\/tribe_events\/4944","targetHints":{"allow":["GET"]}}],"collection":[{"href":"https:\/\/ecomuseu-corvo.cultura.azores.gov.pt\/en\/wp-json\/wp\/v2\/tribe_events"}],"about":[{"href":"https:\/\/ecomuseu-corvo.cultura.azores.gov.pt\/en\/wp-json\/wp\/v2\/types\/tribe_events"}],"author":[{"embeddable":true,"href":"https:\/\/ecomuseu-corvo.cultura.azores.gov.pt\/en\/wp-json\/wp\/v2\/users\/3"}],"version-history":[{"count":1,"href":"https:\/\/ecomuseu-corvo.cultura.azores.gov.pt\/en\/wp-json\/wp\/v2\/tribe_events\/4944\/revisions"}],"predecessor-version":[{"id":4946,"href":"https:\/\/ecomuseu-corvo.cultura.azores.gov.pt\/en\/wp-json\/wp\/v2\/tribe_events\/4944\/revisions\/4946"}],"wp:featuredmedia":[{"embeddable":true,"href":"https:\/\/ecomuseu-corvo.cultura.azores.gov.pt\/en\/wp-json\/wp\/v2\/media\/4945"}],"wp:attachment":[{"href":"https:\/\/ecomuseu-corvo.cultura.azores.gov.pt\/en\/wp-json\/wp\/v2\/media?parent=4944"}],"wp:term":[{"taxonomy":"post_tag","embeddable":true,"href":"https:\/\/ecomuseu-corvo.cultura.azores.gov.pt\/en\/wp-json\/wp\/v2\/tags?post=4944"},{"taxonomy":"tribe_events_cat","embeddable":true,"href":"https:\/\/ecomuseu-corvo.cultura.azores.gov.pt\/en\/wp-json\/wp\/v2\/tribe_events_cat?post=4944"}],"curies":[{"name":"wp","href":"https:\/\/api.w.org\/{rel}","templated":true}]}}

Férias de Natal no Ecomuseu

<div dir="auto">Nas férias do Natal o Ecomuseu do Corvo promove, pelo quinto ano consecutivo, em parceria com a BE da EBS Mouzinho da Silveira, atividades com as crianças e jovens, do 1.º, 2.º e 3.º ciclos, em que se pretende estimular a imaginação, a criatividade e demonstrar como aprender pode ser divertido.</div>
<div dir="auto">Preparámos um conjunto de atividades especiais alusivas à época de Natal, à educação ambiental e patrimonial e à educação para a leitura. Estas atividades irão decorrer no Pavilhão Multiusos do Corvo nos dias 20, 22 e 23 de dezembro, a partir das 14h30.</div>
<div dir="auto">Para inscrever o seu educando basta aceder ao seguinte formulário online: <span class="html-span xdj266r x14z9mp xat24cr x1lziwak xexx8yu xyri2b x18d9i69 x1c1uobl x1hl2dhg x16tdsg8 x1vvkbs"><a class="x1i10hfl xjbqb8w x1ejq31n x18oe1m7 x1sy0etr xstzfhl x972fbf x10w94by x1qhh985 x14e42zd x9f619 x1ypdohk xt0psk2 x3ct3a4 xdj266r x14z9mp xat24cr x1lziwak xexx8yu xyri2b x18d9i69 x1c1uobl x16tdsg8 x1hl2dhg xggy1nq x1a2a7pz xkrqix3 x1sur9pj x1fey0fg x1s688f" tabindex="0" role="link" href="https://forms.office.com/e/MQFpNzG868?fbclid=IwZXh0bgNhZW0CMTAAYnJpZBEwRU5QS1F2VExacDBsdkxHS3NydGMGYXBwX2lkDzUxNDc3MTU2OTIyODA2MQABHmQQDzbPuFEHcKV2WXafzfsahp51i8RBJUPIULR9b0xZDBaQeYG8opgHj0Sj_aem_TzPESaL3VA3P-l_toWHBvQ" target="_blank" rel="nofollow noopener noreferrer">https://forms.office.com/e/MQFpNzG868</a></span></div>
<div dir="auto">As inscrições estão abertas até ao dia 19 de dezembro.</div>
<div dir="auto">Em simultâneo decorrerá, durante toda a interrupção letiva do Natal, a atividade “Leitura na Casa do Tempo e no Multiusos”. O Ecomuseu tem disponíveis, para todos os alunos, algumas sugestões de leituras para a interrupção do Natal. Os livros poderão ser requisitados com os técnicos do Ecomuseu.</div>
<div dir="auto">Programa:</div>
<div dir="auto">Sábado &#8211; dia 20/12 &#8211; Das 14h30 até às 16h00-Bazar de Natal, Jogos do Património e entrega das ofertas da comunidade às crianças Local: Pavilhão Multiusos.</div>
<div dir="auto">2.ª feira &#8211; dia 22/12 &#8211; Das 14h30 até às 16h00- Livreiro por um dia na feira do livro do Ecomuseu e Atividades de Leitura &#8211; Local: Pavilhão Multiusos</div>
<div dir="auto">3.ª feira- dia 23/12- Das 14h30 até às 16h00 &#8211; Cinema com Pipocas &#8211; Local: Pavilhão Multiusos.</div>

<p>Nas férias do Natal o Ecomuseu do Corvo promove, pelo quinto ano consecutivo, em parceria com a BE da EBS Mouzinho da Silveira, atividades com as crianças e jovens, do [&hellip;]</p>
