{"id":4924,"date":"2025-11-27T17:48:26","date_gmt":"2025-11-27T18:48:26","guid":{"rendered":"https:\/\/ecomuseu-corvo.cultura.azores.gov.pt\/?post_type=tribe_events&#038;p=4924"},"modified":"2026-01-22T15:53:43","modified_gmt":"2026-01-22T16:53:43","slug":"2-a-feira-do-livro-do-ecomuseu-do-corvo","status":"publish","type":"tribe_events","link":"https:\/\/ecomuseu-corvo.cultura.azores.gov.pt\/en\/evento\/2-a-feira-do-livro-do-ecomuseu-do-corvo\/","title":{"rendered":"2.\u00aa Feira do Livro do Ecomuseu do Corvo"},"content":{"rendered":"<p>Em sintonia com os objetivos do Plano Regional de Leitura, o Ecomuseu do Corvo realiza, durante o m\u00eas de dezembro, a 2.\u00aa Feira do Livro.<br \/>\nEsta iniciativa pretende aproximar o livro das pessoas, transformando-o num verdadeiro instrumento de acesso \u00e0 informa\u00e7\u00e3o, ao conhecimento e \u00e0 imagina\u00e7\u00e3o. Queremos incentivar o prazer da leitura e criar oportunidades para ampliar a cultura atrav\u00e9s do lazer e do entretenimento.<br \/>\nEste ano a feira acontece numa \u00e9poca muito especial: o Natal.<br \/>\nOfere\u00e7a livros neste Natal!<br \/>\nOs livros abrem portas para mundos m\u00e1gicos, ajudam-nos a pensar e a escrever, n\u00e3o precisam de baterias e est\u00e3o sempre dispon\u00edveis para nos acompanhar.<br \/>\nVisite a nossa feira e descubra o poder dos livros!<\/p>","protected":false},"excerpt":{"rendered":"<p>Em sintonia com os objetivos do Plano Regional de Leitura, o Ecomuseu do Corvo realiza, durante o m\u00eas de dezembro, a 2.\u00aa Feira do Livro. Esta iniciativa pretende aproximar o [&hellip;]<\/p>\n","protected":false},"author":3,"featured_media":4925,"template":"","meta":{"_tribe_events_status":"","_tribe_events_status_reason":"","footnotes":""},"tags":[],"tribe_events_cat":[32],"class_list":["post-4924","tribe_events","type-tribe_events","status-publish","has-post-thumbnail","hentry","tribe_events_cat-feira-do-livro","cat_feira-do-livro"],"_links":{"self":[{"href":"https:\/\/ecomuseu-corvo.cultura.azores.gov.pt\/en\/wp-json\/wp\/v2\/tribe_events\/4924","targetHints":{"allow":["GET"]}}],"collection":[{"href":"https:\/\/ecomuseu-corvo.cultura.azores.gov.pt\/en\/wp-json\/wp\/v2\/tribe_events"}],"about":[{"href":"https:\/\/ecomuseu-corvo.cultura.azores.gov.pt\/en\/wp-json\/wp\/v2\/types\/tribe_events"}],"author":[{"embeddable":true,"href":"https:\/\/ecomuseu-corvo.cultura.azores.gov.pt\/en\/wp-json\/wp\/v2\/users\/3"}],"version-history":[{"count":1,"href":"https:\/\/ecomuseu-corvo.cultura.azores.gov.pt\/en\/wp-json\/wp\/v2\/tribe_events\/4924\/revisions"}],"predecessor-version":[{"id":4926,"href":"https:\/\/ecomuseu-corvo.cultura.azores.gov.pt\/en\/wp-json\/wp\/v2\/tribe_events\/4924\/revisions\/4926"}],"wp:featuredmedia":[{"embeddable":true,"href":"https:\/\/ecomuseu-corvo.cultura.azores.gov.pt\/en\/wp-json\/wp\/v2\/media\/4925"}],"wp:attachment":[{"href":"https:\/\/ecomuseu-corvo.cultura.azores.gov.pt\/en\/wp-json\/wp\/v2\/media?parent=4924"}],"wp:term":[{"taxonomy":"post_tag","embeddable":true,"href":"https:\/\/ecomuseu-corvo.cultura.azores.gov.pt\/en\/wp-json\/wp\/v2\/tags?post=4924"},{"taxonomy":"tribe_events_cat","embeddable":true,"href":"https:\/\/ecomuseu-corvo.cultura.azores.gov.pt\/en\/wp-json\/wp\/v2\/tribe_events_cat?post=4924"}],"curies":[{"name":"wp","href":"https:\/\/api.w.org\/{rel}","templated":true}]}}

2.ª Feira do Livro do Ecomuseu do Corvo

<p>Em sintonia com os objetivos do Plano Regional de Leitura, o Ecomuseu do Corvo realiza, durante o mês de dezembro, a 2.ª Feira do Livro.<br />
Esta iniciativa pretende aproximar o livro das pessoas, transformando-o num verdadeiro instrumento de acesso à informação, ao conhecimento e à imaginação. Queremos incentivar o prazer da leitura e criar oportunidades para ampliar a cultura através do lazer e do entretenimento.<br />
Este ano a feira acontece numa época muito especial: o Natal.<br />
Ofereça livros neste Natal!<br />
Os livros abrem portas para mundos mágicos, ajudam-nos a pensar e a escrever, não precisam de baterias e estão sempre disponíveis para nos acompanhar.<br />
Visite a nossa feira e descubra o poder dos livros!</p>

<p>Em sintonia com os objetivos do Plano Regional de Leitura, o Ecomuseu do Corvo realiza, durante o mês de dezembro, a 2.ª Feira do Livro. Esta iniciativa pretende aproximar o [&hellip;]</p>
