{"id":4904,"date":"2025-11-26T15:19:26","date_gmt":"2025-11-26T16:19:26","guid":{"rendered":"https:\/\/ecomuseu-corvo.cultura.azores.gov.pt\/?post_type=tribe_events&#038;p=4904"},"modified":"2025-12-05T11:11:53","modified_gmt":"2025-12-05T12:11:53","slug":"workshop-de-danca-criativa-expressao-corporal","status":"publish","type":"tribe_events","link":"https:\/\/ecomuseu-corvo.cultura.azores.gov.pt\/en\/evento\/workshop-de-danca-criativa-expressao-corporal\/","title":{"rendered":"Workshop de Dan\u00e7a Criativa &#8211; Express\u00e3o Corporal"},"content":{"rendered":"<div class=\"xdj266r x14z9mp xat24cr x1lziwak x1vvkbs x126k92a\">\n<div dir=\"auto\">Workshop de Dan\u00e7a Criativa &#8211; Express\u00e3o Corporal<\/div>\n<\/div>\n<div class=\"x14z9mp xat24cr x1lziwak x1vvkbs xtlvy1s x126k92a\">\n<div dir=\"auto\">O Pavilh\u00e3o Multiusos do Corvo vai receber, nos dias 17, 18 e 19 de dezembro, o Workshop de Dan\u00e7a Criativa &#8211; Express\u00e3o Corporal, orientado por Vanessa Canto e Catarina Medeiros.<\/div>\n<\/div>\n<div class=\"x14z9mp xat24cr x1lziwak x1vvkbs xtlvy1s x126k92a\">\n<div dir=\"auto\">As inscri\u00e7\u00f5es s\u00e3o gratuitas e poder\u00e3o ser formalizadas atrav\u00e9s do e-mail adriano.b.ramos@azores.gov.pt ou atrav\u00e9s do e-mail do Ecomuseu do Corvo: Ecomuseu.corvo.info@azores.gov.pt<\/div>\n<div dir=\"auto\">Esta \u00e9 uma iniciativa do Or\u00e7amento Participativo dos A\u00e7ores, atrav\u00e9s da Dire\u00e7\u00e3o Regional da Cultura, com o apoio local do Ecomuseu do Corvo.<\/div>\n<\/div>\n<div class=\"x14z9mp xat24cr x1lziwak x1vvkbs xtlvy1s x126k92a\">\n<div dir=\"auto\">Saiba mais <a href=\"http:\/\/www.culturacores.azores.gov.pt\/agendaMobile\/default.aspx?id=50244&amp;fbclid=IwY2xjawOUBzxleHRuA2FlbQIxMABicmlkETBFTlBLUXZUTFpwMGx2TEdLc3J0YwZhcHBfaWQQMjIyMDM5MTc4ODIwMDg5MgABHvbyvlA-hj-SoVSc709PF1j8M2fd2ChMiWyqcaD0LDUx3Zpn_8HAIgGmaunx_aem__3e4hL1O8ZZRNW4Kq2d9DA&amp;brid=m7UyiIL3eRLxphvIVorQ6Q\" target=\"_blank\" rel=\"noopener\">aqui\u00bb\u00bb<\/a><\/div>\n<\/div>","protected":false},"excerpt":{"rendered":"<p>Workshop de Dan\u00e7a Criativa &#8211; Express\u00e3o Corporal O Pavilh\u00e3o Multiusos do Corvo vai receber, nos dias 17, 18 e 19 de dezembro, o Workshop de Dan\u00e7a Criativa &#8211; Express\u00e3o Corporal, [&hellip;]<\/p>\n","protected":false},"author":3,"featured_media":4905,"template":"","meta":{"_tribe_events_status":"","_tribe_events_status_reason":"","footnotes":""},"tags":[],"tribe_events_cat":[],"class_list":["post-4904","tribe_events","type-tribe_events","status-publish","has-post-thumbnail","hentry"],"_links":{"self":[{"href":"https:\/\/ecomuseu-corvo.cultura.azores.gov.pt\/en\/wp-json\/wp\/v2\/tribe_events\/4904","targetHints":{"allow":["GET"]}}],"collection":[{"href":"https:\/\/ecomuseu-corvo.cultura.azores.gov.pt\/en\/wp-json\/wp\/v2\/tribe_events"}],"about":[{"href":"https:\/\/ecomuseu-corvo.cultura.azores.gov.pt\/en\/wp-json\/wp\/v2\/types\/tribe_events"}],"author":[{"embeddable":true,"href":"https:\/\/ecomuseu-corvo.cultura.azores.gov.pt\/en\/wp-json\/wp\/v2\/users\/3"}],"version-history":[{"count":1,"href":"https:\/\/ecomuseu-corvo.cultura.azores.gov.pt\/en\/wp-json\/wp\/v2\/tribe_events\/4904\/revisions"}],"predecessor-version":[{"id":4906,"href":"https:\/\/ecomuseu-corvo.cultura.azores.gov.pt\/en\/wp-json\/wp\/v2\/tribe_events\/4904\/revisions\/4906"}],"wp:featuredmedia":[{"embeddable":true,"href":"https:\/\/ecomuseu-corvo.cultura.azores.gov.pt\/en\/wp-json\/wp\/v2\/media\/4905"}],"wp:attachment":[{"href":"https:\/\/ecomuseu-corvo.cultura.azores.gov.pt\/en\/wp-json\/wp\/v2\/media?parent=4904"}],"wp:term":[{"taxonomy":"post_tag","embeddable":true,"href":"https:\/\/ecomuseu-corvo.cultura.azores.gov.pt\/en\/wp-json\/wp\/v2\/tags?post=4904"},{"taxonomy":"tribe_events_cat","embeddable":true,"href":"https:\/\/ecomuseu-corvo.cultura.azores.gov.pt\/en\/wp-json\/wp\/v2\/tribe_events_cat?post=4904"}],"curies":[{"name":"wp","href":"https:\/\/api.w.org\/{rel}","templated":true}]}}

Workshop de Dança Criativa &#8211; Expressão Corporal

<div class="xdj266r x14z9mp xat24cr x1lziwak x1vvkbs x126k92a">
<div dir="auto">Workshop de Dança Criativa &#8211; Expressão Corporal</div>
</div>
<div class="x14z9mp xat24cr x1lziwak x1vvkbs xtlvy1s x126k92a">
<div dir="auto">O Pavilhão Multiusos do Corvo vai receber, nos dias 17, 18 e 19 de dezembro, o Workshop de Dança Criativa &#8211; Expressão Corporal, orientado por Vanessa Canto e Catarina Medeiros.</div>
</div>
<div class="x14z9mp xat24cr x1lziwak x1vvkbs xtlvy1s x126k92a">
<div dir="auto">As inscrições são gratuitas e poderão ser formalizadas através do e-mail adriano.b.ramos@azores.gov.pt ou através do e-mail do Ecomuseu do Corvo: Ecomuseu.corvo.info@azores.gov.pt</div>
<div dir="auto">Esta é uma iniciativa do Orçamento Participativo dos Açores, através da Direção Regional da Cultura, com o apoio local do Ecomuseu do Corvo.</div>
</div>
<div class="x14z9mp xat24cr x1lziwak x1vvkbs xtlvy1s x126k92a">
<div dir="auto">Saiba mais <a href="http://www.culturacores.azores.gov.pt/agendaMobile/default.aspx?id=50244&amp;fbclid=IwY2xjawOUBzxleHRuA2FlbQIxMABicmlkETBFTlBLUXZUTFpwMGx2TEdLc3J0YwZhcHBfaWQQMjIyMDM5MTc4ODIwMDg5MgABHvbyvlA-hj-SoVSc709PF1j8M2fd2ChMiWyqcaD0LDUx3Zpn_8HAIgGmaunx_aem__3e4hL1O8ZZRNW4Kq2d9DA&amp;brid=m7UyiIL3eRLxphvIVorQ6Q" target="_blank" rel="noopener">aqui»»</a></div>
</div>

<p>Workshop de Dança Criativa &#8211; Expressão Corporal O Pavilhão Multiusos do Corvo vai receber, nos dias 17, 18 e 19 de dezembro, o Workshop de Dança Criativa &#8211; Expressão Corporal, [&hellip;]</p>
