{"id":4863,"date":"2025-10-31T18:13:10","date_gmt":"2025-10-31T19:13:10","guid":{"rendered":"https:\/\/ecomuseu-corvo.cultura.azores.gov.pt\/?post_type=tribe_events&#038;p=4863"},"modified":"2025-10-31T18:38:06","modified_gmt":"2025-10-31T19:38:06","slug":"dia-mundial-do-cinema-e-do-cuidador-informal","status":"publish","type":"tribe_events","link":"https:\/\/ecomuseu-corvo.cultura.azores.gov.pt\/en\/evento\/dia-mundial-do-cinema-e-do-cuidador-informal\/","title":{"rendered":"Dia Mundial do Cinema e do Cuidador Informal"},"content":{"rendered":"<p>No pr\u00f3ximo dia 5 de novembro, o Ecomuseu do Corvo assinala duas datas de grande relev\u00e2ncia: o Dia Mundial do Cinema e o Dia Mundial do Cuidador Informal.<br \/>\nPara celebrar estas efem\u00e9rides, ser\u00e1 exibido o filme &#8220;M\u00e3e&#8221;, da produtora Neblina Filmes, que retrata a hist\u00f3ria de dois irm\u00e3os que cuidam da m\u00e3e, Dolores, diagnosticada com Alzheimer. A longa-metragem, inspirada na experi\u00eancia pessoal do realizador Jo\u00e3o Br\u00e1s, aborda de forma sens\u00edvel e realista os desafios enfrentados pelos cuidadores informais, bem como o impacto da doen\u00e7a na din\u00e2mica familiar<br \/>\nEsta atividade ser\u00e1 realizada em parceria com os t\u00e9cnicos de sa\u00fade da USI Corvo, que ir\u00e3o dinamizar uma sess\u00e3o de esclarecimento sobre o papel do cuidador informal.<br \/>\n\ud835\udc7a\ud835\udc8a\ud835\udc8f\ud835\udc90\ud835\udc91\ud835\udc94\ud835\udc86:<br \/>\n<iframe loading=\"lazy\" title=\"M\u00c3E | Trailer Oficial | 1 de maio no cinema\" width=\"580\" height=\"326\" src=\"https:\/\/www.youtube.com\/embed\/E9VjjUuYtXw?feature=oembed\" frameborder=\"0\" allow=\"accelerometer; autoplay; clipboard-write; encrypted-media; gyroscope; picture-in-picture; web-share\" referrerpolicy=\"strict-origin-when-cross-origin\" allowfullscreen><\/iframe><br \/>\nDolores, interpretada por Teresa Faria, sofre de uma dem\u00eancia degenerativa que lentamente apaga as suas mem\u00f3rias. Os seus filhos mudam-se com ela para a ilha da Madeira, enfrentando os desafios emocionais e pr\u00e1ticos de cuidar da m\u00e3e. O filme retrata com sensibilidade a realidade de muitas fam\u00edlias, abordando temas como o Alzheimer, o envelhecimento e o papel dos cuidadores informais.<br \/>\nEsta iniciativa pretende sensibilizar a comunidade para estas realidades, promovendo o di\u00e1logo e a reflex\u00e3o atrav\u00e9s do cinema e da partilha de experi\u00eancias.<br \/>\nContamos com a sua presen\u00e7a!<br \/>\nEntrada livre.<\/p>","protected":false},"excerpt":{"rendered":"<p>No pr\u00f3ximo dia 5 de novembro, o Ecomuseu do Corvo assinala duas datas de grande relev\u00e2ncia: o Dia Mundial do Cinema e o Dia Mundial do Cuidador Informal. Para celebrar [&hellip;]<\/p>\n","protected":false},"author":3,"featured_media":4867,"template":"","meta":{"_tribe_events_status":"","_tribe_events_status_reason":"","footnotes":""},"tags":[],"tribe_events_cat":[39,24],"class_list":["post-4863","tribe_events","type-tribe_events","status-publish","has-post-thumbnail","hentry","tribe_events_cat-cinema","tribe_events_cat-datas-comemorativas","cat_cinema","cat_datas-comemorativas"],"_links":{"self":[{"href":"https:\/\/ecomuseu-corvo.cultura.azores.gov.pt\/en\/wp-json\/wp\/v2\/tribe_events\/4863","targetHints":{"allow":["GET"]}}],"collection":[{"href":"https:\/\/ecomuseu-corvo.cultura.azores.gov.pt\/en\/wp-json\/wp\/v2\/tribe_events"}],"about":[{"href":"https:\/\/ecomuseu-corvo.cultura.azores.gov.pt\/en\/wp-json\/wp\/v2\/types\/tribe_events"}],"author":[{"embeddable":true,"href":"https:\/\/ecomuseu-corvo.cultura.azores.gov.pt\/en\/wp-json\/wp\/v2\/users\/3"}],"version-history":[{"count":2,"href":"https:\/\/ecomuseu-corvo.cultura.azores.gov.pt\/en\/wp-json\/wp\/v2\/tribe_events\/4863\/revisions"}],"predecessor-version":[{"id":4866,"href":"https:\/\/ecomuseu-corvo.cultura.azores.gov.pt\/en\/wp-json\/wp\/v2\/tribe_events\/4863\/revisions\/4866"}],"wp:featuredmedia":[{"embeddable":true,"href":"https:\/\/ecomuseu-corvo.cultura.azores.gov.pt\/en\/wp-json\/wp\/v2\/media\/4867"}],"wp:attachment":[{"href":"https:\/\/ecomuseu-corvo.cultura.azores.gov.pt\/en\/wp-json\/wp\/v2\/media?parent=4863"}],"wp:term":[{"taxonomy":"post_tag","embeddable":true,"href":"https:\/\/ecomuseu-corvo.cultura.azores.gov.pt\/en\/wp-json\/wp\/v2\/tags?post=4863"},{"taxonomy":"tribe_events_cat","embeddable":true,"href":"https:\/\/ecomuseu-corvo.cultura.azores.gov.pt\/en\/wp-json\/wp\/v2\/tribe_events_cat?post=4863"}],"curies":[{"name":"wp","href":"https:\/\/api.w.org\/{rel}","templated":true}]}}

<p>No próximo dia 5 de novembro, o Ecomuseu do Corvo assinala duas datas de grande relevância: o Dia Mundial do Cinema e o Dia Mundial do Cuidador Informal.<br />
Para celebrar estas efemérides, será exibido o filme &#8220;Mãe&#8221;, da produtora Neblina Filmes, que retrata a história de dois irmãos que cuidam da mãe, Dolores, diagnosticada com Alzheimer. A longa-metragem, inspirada na experiência pessoal do realizador João Brás, aborda de forma sensível e realista os desafios enfrentados pelos cuidadores informais, bem como o impacto da doença na dinâmica familiar<br />
Esta atividade será realizada em parceria com os técnicos de saúde da USI Corvo, que irão dinamizar uma sessão de esclarecimento sobre o papel do cuidador informal.<br />
𝑺𝒊𝒏𝒐𝒑𝒔𝒆:<br />
<iframe loading="lazy" title="MÃE | Trailer Oficial | 1 de maio no cinema" width="580" height="326" src="https://www.youtube.com/embed/E9VjjUuYtXw?feature=oembed" frameborder="0" allow="accelerometer; autoplay; clipboard-write; encrypted-media; gyroscope; picture-in-picture; web-share" referrerpolicy="strict-origin-when-cross-origin" allowfullscreen></iframe><br />
Dolores, interpretada por Teresa Faria, sofre de uma demência degenerativa que lentamente apaga as suas memórias. Os seus filhos mudam-se com ela para a ilha da Madeira, enfrentando os desafios emocionais e práticos de cuidar da mãe. O filme retrata com sensibilidade a realidade de muitas famílias, abordando temas como o Alzheimer, o envelhecimento e o papel dos cuidadores informais.<br />
Esta iniciativa pretende sensibilizar a comunidade para estas realidades, promovendo o diálogo e a reflexão através do cinema e da partilha de experiências.<br />
Contamos com a sua presença!<br />
Entrada livre.</p>

<p>No próximo dia 5 de novembro, o Ecomuseu do Corvo assinala duas datas de grande relevância: o Dia Mundial do Cinema e o Dia Mundial do Cuidador Informal. Para celebrar [&hellip;]</p>
