{"id":4839,"date":"2025-10-15T18:12:25","date_gmt":"2025-10-15T18:12:25","guid":{"rendered":"https:\/\/ecomuseu-corvo.cultura.azores.gov.pt\/?post_type=tribe_events&#038;p=4839"},"modified":"2025-10-15T18:13:35","modified_gmt":"2025-10-15T18:13:35","slug":"dia-mundial-do-pao","status":"publish","type":"tribe_events","link":"https:\/\/ecomuseu-corvo.cultura.azores.gov.pt\/en\/evento\/dia-mundial-do-pao\/","title":{"rendered":"Dia Mundial do P\u00e3o"},"content":{"rendered":"<p>No pr\u00f3ximo dia 16 de outubro, o Ecomuseu do Corvo ir\u00e1 celebrar um dos alimentos mais simples e essenciais da Hist\u00f3ria: o p\u00e3o.<br \/>\nMais do que sustento, o p\u00e3o sempre foi s\u00edmbolo de partilha, uni\u00e3o familiar e trabalho comunit\u00e1rio. No Corvo, esta tradi\u00e7\u00e3o est\u00e1 profundamente enraizada, desde o cultivo de diversos gr\u00e3os, passando pelas t\u00e9cnicas de moagem, at\u00e9 \u00e0 confe\u00e7\u00e3o do p\u00e3o no tradicional forno a lenha.<br \/>\nNeste dia especial, queremos transmitir aos mais novos esta heran\u00e7a cultural, mostrando-lhes como se prepara o tradicional p\u00e3o de milho da ilha do Corvo e explorando o papel que desempenhou no quotidiano corvino.<br \/>\nAs atividades decorrer\u00e3o no Pavilh\u00e3o Multiusos, a partir das 14h, e destinam-se aos alunos do 1.\u00ba ciclo da EBS Mouzinho da Silveira.<\/p>","protected":false},"excerpt":{"rendered":"<p>No pr\u00f3ximo dia 16 de outubro, o Ecomuseu do Corvo ir\u00e1 celebrar um dos alimentos mais simples e essenciais da Hist\u00f3ria: o p\u00e3o. Mais do que sustento, o p\u00e3o sempre [&hellip;]<\/p>\n","protected":false},"author":3,"featured_media":4840,"template":"","meta":{"_tribe_events_status":"","_tribe_events_status_reason":"","footnotes":""},"tags":[],"tribe_events_cat":[24],"class_list":["post-4839","tribe_events","type-tribe_events","status-publish","has-post-thumbnail","hentry","tribe_events_cat-datas-comemorativas","cat_datas-comemorativas"],"_links":{"self":[{"href":"https:\/\/ecomuseu-corvo.cultura.azores.gov.pt\/en\/wp-json\/wp\/v2\/tribe_events\/4839","targetHints":{"allow":["GET"]}}],"collection":[{"href":"https:\/\/ecomuseu-corvo.cultura.azores.gov.pt\/en\/wp-json\/wp\/v2\/tribe_events"}],"about":[{"href":"https:\/\/ecomuseu-corvo.cultura.azores.gov.pt\/en\/wp-json\/wp\/v2\/types\/tribe_events"}],"author":[{"embeddable":true,"href":"https:\/\/ecomuseu-corvo.cultura.azores.gov.pt\/en\/wp-json\/wp\/v2\/users\/3"}],"version-history":[{"count":1,"href":"https:\/\/ecomuseu-corvo.cultura.azores.gov.pt\/en\/wp-json\/wp\/v2\/tribe_events\/4839\/revisions"}],"predecessor-version":[{"id":4841,"href":"https:\/\/ecomuseu-corvo.cultura.azores.gov.pt\/en\/wp-json\/wp\/v2\/tribe_events\/4839\/revisions\/4841"}],"wp:featuredmedia":[{"embeddable":true,"href":"https:\/\/ecomuseu-corvo.cultura.azores.gov.pt\/en\/wp-json\/wp\/v2\/media\/4840"}],"wp:attachment":[{"href":"https:\/\/ecomuseu-corvo.cultura.azores.gov.pt\/en\/wp-json\/wp\/v2\/media?parent=4839"}],"wp:term":[{"taxonomy":"post_tag","embeddable":true,"href":"https:\/\/ecomuseu-corvo.cultura.azores.gov.pt\/en\/wp-json\/wp\/v2\/tags?post=4839"},{"taxonomy":"tribe_events_cat","embeddable":true,"href":"https:\/\/ecomuseu-corvo.cultura.azores.gov.pt\/en\/wp-json\/wp\/v2\/tribe_events_cat?post=4839"}],"curies":[{"name":"wp","href":"https:\/\/api.w.org\/{rel}","templated":true}]}}

Dia Mundial do Pão

<p>No próximo dia 16 de outubro, o Ecomuseu do Corvo irá celebrar um dos alimentos mais simples e essenciais da História: o pão.<br />
Mais do que sustento, o pão sempre foi símbolo de partilha, união familiar e trabalho comunitário. No Corvo, esta tradição está profundamente enraizada, desde o cultivo de diversos grãos, passando pelas técnicas de moagem, até à confeção do pão no tradicional forno a lenha.<br />
Neste dia especial, queremos transmitir aos mais novos esta herança cultural, mostrando-lhes como se prepara o tradicional pão de milho da ilha do Corvo e explorando o papel que desempenhou no quotidiano corvino.<br />
As atividades decorrerão no Pavilhão Multiusos, a partir das 14h, e destinam-se aos alunos do 1.º ciclo da EBS Mouzinho da Silveira.</p>

<p>No próximo dia 16 de outubro, o Ecomuseu do Corvo irá celebrar um dos alimentos mais simples e essenciais da História: o pão. Mais do que sustento, o pão sempre [&hellip;]</p>
