{"id":4812,"date":"2025-09-16T18:40:29","date_gmt":"2025-09-16T18:40:29","guid":{"rendered":"https:\/\/ecomuseu-corvo.cultura.azores.gov.pt\/?post_type=tribe_events&#038;p=4812"},"modified":"2025-09-16T18:42:22","modified_gmt":"2025-09-16T18:42:22","slug":"https-ecomuseu-corvo-cultura-azores-gov-pt-evento-slug-do-url4812","status":"publish","type":"tribe_events","link":"https:\/\/ecomuseu-corvo.cultura.azores.gov.pt\/en\/evento\/https-ecomuseu-corvo-cultura-azores-gov-pt-evento-slug-do-url4812\/","title":{"rendered":"Apresenta\u00e7\u00e3o do Livro: \u201cArqueologia no Corvo Um percurso com a Comunidade\u201d"},"content":{"rendered":"<div dir=\"auto\">No dia \ud835\udfd0\ud835\udfce \ud835\udc1d\ud835\udc1e \ud835\udc2c\ud835\udc1e\ud835\udc2d\ud835\udc1e\ud835\udc26\ud835\udc1b\ud835\udc2b\ud835\udc28, \ud835\udc1a\u0300\ud835\udc2c \ud835\udfd0\ud835\udfce\ud835\udc21\ud835\udfd1\ud835\udfce, \ud835\udc23\ud835\udc2e\ud835\udc27\ud835\udc2d\ud835\udc28 \ud835\udc1a\u0300 \ud835\udc02\ud835\udc1a\ud835\udc2c\ud835\udc1a \ud835\udc1d\ud835\udc1a \ud835\udc0c\ud835\udc1e\ud835\udc26\ud835\udc28\u0301\ud835\udc2b\ud835\udc22\ud835\udc1a, na abertura da 5.\u00aa Campanha do Patrim\u00f3nio do Corvo, ser\u00e1 apresentado o livro: \u201cArqueologia no Corvo Um percurso com a Comunidade\u201d, com a presen\u00e7a dos autores Jos\u00e9 Lu\u00eds Neto e Pedro Parreira.<\/div>\n<div dir=\"auto\">Este livro constitui um registo cient\u00edfico essencial da arqueologia realizada no Corvo ao longo da \u00faltima d\u00e9cada. Mais do que catalogar vest\u00edgios, documenta descobertas e m\u00e9todos com rigor, ao mesmo tempo que revela uma abordagem sens\u00edvel, na qual cada voz, gesto e olhar reanimam o sil\u00eancio do tempo, tornando o passado presente e vivo.<\/div>\n<div dir=\"auto\">No final, ter\u00e1 lugar um conv\u00edvio cultural e cada participante receber\u00e1 um exemplar do livro, um gesto que simboliza a devolu\u00e7\u00e3o \u00e0 comunidade de uma d\u00e9cada de investiga\u00e7\u00e3o e mem\u00f3rias.<\/div>\n<div dir=\"auto\">Contamos com a vossa presen\u00e7a!<\/div>","protected":false},"excerpt":{"rendered":"<p>No dia \ud835\udfd0\ud835\udfce \ud835\udc1d\ud835\udc1e \ud835\udc2c\ud835\udc1e\ud835\udc2d\ud835\udc1e\ud835\udc26\ud835\udc1b\ud835\udc2b\ud835\udc28, \ud835\udc1a\u0300\ud835\udc2c \ud835\udfd0\ud835\udfce\ud835\udc21\ud835\udfd1\ud835\udfce, \ud835\udc23\ud835\udc2e\ud835\udc27\ud835\udc2d\ud835\udc28 \ud835\udc1a\u0300 \ud835\udc02\ud835\udc1a\ud835\udc2c\ud835\udc1a \ud835\udc1d\ud835\udc1a \ud835\udc0c\ud835\udc1e\ud835\udc26\ud835\udc28\u0301\ud835\udc2b\ud835\udc22\ud835\udc1a, na abertura da 5.\u00aa Campanha do Patrim\u00f3nio do Corvo, ser\u00e1 apresentado o livro: \u201cArqueologia no Corvo Um percurso [&hellip;]<\/p>\n","protected":false},"author":3,"featured_media":4813,"template":"","meta":{"_tribe_events_status":"","_tribe_events_status_reason":"","footnotes":""},"tags":[],"tribe_events_cat":[29],"class_list":["post-4812","tribe_events","type-tribe_events","status-publish","has-post-thumbnail","hentry","tribe_events_cat-lancamento-de-livros","cat_lancamento-de-livros"],"_links":{"self":[{"href":"https:\/\/ecomuseu-corvo.cultura.azores.gov.pt\/en\/wp-json\/wp\/v2\/tribe_events\/4812","targetHints":{"allow":["GET"]}}],"collection":[{"href":"https:\/\/ecomuseu-corvo.cultura.azores.gov.pt\/en\/wp-json\/wp\/v2\/tribe_events"}],"about":[{"href":"https:\/\/ecomuseu-corvo.cultura.azores.gov.pt\/en\/wp-json\/wp\/v2\/types\/tribe_events"}],"author":[{"embeddable":true,"href":"https:\/\/ecomuseu-corvo.cultura.azores.gov.pt\/en\/wp-json\/wp\/v2\/users\/3"}],"version-history":[{"count":2,"href":"https:\/\/ecomuseu-corvo.cultura.azores.gov.pt\/en\/wp-json\/wp\/v2\/tribe_events\/4812\/revisions"}],"predecessor-version":[{"id":4815,"href":"https:\/\/ecomuseu-corvo.cultura.azores.gov.pt\/en\/wp-json\/wp\/v2\/tribe_events\/4812\/revisions\/4815"}],"wp:featuredmedia":[{"embeddable":true,"href":"https:\/\/ecomuseu-corvo.cultura.azores.gov.pt\/en\/wp-json\/wp\/v2\/media\/4813"}],"wp:attachment":[{"href":"https:\/\/ecomuseu-corvo.cultura.azores.gov.pt\/en\/wp-json\/wp\/v2\/media?parent=4812"}],"wp:term":[{"taxonomy":"post_tag","embeddable":true,"href":"https:\/\/ecomuseu-corvo.cultura.azores.gov.pt\/en\/wp-json\/wp\/v2\/tags?post=4812"},{"taxonomy":"tribe_events_cat","embeddable":true,"href":"https:\/\/ecomuseu-corvo.cultura.azores.gov.pt\/en\/wp-json\/wp\/v2\/tribe_events_cat?post=4812"}],"curies":[{"name":"wp","href":"https:\/\/api.w.org\/{rel}","templated":true}]}}

Apresentação do Livro: “Arqueologia no Corvo Um percurso com a Comunidade”

<div dir="auto">No dia 𝟐𝟎 𝐝𝐞 𝐬𝐞𝐭𝐞𝐦𝐛𝐫𝐨, 𝐚̀𝐬 𝟐𝟎𝐡𝟑𝟎, 𝐣𝐮𝐧𝐭𝐨 𝐚̀ 𝐂𝐚𝐬𝐚 𝐝𝐚 𝐌𝐞𝐦𝐨́𝐫𝐢𝐚, na abertura da 5.ª Campanha do Património do Corvo, será apresentado o livro: “Arqueologia no Corvo Um percurso com a Comunidade”, com a presença dos autores José Luís Neto e Pedro Parreira.</div>
<div dir="auto">Este livro constitui um registo científico essencial da arqueologia realizada no Corvo ao longo da última década. Mais do que catalogar vestígios, documenta descobertas e métodos com rigor, ao mesmo tempo que revela uma abordagem sensível, na qual cada voz, gesto e olhar reanimam o silêncio do tempo, tornando o passado presente e vivo.</div>
<div dir="auto">No final, terá lugar um convívio cultural e cada participante receberá um exemplar do livro, um gesto que simboliza a devolução à comunidade de uma década de investigação e memórias.</div>
<div dir="auto">Contamos com a vossa presença!</div>

<p>No dia 𝟐𝟎 𝐝𝐞 𝐬𝐞𝐭𝐞𝐦𝐛𝐫𝐨, 𝐚̀𝐬 𝟐𝟎𝐡𝟑𝟎, 𝐣𝐮𝐧𝐭𝐨 𝐚̀ 𝐂𝐚𝐬𝐚 𝐝𝐚 𝐌𝐞𝐦𝐨́𝐫𝐢𝐚, na abertura da 5.ª Campanha do Património do Corvo, será apresentado o livro: “Arqueologia no Corvo Um percurso [&hellip;]</p>
