{"id":4806,"date":"2025-09-16T18:31:14","date_gmt":"2025-09-16T18:31:14","guid":{"rendered":"https:\/\/ecomuseu-corvo.cultura.azores.gov.pt\/?post_type=tribe_events&#038;p=4806"},"modified":"2025-09-16T19:21:23","modified_gmt":"2025-09-16T19:21:23","slug":"https-ecomuseu-corvo-cultura-azores-gov-pt-evento-slug-do-url4806","status":"publish","type":"tribe_events","link":"https:\/\/ecomuseu-corvo.cultura.azores.gov.pt\/en\/evento\/https-ecomuseu-corvo-cultura-azores-gov-pt-evento-slug-do-url4806\/","title":{"rendered":"Inaugura\u00e7\u00e3o da Exposi\u00e7\u00e3o: \u201cIlha do Corvo Marcas de um Passado\u201d"},"content":{"rendered":"<p>O Ecomuseu do Corvo inaugura a exposi\u00e7\u00e3o de longa dura\u00e7\u00e3o: \u201cIlha do Corvo: Marcas de um Passado\u201d, na Casa da Mem\u00f3ria, no dia 20 de setembro, \u00e0s 20h00, durante a abertura da 5.\u00aa Campanha do Patrim\u00f3nio do Corvo.<\/p>\n<p>Antes da inaugura\u00e7\u00e3o, ser\u00e1 prestada uma homenagem ao etn\u00f3grafo e arque\u00f3logo Jos\u00e9 Leite de Vasconcelos, com a inaugura\u00e7\u00e3o de uma placa evocativa no Largo do Outeiro.<\/p>\n<p>A exposi\u00e7\u00e3o revela a for\u00e7a e a resili\u00eancia dos corvinos atrav\u00e9s de utens\u00edlios, ferramentas e objetos que documentam quase meio mil\u00e9nio de vida insular. Organizada em n\u00facleos tem\u00e1ticos: tecelagem, carpintaria, agricultura e quotidiano, esta exposi\u00e7\u00e3o convida a comunidade e visitantes a conhecer e valorizar a hist\u00f3ria, o patrim\u00f3nio e a identidade do Corvo.<\/p>\n<p>Na inaugura\u00e7\u00e3o, ter\u00e1 lugar o lan\u00e7amento e oferta do cat\u00e1logo da exposi\u00e7\u00e3o, seguido de um conv\u00edvio cultural com servi\u00e7o de rece\u00e7\u00e3o e pequenos aperitivos.<\/p>\n<p>Venha celebrar connosco a hist\u00f3ria e a cultura do Corvo!<\/p>","protected":false},"excerpt":{"rendered":"<p>O Ecomuseu do Corvo inaugura a exposi\u00e7\u00e3o de longa dura\u00e7\u00e3o: \u201cIlha do Corvo: Marcas de um Passado\u201d, na Casa da Mem\u00f3ria, no dia 20 de setembro, \u00e0s 20h00, durante a [&hellip;]<\/p>\n","protected":false},"author":3,"featured_media":4807,"template":"","meta":{"_tribe_events_status":"","_tribe_events_status_reason":"","footnotes":""},"tags":[],"tribe_events_cat":[23],"class_list":["post-4806","tribe_events","type-tribe_events","status-publish","has-post-thumbnail","hentry","tribe_events_cat-exposicoes","cat_exposicoes"],"_links":{"self":[{"href":"https:\/\/ecomuseu-corvo.cultura.azores.gov.pt\/en\/wp-json\/wp\/v2\/tribe_events\/4806","targetHints":{"allow":["GET"]}}],"collection":[{"href":"https:\/\/ecomuseu-corvo.cultura.azores.gov.pt\/en\/wp-json\/wp\/v2\/tribe_events"}],"about":[{"href":"https:\/\/ecomuseu-corvo.cultura.azores.gov.pt\/en\/wp-json\/wp\/v2\/types\/tribe_events"}],"author":[{"embeddable":true,"href":"https:\/\/ecomuseu-corvo.cultura.azores.gov.pt\/en\/wp-json\/wp\/v2\/users\/3"}],"version-history":[{"count":5,"href":"https:\/\/ecomuseu-corvo.cultura.azores.gov.pt\/en\/wp-json\/wp\/v2\/tribe_events\/4806\/revisions"}],"predecessor-version":[{"id":4817,"href":"https:\/\/ecomuseu-corvo.cultura.azores.gov.pt\/en\/wp-json\/wp\/v2\/tribe_events\/4806\/revisions\/4817"}],"wp:featuredmedia":[{"embeddable":true,"href":"https:\/\/ecomuseu-corvo.cultura.azores.gov.pt\/en\/wp-json\/wp\/v2\/media\/4807"}],"wp:attachment":[{"href":"https:\/\/ecomuseu-corvo.cultura.azores.gov.pt\/en\/wp-json\/wp\/v2\/media?parent=4806"}],"wp:term":[{"taxonomy":"post_tag","embeddable":true,"href":"https:\/\/ecomuseu-corvo.cultura.azores.gov.pt\/en\/wp-json\/wp\/v2\/tags?post=4806"},{"taxonomy":"tribe_events_cat","embeddable":true,"href":"https:\/\/ecomuseu-corvo.cultura.azores.gov.pt\/en\/wp-json\/wp\/v2\/tribe_events_cat?post=4806"}],"curies":[{"name":"wp","href":"https:\/\/api.w.org\/{rel}","templated":true}]}}

Inauguração da Exposição: “Ilha do Corvo Marcas de um Passado”

<p>O Ecomuseu do Corvo inaugura a exposição de longa duração: “Ilha do Corvo: Marcas de um Passado”, na Casa da Memória, no dia 20 de setembro, às 20h00, durante a abertura da 5.ª Campanha do Património do Corvo.</p>
<p>Antes da inauguração, será prestada uma homenagem ao etnógrafo e arqueólogo José Leite de Vasconcelos, com a inauguração de uma placa evocativa no Largo do Outeiro.</p>
<p>A exposição revela a força e a resiliência dos corvinos através de utensílios, ferramentas e objetos que documentam quase meio milénio de vida insular. Organizada em núcleos temáticos: tecelagem, carpintaria, agricultura e quotidiano, esta exposição convida a comunidade e visitantes a conhecer e valorizar a história, o património e a identidade do Corvo.</p>
<p>Na inauguração, terá lugar o lançamento e oferta do catálogo da exposição, seguido de um convívio cultural com serviço de receção e pequenos aperitivos.</p>
<p>Venha celebrar connosco a história e a cultura do Corvo!</p>

<p>O Ecomuseu do Corvo inaugura a exposição de longa duração: “Ilha do Corvo: Marcas de um Passado”, na Casa da Memória, no dia 20 de setembro, às 20h00, durante a [&hellip;]</p>
