{"id":4790,"date":"2025-08-27T12:41:36","date_gmt":"2025-08-27T12:41:36","guid":{"rendered":"https:\/\/ecomuseu-corvo.cultura.azores.gov.pt\/?post_type=tribe_events&#038;p=4790"},"modified":"2025-09-09T18:33:04","modified_gmt":"2025-09-09T18:33:04","slug":"oficina-de-literatura-e-cinema","status":"publish","type":"tribe_events","link":"https:\/\/ecomuseu-corvo.cultura.azores.gov.pt\/en\/evento\/oficina-de-literatura-e-cinema\/","title":{"rendered":"Oficina de Literatura e Cinema"},"content":{"rendered":"<div class=\"xdj266r x14z9mp xat24cr x1lziwak x1vvkbs x126k92a\">\n<div dir=\"auto\">O Pavilh\u00e3o Multiusos do Corvo vai receber uma oficina de Literatura e Cinema orientada por Sara Leal nos dias 5 e 6 de setembro de 2025.<\/div>\n<\/div>\n<div class=\"x14z9mp xat24cr x1lziwak x1vvkbs xtlvy1s x126k92a\">\n<div dir=\"auto\">Esta oficina pretende desmistificar, de forma simples, o processo de fazer um filme.<\/div>\n<div dir=\"auto\">O enfoque ser\u00e1 na narrativa e no exerc\u00edcio de cria\u00e7\u00e3o de um gui\u00e3o, que ser\u00e1 filmado com a colabora\u00e7\u00e3o dos participantes. Esta ser\u00e1 uma primeira experi\u00eancia cinematogr\u00e1fica que permitir\u00e1 fazer uma introdu\u00e7\u00e3o a este processo de cria\u00e7\u00e3o.<\/div>\n<div dir=\"auto\">Al\u00e9m de dotar os participantes de algumas no\u00e7\u00f5es t\u00e9cnicas b\u00e1sicas, far\u00e1 com que a pr\u00f3pria visualiza\u00e7\u00e3o de filmes seja enriquecida.<\/div>\n<\/div>\n<div class=\"x14z9mp xat24cr x1lziwak x1vvkbs xtlvy1s x126k92a\">\n<div dir=\"auto\">Dia 5 de setembro &#8211; 18:00<\/div>\n<\/div>\n<div class=\"x14z9mp xat24cr x1lziwak x1vvkbs xtlvy1s x126k92a\">\n<div dir=\"auto\">Dia 6 de setembro &#8211; 10:00<\/div>\n<\/div>\n<div class=\"x14z9mp xat24cr x1lziwak x1vvkbs xtlvy1s x126k92a\">\n<div dir=\"auto\">As inscri\u00e7\u00f5es s\u00e3o gratuitas e poder\u00e3o ser formalizadas atrav\u00e9s do email Adriano.B.Ramos@azores.gov.pt ou para o mail geral do Ecomuseu do Corvo: Ecomuseu.corvo.info@azores.gov.pt<\/div>\n<\/div>\n<div class=\"x14z9mp xat24cr x1lziwak x1vvkbs xtlvy1s x126k92a\">\n<div dir=\"auto\">Esta \u00e9 uma iniciativa do Or\u00e7amento Participativo dos A\u00e7ores, atrav\u00e9s da Dire\u00e7\u00e3o Regional da Cultura, apoiada localmente pelo Ecomuseu do Corvo.<\/div>\n<\/div>","protected":false},"excerpt":{"rendered":"<p>O Pavilh\u00e3o Multiusos do Corvo vai receber uma oficina de Literatura e Cinema orientada por Sara Leal nos dias 5 e 6 de setembro de 2025. Esta oficina pretende desmistificar, [&hellip;]<\/p>\n","protected":false},"author":3,"featured_media":4791,"template":"","meta":{"_tribe_events_status":"","_tribe_events_status_reason":"","footnotes":""},"tags":[],"tribe_events_cat":[],"class_list":["post-4790","tribe_events","type-tribe_events","status-publish","has-post-thumbnail","hentry"],"_links":{"self":[{"href":"https:\/\/ecomuseu-corvo.cultura.azores.gov.pt\/en\/wp-json\/wp\/v2\/tribe_events\/4790","targetHints":{"allow":["GET"]}}],"collection":[{"href":"https:\/\/ecomuseu-corvo.cultura.azores.gov.pt\/en\/wp-json\/wp\/v2\/tribe_events"}],"about":[{"href":"https:\/\/ecomuseu-corvo.cultura.azores.gov.pt\/en\/wp-json\/wp\/v2\/types\/tribe_events"}],"author":[{"embeddable":true,"href":"https:\/\/ecomuseu-corvo.cultura.azores.gov.pt\/en\/wp-json\/wp\/v2\/users\/3"}],"version-history":[{"count":1,"href":"https:\/\/ecomuseu-corvo.cultura.azores.gov.pt\/en\/wp-json\/wp\/v2\/tribe_events\/4790\/revisions"}],"predecessor-version":[{"id":4792,"href":"https:\/\/ecomuseu-corvo.cultura.azores.gov.pt\/en\/wp-json\/wp\/v2\/tribe_events\/4790\/revisions\/4792"}],"wp:featuredmedia":[{"embeddable":true,"href":"https:\/\/ecomuseu-corvo.cultura.azores.gov.pt\/en\/wp-json\/wp\/v2\/media\/4791"}],"wp:attachment":[{"href":"https:\/\/ecomuseu-corvo.cultura.azores.gov.pt\/en\/wp-json\/wp\/v2\/media?parent=4790"}],"wp:term":[{"taxonomy":"post_tag","embeddable":true,"href":"https:\/\/ecomuseu-corvo.cultura.azores.gov.pt\/en\/wp-json\/wp\/v2\/tags?post=4790"},{"taxonomy":"tribe_events_cat","embeddable":true,"href":"https:\/\/ecomuseu-corvo.cultura.azores.gov.pt\/en\/wp-json\/wp\/v2\/tribe_events_cat?post=4790"}],"curies":[{"name":"wp","href":"https:\/\/api.w.org\/{rel}","templated":true}]}}

<div class="xdj266r x14z9mp xat24cr x1lziwak x1vvkbs x126k92a">
<div dir="auto">O Pavilhão Multiusos do Corvo vai receber uma oficina de Literatura e Cinema orientada por Sara Leal nos dias 5 e 6 de setembro de 2025.</div>
</div>
<div class="x14z9mp xat24cr x1lziwak x1vvkbs xtlvy1s x126k92a">
<div dir="auto">Esta oficina pretende desmistificar, de forma simples, o processo de fazer um filme.</div>
<div dir="auto">O enfoque será na narrativa e no exercício de criação de um guião, que será filmado com a colaboração dos participantes. Esta será uma primeira experiência cinematográfica que permitirá fazer uma introdução a este processo de criação.</div>
<div dir="auto">Além de dotar os participantes de algumas noções técnicas básicas, fará com que a própria visualização de filmes seja enriquecida.</div>
</div>
<div class="x14z9mp xat24cr x1lziwak x1vvkbs xtlvy1s x126k92a">
<div dir="auto">Dia 5 de setembro &#8211; 18:00</div>
</div>
<div class="x14z9mp xat24cr x1lziwak x1vvkbs xtlvy1s x126k92a">
<div dir="auto">Dia 6 de setembro &#8211; 10:00</div>
</div>
<div class="x14z9mp xat24cr x1lziwak x1vvkbs xtlvy1s x126k92a">
<div dir="auto">As inscrições são gratuitas e poderão ser formalizadas através do email Adriano.B.Ramos@azores.gov.pt ou para o mail geral do Ecomuseu do Corvo: Ecomuseu.corvo.info@azores.gov.pt</div>
</div>
<div class="x14z9mp xat24cr x1lziwak x1vvkbs xtlvy1s x126k92a">
<div dir="auto">Esta é uma iniciativa do Orçamento Participativo dos Açores, através da Direção Regional da Cultura, apoiada localmente pelo Ecomuseu do Corvo.</div>
</div>

<p>O Pavilhão Multiusos do Corvo vai receber uma oficina de Literatura e Cinema orientada por Sara Leal nos dias 5 e 6 de setembro de 2025. Esta oficina pretende desmistificar, [&hellip;]</p>
