{"id":4646,"date":"2025-07-14T10:54:25","date_gmt":"2025-07-14T10:54:25","guid":{"rendered":"https:\/\/ecomuseu-corvo.cultura.azores.gov.pt\/?post_type=tribe_events&#038;p=4646"},"modified":"2025-09-16T17:26:58","modified_gmt":"2025-09-16T17:26:58","slug":"https-ecomuseu-corvo-cultura-azores-gov-pt-evento","status":"publish","type":"tribe_events","link":"https:\/\/ecomuseu-corvo.cultura.azores.gov.pt\/en\/evento\/https-ecomuseu-corvo-cultura-azores-gov-pt-evento\/","title":{"rendered":"Exposi\u00e7\u00e3o Tempor\u00e1ria \u201cGuarda Fiscal \u2013 GNR\u201d no Ecomuseu do Corvo"},"content":{"rendered":"<p>A Secretaria Regional da Educa\u00e7\u00e3o, Cultura e Desporto, atrav\u00e9s da Dire\u00e7\u00e3o Regional da Cultura (DRC), em colabora\u00e7\u00e3o com o\u00a0<strong>Ecomuseu do Corvo\u00a0<\/strong>e com o\u00a0<strong>Comando Territorial dos A\u00e7ores da Guarda Nacional Republicana<\/strong>, promove a exposi\u00e7\u00e3o tempor\u00e1ria\u00a0<strong>\u201cGuarda Fiscal \u2013 GNR\u201d<\/strong>.<\/p>\n<p>A exposi\u00e7\u00e3o estar\u00e1 patente ao p\u00fablico entre os dias\u00a0<strong>\u00a015\u00a0a 25 de julho<\/strong>, \u00a0na\u00a0<strong>Casa do Tempo<\/strong>\u00a0\u2013 Ecomuseu do Corvo &#8211; no seguinte hor\u00e1rio: de ter\u00e7a-feira a s\u00e1bado, entre as 10h00 e as 12h30 e as 13h30 e as 17h30.<\/p>\n<p>Esta mostra assinala a quinta edi\u00e7\u00e3o de um ciclo expositivo dedicado \u00e0 divulga\u00e7\u00e3o da hist\u00f3ria e da presen\u00e7a da Guarda Nacional Republicana nos A\u00e7ores. Antes de chegar ao Corvo, a exposi\u00e7\u00e3o esteve patente no Museu das Flores.<\/p>\n<p>A exposi\u00e7\u00e3o prop\u00f5e uma viagem pela hist\u00f3ria da atua\u00e7\u00e3o da GNR na Regi\u00e3o Aut\u00f3noma dos A\u00e7ores, desde o final do s\u00e9culo XIX at\u00e9 \u00e0 atualidade. Atrav\u00e9s de uma sele\u00e7\u00e3o de objetos emblem\u00e1ticos do passado e do presente da institui\u00e7\u00e3o, o visitante pode acompanhar os principais marcos hist\u00f3ricos e compreender as mudan\u00e7as estruturais e operacionais que moldaram a sua evolu\u00e7\u00e3o.<\/p>\n<p>Mais do que um olhar sobre o passado, esta iniciativa destaca o papel fundamental desempenhado pela Guarda Fiscal \u00a0e, mais tarde, pela GNR \u00a0na prote\u00e7\u00e3o da seguran\u00e7a, da ordem p\u00fablica e do patrim\u00f3nio regional. Ao valorizar a mem\u00f3ria institucional partilhada, a exposi\u00e7\u00e3o pretende refor\u00e7ar os la\u00e7os entre a GNR e as comunidades locais, promovendo o conhecimento da sua hist\u00f3ria no contexto a\u00e7oriano.<\/p>\n<p>A Dire\u00e7\u00e3o Regional da Cultura informa que este e outros eventos podem ser consultados na Agenda Cultural do Portal Cultura A\u00e7ores:\u00a0<a href=\"http:\/\/A%20Secretaria%20Regional%20da%20Educa%C3%A7%C3%A3o,%20Cultura%20e%20Desporto,%20atrav%C3%A9s%20da%20Dire%C3%A7%C3%A3o%20Regional%20da%20Cultura%20(DRC),%20em%20colabora%C3%A7%C3%A3o%20com%20o%20Ecomuseu%20do%20Corvo%20e%20com%20o%20Comando%20Territorial%20dos%20A%C3%A7ores%20da%20Guarda%20Nacional%20Republicana,%20promove%20a%20exposi%C3%A7%C3%A3o%20tempor%C3%A1ria%20%E2%80%9CGuarda%20Fiscal%20%E2%80%93%20GNR%E2%80%9D.%20%20Patente%20ao%20p%C3%BAblico%20de%2014%20a%2025%20de%20julho,%20na%20Casa%20do%20Tempo%20%E2%80%93%20Ecomuseu%20do%20Corvo,%20esta%20mostra%20assinala%20a%20quinta%20edi%C3%A7%C3%A3o%20de%20um%20ciclo%20expositivo%20dedicado%20%C3%A0%20divulga%C3%A7%C3%A3o%20da%20hist%C3%B3ria%20e%20da%20presen%C3%A7a%20da%20Guarda%20Nacional%20Republicana%20nos%20A%C3%A7ores.%20Antes%20de%20chegar%20ao%20Corvo,%20a%20exposi%C3%A7%C3%A3o%20esteve%20patente%20no%20Museu%20das%20Flores.%20%20A%20exposi%C3%A7%C3%A3o%20prop%C3%B5e%20uma%20viagem%20pela%20hist%C3%B3ria%20da%20atua%C3%A7%C3%A3o%20da%20GNR%20na%20Regi%C3%A3o%20Aut%C3%B3noma%20dos%20A%C3%A7ores,%20desde%20o%20final%20do%20s%C3%A9culo%20XIX%20at%C3%A9%20%C3%A0%20atualidade.%20Atrav%C3%A9s%20de%20uma%20sele%C3%A7%C3%A3o%20de%20objetos%20emblem%C3%A1ticos%20do%20passado%20e%20do%20presente%20da%20institui%C3%A7%C3%A3o,%20o%20visitante%20pode%20acompanhar%20os%20principais%20marcos%20hist%C3%B3ricos%20e%20compreender%20as%20mudan%C3%A7as%20estruturais%20e%20operacionais%20que%20moldaram%20a%20sua%20evolu%C3%A7%C3%A3o.%20%20Mais%20do%20que%20um%20olhar%20sobre%20o%20passado,%20esta%20iniciativa%20destaca%20o%20papel%20fundamental%20desempenhado%20pela%20Guarda%20Fiscal%20%E2%80%94%20e,%20mais%20tarde,%20pela%20GNR%20%E2%80%94%20na%20prote%C3%A7%C3%A3o%20da%20seguran%C3%A7a,%20da%20ordem%20p%C3%BAblica%20e%20do%20patrim%C3%B3nio%20regional.%20Ao%20valorizar%20a%20mem%C3%B3ria%20institucional%20partilhada,%20a%20exposi%C3%A7%C3%A3o%20pretende%20refor%C3%A7ar%20os%20la%C3%A7os%20entre%20a%20GNR%20e%20as%20comunidades%20locais,%20promovendo%20o%20conhecimento%20da%20sua%20hist%C3%B3ria%20no%20contexto%20a%C3%A7oriano.%20%20A%20Dire%C3%A7%C3%A3o%20Regional%20da%20Cultura%20informa%20que%20este%20e%20outros%20eventos%20podem%20ser%20consultados%20na%20Agenda%20Cultural%20do%20Portal%20Cultura%20A%C3%A7ores:%20www.culturaacores.azores.gov.pt\/\" data-cke-saved-href=\"http:\/\/A Secretaria Regional da Educa\u00e7\u00e3o, Cultura e Desporto, atrav\u00e9s da Dire\u00e7\u00e3o Regional da Cultura (DRC), em colabora\u00e7\u00e3o com o Ecomuseu do Corvo e com o Comando Territorial dos A\u00e7ores da Guarda Nacional Republicana, promove a exposi\u00e7\u00e3o tempor\u00e1ria \u201cGuarda Fiscal \u2013 GNR\u201d. Patente ao p\u00fablico de 14 a 25 de julho, na Casa do Tempo \u2013 Ecomuseu do Corvo, esta mostra assinala a quinta edi\u00e7\u00e3o de um ciclo expositivo dedicado \u00e0 divulga\u00e7\u00e3o da hist\u00f3ria e da presen\u00e7a da Guarda Nacional Republicana nos A\u00e7ores. Antes de chegar ao Corvo, a exposi\u00e7\u00e3o esteve patente no Museu das Flores. A exposi\u00e7\u00e3o prop\u00f5e uma viagem pela hist\u00f3ria da atua\u00e7\u00e3o da GNR na Regi\u00e3o Aut\u00f3noma dos A\u00e7ores, desde o final do s\u00e9culo XIX at\u00e9 \u00e0 atualidade. Atrav\u00e9s de uma sele\u00e7\u00e3o de objetos emblem\u00e1ticos do passado e do presente da institui\u00e7\u00e3o, o visitante pode acompanhar os principais marcos hist\u00f3ricos e compreender as mudan\u00e7as estruturais e operacionais que moldaram a sua evolu\u00e7\u00e3o. Mais do que um olhar sobre o passado, esta iniciativa destaca o papel fundamental desempenhado pela Guarda Fiscal \u2014 e, mais tarde, pela GNR \u2014 na prote\u00e7\u00e3o da seguran\u00e7a, da ordem p\u00fablica e do patrim\u00f3nio regional. Ao valorizar a mem\u00f3ria institucional partilhada, a exposi\u00e7\u00e3o pretende refor\u00e7ar os la\u00e7os entre a GNR e as comunidades locais, promovendo o conhecimento da sua hist\u00f3ria no contexto a\u00e7oriano. A Dire\u00e7\u00e3o Regional da Cultura informa que este e outros eventos podem ser consultados na Agenda Cultural do Portal Cultura A\u00e7ores: www.culturaacores.azores.gov.pt\">www.culturaacores.azores.gov.pt<\/a><\/p>","protected":false},"excerpt":{"rendered":"<p>A Secretaria Regional da Educa\u00e7\u00e3o, Cultura e Desporto, atrav\u00e9s da Dire\u00e7\u00e3o Regional da Cultura (DRC), em colabora\u00e7\u00e3o com o\u00a0Ecomuseu do Corvo\u00a0e com o\u00a0Comando Territorial dos A\u00e7ores da Guarda Nacional Republicana, [&hellip;]<\/p>\n","protected":false},"author":3,"featured_media":4647,"template":"","meta":{"_tribe_events_status":"","_tribe_events_status_reason":"","footnotes":""},"tags":[],"tribe_events_cat":[],"class_list":["post-4646","tribe_events","type-tribe_events","status-publish","has-post-thumbnail","hentry"],"_links":{"self":[{"href":"https:\/\/ecomuseu-corvo.cultura.azores.gov.pt\/en\/wp-json\/wp\/v2\/tribe_events\/4646","targetHints":{"allow":["GET"]}}],"collection":[{"href":"https:\/\/ecomuseu-corvo.cultura.azores.gov.pt\/en\/wp-json\/wp\/v2\/tribe_events"}],"about":[{"href":"https:\/\/ecomuseu-corvo.cultura.azores.gov.pt\/en\/wp-json\/wp\/v2\/types\/tribe_events"}],"author":[{"embeddable":true,"href":"https:\/\/ecomuseu-corvo.cultura.azores.gov.pt\/en\/wp-json\/wp\/v2\/users\/3"}],"version-history":[{"count":2,"href":"https:\/\/ecomuseu-corvo.cultura.azores.gov.pt\/en\/wp-json\/wp\/v2\/tribe_events\/4646\/revisions"}],"predecessor-version":[{"id":4649,"href":"https:\/\/ecomuseu-corvo.cultura.azores.gov.pt\/en\/wp-json\/wp\/v2\/tribe_events\/4646\/revisions\/4649"}],"wp:featuredmedia":[{"embeddable":true,"href":"https:\/\/ecomuseu-corvo.cultura.azores.gov.pt\/en\/wp-json\/wp\/v2\/media\/4647"}],"wp:attachment":[{"href":"https:\/\/ecomuseu-corvo.cultura.azores.gov.pt\/en\/wp-json\/wp\/v2\/media?parent=4646"}],"wp:term":[{"taxonomy":"post_tag","embeddable":true,"href":"https:\/\/ecomuseu-corvo.cultura.azores.gov.pt\/en\/wp-json\/wp\/v2\/tags?post=4646"},{"taxonomy":"tribe_events_cat","embeddable":true,"href":"https:\/\/ecomuseu-corvo.cultura.azores.gov.pt\/en\/wp-json\/wp\/v2\/tribe_events_cat?post=4646"}],"curies":[{"name":"wp","href":"https:\/\/api.w.org\/{rel}","templated":true}]}}

Exposição Temporária “Guarda Fiscal – GNR” no Ecomuseu do Corvo

<p>A Secretaria Regional da Educação, Cultura e Desporto, através da Direção Regional da Cultura (DRC), em colaboração com o <strong>Ecomuseu do Corvo </strong>e com o <strong>Comando Territorial dos Açores da Guarda Nacional Republicana</strong>, promove a exposição temporária <strong>“Guarda Fiscal – GNR”</strong>.</p>
<p>A exposição estará patente ao público entre os dias <strong> 15 a 25 de julho</strong>,  na <strong>Casa do Tempo</strong> – Ecomuseu do Corvo &#8211; no seguinte horário: de terça-feira a sábado, entre as 10h00 e as 12h30 e as 13h30 e as 17h30.</p>
<p>Esta mostra assinala a quinta edição de um ciclo expositivo dedicado à divulgação da história e da presença da Guarda Nacional Republicana nos Açores. Antes de chegar ao Corvo, a exposição esteve patente no Museu das Flores.</p>
<p>A exposição propõe uma viagem pela história da atuação da GNR na Região Autónoma dos Açores, desde o final do século XIX até à atualidade. Através de uma seleção de objetos emblemáticos do passado e do presente da instituição, o visitante pode acompanhar os principais marcos históricos e compreender as mudanças estruturais e operacionais que moldaram a sua evolução.</p>
<p>Mais do que um olhar sobre o passado, esta iniciativa destaca o papel fundamental desempenhado pela Guarda Fiscal  e, mais tarde, pela GNR  na proteção da segurança, da ordem pública e do património regional. Ao valorizar a memória institucional partilhada, a exposição pretende reforçar os laços entre a GNR e as comunidades locais, promovendo o conhecimento da sua história no contexto açoriano.</p>
<p>A Direção Regional da Cultura informa que este e outros eventos podem ser consultados na Agenda Cultural do Portal Cultura Açores: <a href="http://A%20Secretaria%20Regional%20da%20Educa%C3%A7%C3%A3o,%20Cultura%20e%20Desporto,%20atrav%C3%A9s%20da%20Dire%C3%A7%C3%A3o%20Regional%20da%20Cultura%20(DRC),%20em%20colabora%C3%A7%C3%A3o%20com%20o%20Ecomuseu%20do%20Corvo%20e%20com%20o%20Comando%20Territorial%20dos%20A%C3%A7ores%20da%20Guarda%20Nacional%20Republicana,%20promove%20a%20exposi%C3%A7%C3%A3o%20tempor%C3%A1ria%20%E2%80%9CGuarda%20Fiscal%20%E2%80%93%20GNR%E2%80%9D.%20%20Patente%20ao%20p%C3%BAblico%20de%2014%20a%2025%20de%20julho,%20na%20Casa%20do%20Tempo%20%E2%80%93%20Ecomuseu%20do%20Corvo,%20esta%20mostra%20assinala%20a%20quinta%20edi%C3%A7%C3%A3o%20de%20um%20ciclo%20expositivo%20dedicado%20%C3%A0%20divulga%C3%A7%C3%A3o%20da%20hist%C3%B3ria%20e%20da%20presen%C3%A7a%20da%20Guarda%20Nacional%20Republicana%20nos%20A%C3%A7ores.%20Antes%20de%20chegar%20ao%20Corvo,%20a%20exposi%C3%A7%C3%A3o%20esteve%20patente%20no%20Museu%20das%20Flores.%20%20A%20exposi%C3%A7%C3%A3o%20prop%C3%B5e%20uma%20viagem%20pela%20hist%C3%B3ria%20da%20atua%C3%A7%C3%A3o%20da%20GNR%20na%20Regi%C3%A3o%20Aut%C3%B3noma%20dos%20A%C3%A7ores,%20desde%20o%20final%20do%20s%C3%A9culo%20XIX%20at%C3%A9%20%C3%A0%20atualidade.%20Atrav%C3%A9s%20de%20uma%20sele%C3%A7%C3%A3o%20de%20objetos%20emblem%C3%A1ticos%20do%20passado%20e%20do%20presente%20da%20institui%C3%A7%C3%A3o,%20o%20visitante%20pode%20acompanhar%20os%20principais%20marcos%20hist%C3%B3ricos%20e%20compreender%20as%20mudan%C3%A7as%20estruturais%20e%20operacionais%20que%20moldaram%20a%20sua%20evolu%C3%A7%C3%A3o.%20%20Mais%20do%20que%20um%20olhar%20sobre%20o%20passado,%20esta%20iniciativa%20destaca%20o%20papel%20fundamental%20desempenhado%20pela%20Guarda%20Fiscal%20%E2%80%94%20e,%20mais%20tarde,%20pela%20GNR%20%E2%80%94%20na%20prote%C3%A7%C3%A3o%20da%20seguran%C3%A7a,%20da%20ordem%20p%C3%BAblica%20e%20do%20patrim%C3%B3nio%20regional.%20Ao%20valorizar%20a%20mem%C3%B3ria%20institucional%20partilhada,%20a%20exposi%C3%A7%C3%A3o%20pretende%20refor%C3%A7ar%20os%20la%C3%A7os%20entre%20a%20GNR%20e%20as%20comunidades%20locais,%20promovendo%20o%20conhecimento%20da%20sua%20hist%C3%B3ria%20no%20contexto%20a%C3%A7oriano.%20%20A%20Dire%C3%A7%C3%A3o%20Regional%20da%20Cultura%20informa%20que%20este%20e%20outros%20eventos%20podem%20ser%20consultados%20na%20Agenda%20Cultural%20do%20Portal%20Cultura%20A%C3%A7ores:%20www.culturaacores.azores.gov.pt/" data-cke-saved-href="http://A Secretaria Regional da Educação, Cultura e Desporto, através da Direção Regional da Cultura (DRC), em colaboração com o Ecomuseu do Corvo e com o Comando Territorial dos Açores da Guarda Nacional Republicana, promove a exposição temporária “Guarda Fiscal – GNR”. Patente ao público de 14 a 25 de julho, na Casa do Tempo – Ecomuseu do Corvo, esta mostra assinala a quinta edição de um ciclo expositivo dedicado à divulgação da história e da presença da Guarda Nacional Republicana nos Açores. Antes de chegar ao Corvo, a exposição esteve patente no Museu das Flores. A exposição propõe uma viagem pela história da atuação da GNR na Região Autónoma dos Açores, desde o final do século XIX até à atualidade. Através de uma seleção de objetos emblemáticos do passado e do presente da instituição, o visitante pode acompanhar os principais marcos históricos e compreender as mudanças estruturais e operacionais que moldaram a sua evolução. Mais do que um olhar sobre o passado, esta iniciativa destaca o papel fundamental desempenhado pela Guarda Fiscal — e, mais tarde, pela GNR — na proteção da segurança, da ordem pública e do património regional. Ao valorizar a memória institucional partilhada, a exposição pretende reforçar os laços entre a GNR e as comunidades locais, promovendo o conhecimento da sua história no contexto açoriano. A Direção Regional da Cultura informa que este e outros eventos podem ser consultados na Agenda Cultural do Portal Cultura Açores: www.culturaacores.azores.gov.pt">www.culturaacores.azores.gov.pt</a></p>

<p>A Secretaria Regional da Educação, Cultura e Desporto, através da Direção Regional da Cultura (DRC), em colaboração com o Ecomuseu do Corvo e com o Comando Territorial dos Açores da Guarda Nacional Republicana, [&hellip;]</p>
