{"id":4570,"date":"2025-06-16T13:46:25","date_gmt":"2025-06-16T13:46:25","guid":{"rendered":"https:\/\/ecomuseu-corvo.cultura.azores.gov.pt\/?post_type=tribe_events&#038;p=4570"},"modified":"2025-09-16T17:27:54","modified_gmt":"2025-09-16T17:27:54","slug":"encontros-a-quinta-do-corvo-a-diaspora-2","status":"publish","type":"tribe_events","link":"https:\/\/ecomuseu-corvo.cultura.azores.gov.pt\/en\/evento\/encontros-a-quinta-do-corvo-a-diaspora-2\/","title":{"rendered":"Encontros \u00e0 Quinta: do Corvo \u00e0 Di\u00e1spora"},"content":{"rendered":"<div class=\"xdj266r x14z9mp xat24cr x1lziwak x1vvkbs x126k92a\">\n<div dir=\"auto\">Encontros \u00e0 Quinta: do Corvo \u00e0 Di\u00e1spora \u2013 17 de junho<\/div>\n<div dir=\"auto\">O Ecomuseu do Corvo est\u00e1 de regresso com mais uma sess\u00e3o da atividade \u201cEncontros \u00e0 Quinta: do Corvo \u00e0 Di\u00e1spora\u201d, que acontece mensalmente com o prop\u00f3sito de manter vivo o patrim\u00f3nio imaterial da ilha, promover o conv\u00edvio e aproximar os corvinos &#8211; estejam onde estiverem.<\/div>\n<\/div>\n<div class=\"x14z9mp xat24cr x1lziwak x1vvkbs xtlvy1s x126k92a\">\n<div dir=\"auto\">Pr\u00f3ximo encontro: 17 de junho (ter\u00e7a-feira)<\/div>\n<div dir=\"auto\">Hora: 21h00 (hora dos A\u00e7ores)<\/div>\n<div dir=\"auto\">Local: Casa do Tempo \u2013 Ilha do Corvo<\/div>\n<div dir=\"auto\">Ou via Google Meet, para quem est\u00e1 fora da ilha<\/div>\n<\/div>\n<div class=\"x14z9mp xat24cr x1lziwak x1vvkbs xtlvy1s x126k92a\">\n<div dir=\"auto\">Para quem est\u00e1 fora da ilha, basta inscrever-se e receber\u00e1 o link para a sess\u00e3o Google Meet. O formul\u00e1rio de inscri\u00e7\u00e3o est\u00e1 dispon\u00edvel aqui <span class=\"html-span xexx8yu xyri2b x18d9i69 x1c1uobl x1hl2dhg x16tdsg8 x1vvkbs x3nfvp2 x1j61x8r x1fcty0u xdj266r xat24cr xm2jcoa x1mpyi22 xxymvpz xlup9mm x1kky2od\"><img loading=\"lazy\" decoding=\"async\" class=\"xz74otr x15mokao x1ga7v0g x16uus16 xbiv7yw\" src=\"https:\/\/static.xx.fbcdn.net\/images\/emoji.php\/v9\/t4f\/1\/16\/1f447.png\" alt=\"\ud83d\udc47\" width=\"16\" height=\"16\" \/><\/span><\/div>\n<div dir=\"auto\"><span class=\"html-span xdj266r x14z9mp xat24cr x1lziwak xexx8yu xyri2b x18d9i69 x1c1uobl x1hl2dhg x16tdsg8 x1vvkbs\"><a class=\"x1i10hfl xjbqb8w x1ejq31n x18oe1m7 x1sy0etr xstzfhl x972fbf x10w94by x1qhh985 x14e42zd x9f619 x1ypdohk xt0psk2 xe8uvvx xdj266r x14z9mp xat24cr x1lziwak xexx8yu xyri2b x18d9i69 x1c1uobl x16tdsg8 x1hl2dhg xggy1nq x1a2a7pz xkrqix3 x1sur9pj x1fey0fg x1s688f\" tabindex=\"0\" role=\"link\" href=\"https:\/\/forms.office.com\/e\/2fgvur8wwj?fbclid=IwZXh0bgNhZW0CMTAAYnJpZBEwdTZ1RzNONWppRHJzZHE2cwEeilavIjEj14UlhfiA-r39qNI4SwA1tG02yiB06a3rX8OWQ4U9BwweCQEdf9w_aem_eIWhrITjKpVmD7V29GZaiA\" target=\"_blank\" rel=\"nofollow noopener noreferrer\">https:\/\/forms.office.com\/e\/2fgvur8wwj<\/a><\/span><\/div>\n<\/div>\n<div class=\"x14z9mp xat24cr x1lziwak x1vvkbs xtlvy1s x126k92a\">\n<div dir=\"auto\">Durante cada sess\u00e3o, lan\u00e7amos o &#8220;Desafio Falar Corvino&#8221; \u2013 um momento divertido e participativo que p\u00f5e \u00e0 prova os conhecimentos sobre os falares da ilha e serve de ponto de partida para conversas cheias de mem\u00f3rias, hist\u00f3rias e tradi\u00e7\u00f5es.<\/div>\n<\/div>\n<div class=\"x14z9mp xat24cr x1lziwak x1vvkbs xtlvy1s x126k92a\">\n<div dir=\"auto\">Esta \u00e9 tamb\u00e9m a nossa forma de agradecer a todos os que, ao longo dos anos, t\u00eam contribu\u00eddo para a recolha participativa do l\u00e9xico e dos falares do Corvo.<\/div>\n<\/div>\n<div class=\"x14z9mp xat24cr x1lziwak x1vvkbs xtlvy1s x126k92a\">\n<div dir=\"auto\">Contamos convosco, presencialmente ou \u00e0 dist\u00e2ncia.<\/div>\n<div dir=\"auto\">O Ecomuseu somos todos n\u00f3s!<\/div>\n<\/div>","protected":false},"excerpt":{"rendered":"<p>Encontros \u00e0 Quinta: do Corvo \u00e0 Di\u00e1spora \u2013 17 de junho O Ecomuseu do Corvo est\u00e1 de regresso com mais uma sess\u00e3o da atividade \u201cEncontros \u00e0 Quinta: do Corvo \u00e0 [&hellip;]<\/p>\n","protected":false},"author":3,"featured_media":4571,"template":"","meta":{"_tribe_events_status":"","_tribe_events_status_reason":"","footnotes":""},"tags":[],"tribe_events_cat":[37],"class_list":["post-4570","tribe_events","type-tribe_events","status-publish","has-post-thumbnail","hentry","tribe_events_cat-falar-corvino","cat_falar-corvino"],"_links":{"self":[{"href":"https:\/\/ecomuseu-corvo.cultura.azores.gov.pt\/en\/wp-json\/wp\/v2\/tribe_events\/4570","targetHints":{"allow":["GET"]}}],"collection":[{"href":"https:\/\/ecomuseu-corvo.cultura.azores.gov.pt\/en\/wp-json\/wp\/v2\/tribe_events"}],"about":[{"href":"https:\/\/ecomuseu-corvo.cultura.azores.gov.pt\/en\/wp-json\/wp\/v2\/types\/tribe_events"}],"author":[{"embeddable":true,"href":"https:\/\/ecomuseu-corvo.cultura.azores.gov.pt\/en\/wp-json\/wp\/v2\/users\/3"}],"version-history":[{"count":1,"href":"https:\/\/ecomuseu-corvo.cultura.azores.gov.pt\/en\/wp-json\/wp\/v2\/tribe_events\/4570\/revisions"}],"predecessor-version":[{"id":4572,"href":"https:\/\/ecomuseu-corvo.cultura.azores.gov.pt\/en\/wp-json\/wp\/v2\/tribe_events\/4570\/revisions\/4572"}],"wp:featuredmedia":[{"embeddable":true,"href":"https:\/\/ecomuseu-corvo.cultura.azores.gov.pt\/en\/wp-json\/wp\/v2\/media\/4571"}],"wp:attachment":[{"href":"https:\/\/ecomuseu-corvo.cultura.azores.gov.pt\/en\/wp-json\/wp\/v2\/media?parent=4570"}],"wp:term":[{"taxonomy":"post_tag","embeddable":true,"href":"https:\/\/ecomuseu-corvo.cultura.azores.gov.pt\/en\/wp-json\/wp\/v2\/tags?post=4570"},{"taxonomy":"tribe_events_cat","embeddable":true,"href":"https:\/\/ecomuseu-corvo.cultura.azores.gov.pt\/en\/wp-json\/wp\/v2\/tribe_events_cat?post=4570"}],"curies":[{"name":"wp","href":"https:\/\/api.w.org\/{rel}","templated":true}]}}

Encontros à Quinta: do Corvo à Diáspora

<div class="xdj266r x14z9mp xat24cr x1lziwak x1vvkbs x126k92a">
<div dir="auto">Encontros à Quinta: do Corvo à Diáspora – 17 de junho</div>
<div dir="auto">O Ecomuseu do Corvo está de regresso com mais uma sessão da atividade “Encontros à Quinta: do Corvo à Diáspora”, que acontece mensalmente com o propósito de manter vivo o património imaterial da ilha, promover o convívio e aproximar os corvinos &#8211; estejam onde estiverem.</div>
</div>
<div class="x14z9mp xat24cr x1lziwak x1vvkbs xtlvy1s x126k92a">
<div dir="auto">Próximo encontro: 17 de junho (terça-feira)</div>
<div dir="auto">Hora: 21h00 (hora dos Açores)</div>
<div dir="auto">Local: Casa do Tempo – Ilha do Corvo</div>
<div dir="auto">Ou via Google Meet, para quem está fora da ilha</div>
</div>
<div class="x14z9mp xat24cr x1lziwak x1vvkbs xtlvy1s x126k92a">
<div dir="auto">Para quem está fora da ilha, basta inscrever-se e receberá o link para a sessão Google Meet. O formulário de inscrição está disponível aqui <span class="html-span xexx8yu xyri2b x18d9i69 x1c1uobl x1hl2dhg x16tdsg8 x1vvkbs x3nfvp2 x1j61x8r x1fcty0u xdj266r xat24cr xm2jcoa x1mpyi22 xxymvpz xlup9mm x1kky2od"><img loading="lazy" decoding="async" class="xz74otr x15mokao x1ga7v0g x16uus16 xbiv7yw" src="https://static.xx.fbcdn.net/images/emoji.php/v9/t4f/1/16/1f447.png" alt="👇" width="16" height="16" /></span></div>
<div dir="auto"><span class="html-span xdj266r x14z9mp xat24cr x1lziwak xexx8yu xyri2b x18d9i69 x1c1uobl x1hl2dhg x16tdsg8 x1vvkbs"><a class="x1i10hfl xjbqb8w x1ejq31n x18oe1m7 x1sy0etr xstzfhl x972fbf x10w94by x1qhh985 x14e42zd x9f619 x1ypdohk xt0psk2 xe8uvvx xdj266r x14z9mp xat24cr x1lziwak xexx8yu xyri2b x18d9i69 x1c1uobl x16tdsg8 x1hl2dhg xggy1nq x1a2a7pz xkrqix3 x1sur9pj x1fey0fg x1s688f" tabindex="0" role="link" href="https://forms.office.com/e/2fgvur8wwj?fbclid=IwZXh0bgNhZW0CMTAAYnJpZBEwdTZ1RzNONWppRHJzZHE2cwEeilavIjEj14UlhfiA-r39qNI4SwA1tG02yiB06a3rX8OWQ4U9BwweCQEdf9w_aem_eIWhrITjKpVmD7V29GZaiA" target="_blank" rel="nofollow noopener noreferrer">https://forms.office.com/e/2fgvur8wwj</a></span></div>
</div>
<div class="x14z9mp xat24cr x1lziwak x1vvkbs xtlvy1s x126k92a">
<div dir="auto">Durante cada sessão, lançamos o &#8220;Desafio Falar Corvino&#8221; – um momento divertido e participativo que põe à prova os conhecimentos sobre os falares da ilha e serve de ponto de partida para conversas cheias de memórias, histórias e tradições.</div>
</div>
<div class="x14z9mp xat24cr x1lziwak x1vvkbs xtlvy1s x126k92a">
<div dir="auto">Esta é também a nossa forma de agradecer a todos os que, ao longo dos anos, têm contribuído para a recolha participativa do léxico e dos falares do Corvo.</div>
</div>
<div class="x14z9mp xat24cr x1lziwak x1vvkbs xtlvy1s x126k92a">
<div dir="auto">Contamos convosco, presencialmente ou à distância.</div>
<div dir="auto">O Ecomuseu somos todos nós!</div>
</div>

<p>Encontros à Quinta: do Corvo à Diáspora – 17 de junho O Ecomuseu do Corvo está de regresso com mais uma sessão da atividade “Encontros à Quinta: do Corvo à [&hellip;]</p>
