{"id":4404,"date":"2025-05-07T17:35:44","date_gmt":"2025-05-07T17:35:44","guid":{"rendered":"https:\/\/ecomuseu-corvo.cultura.azores.gov.pt\/?post_type=tribe_events&#038;p=4404"},"modified":"2025-05-30T18:07:00","modified_gmt":"2025-05-30T18:07:00","slug":"encontros-a-quinta-do-corvo-a-diaspora","status":"publish","type":"tribe_events","link":"https:\/\/ecomuseu-corvo.cultura.azores.gov.pt\/en\/evento\/encontros-a-quinta-do-corvo-a-diaspora\/","title":{"rendered":"Encontros \u00e0 Quinta- Do Corvo \u00e0 Di\u00e1spora"},"content":{"rendered":"<p>Informa-se que o Ecomuseu do Corvo est\u00e1 de regresso com a atividade &#8220;Encontros \u00e0 Quinta&#8221;.<br \/>\nA partir do dia 29 de maio, vamos encontrar-nos \u00e0s 21h00 na Casa do Tempo, e online, via Zoom, para aqueles que n\u00e3o podem estar presencialmente.<br \/>\nO objetivo \u00e9 manter vivo o patrim\u00f3nio, conviver, aproximar os corvinos que est\u00e3o longe da sua terra e partilhar mem\u00f3rias de tempos antigos.<br \/>\nMensalmente, na quinta-feira agendada, teremos preparado um pequeno desafio: &#8220;Desafio Falar Corvino&#8221; que coloca \u00e0 prova os conhecimentos sobre os falares do Corvo.<br \/>\nEste desafio servir\u00e1 de mote para conversarmos sobre muitas coisas, mas sobretudo de mem\u00f3rias e tradi\u00e7\u00f5es de antigamente.<br \/>\nPara enviarmos o link da sess\u00e3o Zoom necessitamos que se inscrevam e, por isso, solicitamos que preencham alguns dados na ficha de inscri\u00e7\u00e3o dispon\u00edvel na seguinte liga\u00e7\u00e3o: <a href=\"https:\/\/forms.office.com\/e\/2fgvur8wwj\" target=\"_blank\" rel=\"noopener\">https:\/\/forms.office.com\/e\/2fgvur8wwj<\/a><\/p>\n<p>Para a comunidade residente na ilha do Corvo basta comparecerem na Casa do Tempo, \u00e0s 21h00, no dia agendado.<\/p>\n<p>Esta \u00e9, tamb\u00e9m, uma forma de retribuirmos e agradecermos todos os contributos que t\u00eam sido dados, ao longo dos \u00faltimos anos, para a atividade &#8220;Falar Corvino&#8221;- Recolha participativa do l\u00e9xico e dos falares do Corvo.<br \/>\nAgradecemos o interesse e a preciosa colabora\u00e7\u00e3o, pois o Ecomuseu somos todos n\u00f3s!<\/p>","protected":false},"excerpt":{"rendered":"<p>Informa-se que o Ecomuseu do Corvo est\u00e1 de regresso com a atividade &#8220;Encontros \u00e0 Quinta&#8221;. A partir do dia 29 de maio, vamos encontrar-nos \u00e0s 21h00 na Casa do Tempo, [&hellip;]<\/p>\n","protected":false},"author":3,"featured_media":4405,"template":"","meta":{"_tribe_events_status":"","_tribe_events_status_reason":"","footnotes":""},"tags":[],"tribe_events_cat":[],"class_list":["post-4404","tribe_events","type-tribe_events","status-publish","has-post-thumbnail","hentry"],"_links":{"self":[{"href":"https:\/\/ecomuseu-corvo.cultura.azores.gov.pt\/en\/wp-json\/wp\/v2\/tribe_events\/4404","targetHints":{"allow":["GET"]}}],"collection":[{"href":"https:\/\/ecomuseu-corvo.cultura.azores.gov.pt\/en\/wp-json\/wp\/v2\/tribe_events"}],"about":[{"href":"https:\/\/ecomuseu-corvo.cultura.azores.gov.pt\/en\/wp-json\/wp\/v2\/types\/tribe_events"}],"author":[{"embeddable":true,"href":"https:\/\/ecomuseu-corvo.cultura.azores.gov.pt\/en\/wp-json\/wp\/v2\/users\/3"}],"version-history":[{"count":1,"href":"https:\/\/ecomuseu-corvo.cultura.azores.gov.pt\/en\/wp-json\/wp\/v2\/tribe_events\/4404\/revisions"}],"predecessor-version":[{"id":4406,"href":"https:\/\/ecomuseu-corvo.cultura.azores.gov.pt\/en\/wp-json\/wp\/v2\/tribe_events\/4404\/revisions\/4406"}],"wp:featuredmedia":[{"embeddable":true,"href":"https:\/\/ecomuseu-corvo.cultura.azores.gov.pt\/en\/wp-json\/wp\/v2\/media\/4405"}],"wp:attachment":[{"href":"https:\/\/ecomuseu-corvo.cultura.azores.gov.pt\/en\/wp-json\/wp\/v2\/media?parent=4404"}],"wp:term":[{"taxonomy":"post_tag","embeddable":true,"href":"https:\/\/ecomuseu-corvo.cultura.azores.gov.pt\/en\/wp-json\/wp\/v2\/tags?post=4404"},{"taxonomy":"tribe_events_cat","embeddable":true,"href":"https:\/\/ecomuseu-corvo.cultura.azores.gov.pt\/en\/wp-json\/wp\/v2\/tribe_events_cat?post=4404"}],"curies":[{"name":"wp","href":"https:\/\/api.w.org\/{rel}","templated":true}]}}

Encontros à Quinta- Do Corvo à Diáspora

<p>Informa-se que o Ecomuseu do Corvo está de regresso com a atividade &#8220;Encontros à Quinta&#8221;.<br />
A partir do dia 29 de maio, vamos encontrar-nos às 21h00 na Casa do Tempo, e online, via Zoom, para aqueles que não podem estar presencialmente.<br />
O objetivo é manter vivo o património, conviver, aproximar os corvinos que estão longe da sua terra e partilhar memórias de tempos antigos.<br />
Mensalmente, na quinta-feira agendada, teremos preparado um pequeno desafio: &#8220;Desafio Falar Corvino&#8221; que coloca à prova os conhecimentos sobre os falares do Corvo.<br />
Este desafio servirá de mote para conversarmos sobre muitas coisas, mas sobretudo de memórias e tradições de antigamente.<br />
Para enviarmos o link da sessão Zoom necessitamos que se inscrevam e, por isso, solicitamos que preencham alguns dados na ficha de inscrição disponível na seguinte ligação: <a href="https://forms.office.com/e/2fgvur8wwj" target="_blank" rel="noopener">https://forms.office.com/e/2fgvur8wwj</a></p>
<p>Para a comunidade residente na ilha do Corvo basta comparecerem na Casa do Tempo, às 21h00, no dia agendado.</p>
<p>Esta é, também, uma forma de retribuirmos e agradecermos todos os contributos que têm sido dados, ao longo dos últimos anos, para a atividade &#8220;Falar Corvino&#8221;- Recolha participativa do léxico e dos falares do Corvo.<br />
Agradecemos o interesse e a preciosa colaboração, pois o Ecomuseu somos todos nós!</p>

<p>Informa-se que o Ecomuseu do Corvo está de regresso com a atividade &#8220;Encontros à Quinta&#8221;. A partir do dia 29 de maio, vamos encontrar-nos às 21h00 na Casa do Tempo, [&hellip;]</p>
