{"id":4319,"date":"2025-04-10T11:54:00","date_gmt":"2025-04-10T11:54:00","guid":{"rendered":"https:\/\/ecomuseu-corvo.cultura.azores.gov.pt\/?post_type=tribe_events&#038;p=4319"},"modified":"2025-09-16T17:28:36","modified_gmt":"2025-09-16T17:28:36","slug":"https-ecomuseu-corvo-cultura-azores-gov-pt-evento-4319-4319","status":"publish","type":"tribe_events","link":"https:\/\/ecomuseu-corvo.cultura.azores.gov.pt\/en\/evento\/https-ecomuseu-corvo-cultura-azores-gov-pt-evento-4319-4319\/","title":{"rendered":"Dia Internacional dos Monumentos e S\u00edtios"},"content":{"rendered":"<p>No \u00e2mbito das comemora\u00e7\u00f5es do Dia Internacional dos Monumentos e S\u00edtios \u2013 que se comemora anualmente no dia 18 de abril \u2013 o Ecomuseu do Corvo vai antecipar as comemora\u00e7\u00f5es e assinalar esta data no dia 11 de abril, com um circuito interpretativo pelo N\u00facleo Antigo da Vila do Corvo (NAVC) e uma sess\u00e3o de desenho em formato Urban Sketching, alertando para a import\u00e2ncia da preserva\u00e7\u00e3o\/refuncionaliza\u00e7\u00e3o de im\u00f3veis devolutos.<br \/>\nEsta atividade, destina-se aos alunos do 2.\u00ba e 3.\u00ba ciclos da EBS Mouzinho da Silveira.<br \/>\nSer\u00e3o realizadas duas sess\u00f5es. A primeira com in\u00edcio \u00e0s 08h30 e a segunda \u00e0s 12h00, sendo o ponto de encontro a Casa da Vegia.<br \/>\nEste ano, o ICOMOS (Conselho Internacional dos Monumentos e S\u00edtios \u2013 ONG mundial associada \u00e0 UNESCO) selecionou, para assinalar os 60 anos das a\u00e7\u00f5es do ICOMOS, a salvaguarda do patrim\u00f3nio sob amea\u00e7a de cat\u00e1strofes e conflitos, tendo nos seus objetivos futuros preocupa\u00e7\u00f5es em mat\u00e9ria de preven\u00e7\u00e3o, atenua\u00e7\u00e3o, prepara\u00e7\u00e3o e resposta a emerg\u00eancias, que poder\u00e3o ser adotadas para a salvaguardar o patrim\u00f3nio em tempos de crise.<br \/>\nCom esta atividade pretende-se, por um lado, celebrar os 60 anos das a\u00e7\u00f5es do ICOMOS e consciencializar os alunos para a grande diversidade do patrim\u00f3nio e para os esfor\u00e7os necess\u00e1rios para o proteger, permitindo, ainda, chamar a aten\u00e7\u00e3o para a sua preserva\u00e7\u00e3o e reabilita\u00e7\u00e3o.<\/p>","protected":false},"excerpt":{"rendered":"<p>No \u00e2mbito das comemora\u00e7\u00f5es do Dia Internacional dos Monumentos e S\u00edtios \u2013 que se comemora anualmente no dia 18 de abril \u2013 o Ecomuseu do Corvo vai antecipar as comemora\u00e7\u00f5es [&hellip;]<\/p>\n","protected":false},"author":3,"featured_media":4320,"template":"","meta":{"_tribe_events_status":"","_tribe_events_status_reason":"","footnotes":""},"tags":[],"tribe_events_cat":[24],"class_list":["post-4319","tribe_events","type-tribe_events","status-publish","has-post-thumbnail","hentry","tribe_events_cat-datas-comemorativas","cat_datas-comemorativas"],"_links":{"self":[{"href":"https:\/\/ecomuseu-corvo.cultura.azores.gov.pt\/en\/wp-json\/wp\/v2\/tribe_events\/4319","targetHints":{"allow":["GET"]}}],"collection":[{"href":"https:\/\/ecomuseu-corvo.cultura.azores.gov.pt\/en\/wp-json\/wp\/v2\/tribe_events"}],"about":[{"href":"https:\/\/ecomuseu-corvo.cultura.azores.gov.pt\/en\/wp-json\/wp\/v2\/types\/tribe_events"}],"author":[{"embeddable":true,"href":"https:\/\/ecomuseu-corvo.cultura.azores.gov.pt\/en\/wp-json\/wp\/v2\/users\/3"}],"version-history":[{"count":2,"href":"https:\/\/ecomuseu-corvo.cultura.azores.gov.pt\/en\/wp-json\/wp\/v2\/tribe_events\/4319\/revisions"}],"predecessor-version":[{"id":4322,"href":"https:\/\/ecomuseu-corvo.cultura.azores.gov.pt\/en\/wp-json\/wp\/v2\/tribe_events\/4319\/revisions\/4322"}],"wp:featuredmedia":[{"embeddable":true,"href":"https:\/\/ecomuseu-corvo.cultura.azores.gov.pt\/en\/wp-json\/wp\/v2\/media\/4320"}],"wp:attachment":[{"href":"https:\/\/ecomuseu-corvo.cultura.azores.gov.pt\/en\/wp-json\/wp\/v2\/media?parent=4319"}],"wp:term":[{"taxonomy":"post_tag","embeddable":true,"href":"https:\/\/ecomuseu-corvo.cultura.azores.gov.pt\/en\/wp-json\/wp\/v2\/tags?post=4319"},{"taxonomy":"tribe_events_cat","embeddable":true,"href":"https:\/\/ecomuseu-corvo.cultura.azores.gov.pt\/en\/wp-json\/wp\/v2\/tribe_events_cat?post=4319"}],"curies":[{"name":"wp","href":"https:\/\/api.w.org\/{rel}","templated":true}]}}

Dia Internacional dos Monumentos e Sítios

<p>No âmbito das comemorações do Dia Internacional dos Monumentos e Sítios – que se comemora anualmente no dia 18 de abril – o Ecomuseu do Corvo vai antecipar as comemorações e assinalar esta data no dia 11 de abril, com um circuito interpretativo pelo Núcleo Antigo da Vila do Corvo (NAVC) e uma sessão de desenho em formato Urban Sketching, alertando para a importância da preservação/refuncionalização de imóveis devolutos.<br />
Esta atividade, destina-se aos alunos do 2.º e 3.º ciclos da EBS Mouzinho da Silveira.<br />
Serão realizadas duas sessões. A primeira com início às 08h30 e a segunda às 12h00, sendo o ponto de encontro a Casa da Vegia.<br />
Este ano, o ICOMOS (Conselho Internacional dos Monumentos e Sítios – ONG mundial associada à UNESCO) selecionou, para assinalar os 60 anos das ações do ICOMOS, a salvaguarda do património sob ameaça de catástrofes e conflitos, tendo nos seus objetivos futuros preocupações em matéria de prevenção, atenuação, preparação e resposta a emergências, que poderão ser adotadas para a salvaguardar o património em tempos de crise.<br />
Com esta atividade pretende-se, por um lado, celebrar os 60 anos das ações do ICOMOS e consciencializar os alunos para a grande diversidade do património e para os esforços necessários para o proteger, permitindo, ainda, chamar a atenção para a sua preservação e reabilitação.</p>

<p>No âmbito das comemorações do Dia Internacional dos Monumentos e Sítios – que se comemora anualmente no dia 18 de abril – o Ecomuseu do Corvo vai antecipar as comemorações [&hellip;]</p>
