{"id":4203,"date":"2025-02-17T18:40:06","date_gmt":"2025-02-17T19:40:06","guid":{"rendered":"https:\/\/ecomuseu-corvo.cultura.azores.gov.pt\/?post_type=tribe_events&#038;p=4203"},"modified":"2025-02-19T12:41:44","modified_gmt":"2025-02-19T13:41:44","slug":"artistas-no-ecomuseu-11","status":"publish","type":"tribe_events","link":"https:\/\/ecomuseu-corvo.cultura.azores.gov.pt\/en\/evento\/artistas-no-ecomuseu-11\/","title":{"rendered":"Artistas no Ecomuseu"},"content":{"rendered":"<div class=\"\" data-block=\"true\" data-editor=\"at3mh\" data-offset-key=\"cksr1-0-0\">\n<div class=\"_1mf _1mj\" data-offset-key=\"cksr1-0-0\"><span data-offset-key=\"cksr1-0-0\">Contamos com os \u201cArtistas no Ecomuseu\u201d, no dia 18 de fevereiro, a partir das 09h30, para mais uma atividade muito criativa, desta feita alusiva ao &#8220;Dia Internacional da Baleia&#8221;, que se assinala anualmente no dia 18 de fevereiro. <\/span><\/div>\n<\/div>\n<div class=\"\" data-block=\"true\" data-editor=\"at3mh\" data-offset-key=\"2llm3-0-0\">\n<div class=\"_1mf _1mj\" data-offset-key=\"2llm3-0-0\"><span data-offset-key=\"2llm3-0-0\">Com esta atividade pretende-se dar a conhecer aos nossos mais pequenos algumas hist\u00f3rias associadas balea\u00e7\u00e3o e ao patrim\u00f3nio baleeiro dos A\u00e7ores e da ilha do Corvo, bem como alertar para a import\u00e2ncia do compromisso com a conserva\u00e7\u00e3o da vida marinha, destacando o valor destes grandes mam\u00edferos aqu\u00e1ticos. <\/span><\/div>\n<\/div>\n<div class=\"\" data-block=\"true\" data-editor=\"at3mh\" data-offset-key=\"8h6i4-0-0\">\n<div class=\"_1mf _1mj\" data-offset-key=\"8h6i4-0-0\"><span data-offset-key=\"8h6i4-0-0\">C\u00e1 vos esperamos para mais uma manh\u00e3 educativa e divertida.<\/span><\/div>\n<\/div>","protected":false},"excerpt":{"rendered":"<p>Contamos com os \u201cArtistas no Ecomuseu\u201d, no dia 18 de fevereiro, a partir das 09h30, para mais uma atividade muito criativa, desta feita alusiva ao &#8220;Dia Internacional da Baleia&#8221;, que [&hellip;]<\/p>\n","protected":false},"author":3,"featured_media":4204,"template":"","meta":{"_tribe_events_status":"","_tribe_events_status_reason":"","footnotes":""},"tags":[],"tribe_events_cat":[33,30],"class_list":["post-4203","tribe_events","type-tribe_events","status-publish","has-post-thumbnail","hentry","tribe_events_cat-patrimonio","tribe_events_cat-servico-educativo","cat_patrimonio","cat_servico-educativo"],"_links":{"self":[{"href":"https:\/\/ecomuseu-corvo.cultura.azores.gov.pt\/en\/wp-json\/wp\/v2\/tribe_events\/4203","targetHints":{"allow":["GET"]}}],"collection":[{"href":"https:\/\/ecomuseu-corvo.cultura.azores.gov.pt\/en\/wp-json\/wp\/v2\/tribe_events"}],"about":[{"href":"https:\/\/ecomuseu-corvo.cultura.azores.gov.pt\/en\/wp-json\/wp\/v2\/types\/tribe_events"}],"author":[{"embeddable":true,"href":"https:\/\/ecomuseu-corvo.cultura.azores.gov.pt\/en\/wp-json\/wp\/v2\/users\/3"}],"version-history":[{"count":1,"href":"https:\/\/ecomuseu-corvo.cultura.azores.gov.pt\/en\/wp-json\/wp\/v2\/tribe_events\/4203\/revisions"}],"predecessor-version":[{"id":4205,"href":"https:\/\/ecomuseu-corvo.cultura.azores.gov.pt\/en\/wp-json\/wp\/v2\/tribe_events\/4203\/revisions\/4205"}],"wp:featuredmedia":[{"embeddable":true,"href":"https:\/\/ecomuseu-corvo.cultura.azores.gov.pt\/en\/wp-json\/wp\/v2\/media\/4204"}],"wp:attachment":[{"href":"https:\/\/ecomuseu-corvo.cultura.azores.gov.pt\/en\/wp-json\/wp\/v2\/media?parent=4203"}],"wp:term":[{"taxonomy":"post_tag","embeddable":true,"href":"https:\/\/ecomuseu-corvo.cultura.azores.gov.pt\/en\/wp-json\/wp\/v2\/tags?post=4203"},{"taxonomy":"tribe_events_cat","embeddable":true,"href":"https:\/\/ecomuseu-corvo.cultura.azores.gov.pt\/en\/wp-json\/wp\/v2\/tribe_events_cat?post=4203"}],"curies":[{"name":"wp","href":"https:\/\/api.w.org\/{rel}","templated":true}]}}

<div class="" data-block="true" data-editor="at3mh" data-offset-key="cksr1-0-0">
<div class="_1mf _1mj" data-offset-key="cksr1-0-0"><span data-offset-key="cksr1-0-0">Contamos com os “Artistas no Ecomuseu”, no dia 18 de fevereiro, a partir das 09h30, para mais uma atividade muito criativa, desta feita alusiva ao &#8220;Dia Internacional da Baleia&#8221;, que se assinala anualmente no dia 18 de fevereiro. </span></div>
</div>
<div class="" data-block="true" data-editor="at3mh" data-offset-key="2llm3-0-0">
<div class="_1mf _1mj" data-offset-key="2llm3-0-0"><span data-offset-key="2llm3-0-0">Com esta atividade pretende-se dar a conhecer aos nossos mais pequenos algumas histórias associadas baleação e ao património baleeiro dos Açores e da ilha do Corvo, bem como alertar para a importância do compromisso com a conservação da vida marinha, destacando o valor destes grandes mamíferos aquáticos. </span></div>
</div>
<div class="" data-block="true" data-editor="at3mh" data-offset-key="8h6i4-0-0">
<div class="_1mf _1mj" data-offset-key="8h6i4-0-0"><span data-offset-key="8h6i4-0-0">Cá vos esperamos para mais uma manhã educativa e divertida.</span></div>
</div>
