{"id":4122,"date":"2024-12-11T18:37:12","date_gmt":"2024-12-11T19:37:12","guid":{"rendered":"https:\/\/ecomuseu-corvo.cultura.azores.gov.pt\/?post_type=tribe_events&#038;p=4122"},"modified":"2024-12-15T20:53:34","modified_gmt":"2024-12-15T21:53:34","slug":"encontros-com-memoria-2","status":"publish","type":"tribe_events","link":"https:\/\/ecomuseu-corvo.cultura.azores.gov.pt\/en\/evento\/encontros-com-memoria-2\/","title":{"rendered":"Encontros com Mem\u00f3ria"},"content":{"rendered":"<div dir=\"auto\">Dia 12 de dezembro pela 15h30, iremos realizar o \u00faltimo &#8220;Encontros com Mem\u00f3ria&#8221; de 2024.<\/div>\n<div dir=\"auto\">Iniciamos esta atividade a 11 de outubro de 2023 e, mensamente, marcamos encontro com os nossos anci\u00e3os, para com eles interagirmos e recordarmos, atrav\u00e9s de diversas atividades, tempos e viv\u00eancias de antigamente.<\/div>\n<div dir=\"auto\">Para amanh\u00e3 temos reservada uma pequena surpresa, pois eles merecem!<\/div>\n<div dir=\"auto\">Esta \u00e9 uma atividade que tem como objetivos principais a cria\u00e7\u00e3o de momentos de conv\u00edvio com os idosos, que propiciem a retoma de hist\u00f3rias e mem\u00f3rias passadas, bem como proporcionar situa\u00e7\u00f5es de bem-estar social, que quebrem a monotonia do quotidiano e que permitam incrementar o relacionamento intergeracional.<\/div>","protected":false},"excerpt":{"rendered":"<p>Dia 12 de dezembro pela 15h30, iremos realizar o \u00faltimo &#8220;Encontros com Mem\u00f3ria&#8221; de 2024. Iniciamos esta atividade a 11 de outubro de 2023 e, mensamente, marcamos encontro com os [&hellip;]<\/p>\n","protected":false},"author":3,"featured_media":4123,"template":"","meta":{"_tribe_events_status":"","_tribe_events_status_reason":"","footnotes":""},"tags":[],"tribe_events_cat":[60],"class_list":["post-4122","tribe_events","type-tribe_events","status-publish","has-post-thumbnail","hentry","tribe_events_cat-projeto-social","cat_projeto-social"],"_links":{"self":[{"href":"https:\/\/ecomuseu-corvo.cultura.azores.gov.pt\/en\/wp-json\/wp\/v2\/tribe_events\/4122","targetHints":{"allow":["GET"]}}],"collection":[{"href":"https:\/\/ecomuseu-corvo.cultura.azores.gov.pt\/en\/wp-json\/wp\/v2\/tribe_events"}],"about":[{"href":"https:\/\/ecomuseu-corvo.cultura.azores.gov.pt\/en\/wp-json\/wp\/v2\/types\/tribe_events"}],"author":[{"embeddable":true,"href":"https:\/\/ecomuseu-corvo.cultura.azores.gov.pt\/en\/wp-json\/wp\/v2\/users\/3"}],"version-history":[{"count":1,"href":"https:\/\/ecomuseu-corvo.cultura.azores.gov.pt\/en\/wp-json\/wp\/v2\/tribe_events\/4122\/revisions"}],"predecessor-version":[{"id":4124,"href":"https:\/\/ecomuseu-corvo.cultura.azores.gov.pt\/en\/wp-json\/wp\/v2\/tribe_events\/4122\/revisions\/4124"}],"wp:featuredmedia":[{"embeddable":true,"href":"https:\/\/ecomuseu-corvo.cultura.azores.gov.pt\/en\/wp-json\/wp\/v2\/media\/4123"}],"wp:attachment":[{"href":"https:\/\/ecomuseu-corvo.cultura.azores.gov.pt\/en\/wp-json\/wp\/v2\/media?parent=4122"}],"wp:term":[{"taxonomy":"post_tag","embeddable":true,"href":"https:\/\/ecomuseu-corvo.cultura.azores.gov.pt\/en\/wp-json\/wp\/v2\/tags?post=4122"},{"taxonomy":"tribe_events_cat","embeddable":true,"href":"https:\/\/ecomuseu-corvo.cultura.azores.gov.pt\/en\/wp-json\/wp\/v2\/tribe_events_cat?post=4122"}],"curies":[{"name":"wp","href":"https:\/\/api.w.org\/{rel}","templated":true}]}}

Encontros com Memória

<div dir="auto">Dia 12 de dezembro pela 15h30, iremos realizar o último &#8220;Encontros com Memória&#8221; de 2024.</div>
<div dir="auto">Iniciamos esta atividade a 11 de outubro de 2023 e, mensamente, marcamos encontro com os nossos anciãos, para com eles interagirmos e recordarmos, através de diversas atividades, tempos e vivências de antigamente.</div>
<div dir="auto">Para amanhã temos reservada uma pequena surpresa, pois eles merecem!</div>
<div dir="auto">Esta é uma atividade que tem como objetivos principais a criação de momentos de convívio com os idosos, que propiciem a retoma de histórias e memórias passadas, bem como proporcionar situações de bem-estar social, que quebrem a monotonia do quotidiano e que permitam incrementar o relacionamento intergeracional.</div>

<p>Dia 12 de dezembro pela 15h30, iremos realizar o último &#8220;Encontros com Memória&#8221; de 2024. Iniciamos esta atividade a 11 de outubro de 2023 e, mensamente, marcamos encontro com os [&hellip;]</p>
