{"id":4099,"date":"2024-12-10T15:00:52","date_gmt":"2024-12-10T16:00:52","guid":{"rendered":"https:\/\/ecomuseu-corvo.cultura.azores.gov.pt\/?post_type=tribe_events&#038;p=4099"},"modified":"2025-01-24T13:27:45","modified_gmt":"2025-01-24T14:27:45","slug":"bazar-de-natal-ferias-de-natal-no-ecomuseu","status":"publish","type":"tribe_events","link":"https:\/\/ecomuseu-corvo.cultura.azores.gov.pt\/en\/evento\/bazar-de-natal-ferias-de-natal-no-ecomuseu\/","title":{"rendered":"Bazar de Natal &#8211; Fa\u00e7a uma Crian\u00e7a Feliz"},"content":{"rendered":"<p>\u201cFa\u00e7a uma Crian\u00e7a Feliz\u201d \u00e9 a tem\u00e1tica para a realiza\u00e7\u00e3o do Bazar de Natal 2024, que se ir\u00e1 concretizar, no \u00e2mbito da atividade \u201c<a href=\"https:\/\/ecomuseu-corvo.cultura.azores.gov.pt\/en\/evento\/ferias-do-natal-o-ecomuseu\/\" target=\"_blank\" rel=\"noopener\" data-cke-saved-href=\"https:\/\/ecomuseu-corvo.cultura.azores.gov.pt\/evento\/ferias-do-natal-o-ecomuseu\/\">F\u00e9rias de Natal no Ecomuseu<\/a>\u201d, no pr\u00f3ximo dia 23 de dezembro de 2024, a partir das 14h30, no Pavilh\u00e3o Multiusos do Corvo.<br \/>\nA corrente de generosidade \u201c<a href=\"https:\/\/ecomuseu-corvo.cultura.azores.gov.pt\/en\/evento\/este-natal-faca-uma-crianca-feliz\/\" target=\"_blank\" rel=\"noopener\" data-cke-saved-href=\"https:\/\/ecomuseu-corvo.cultura.azores.gov.pt\/evento\/este-natal-faca-uma-crianca-feliz\/\">Fa\u00e7a uma Crian\u00e7a Feliz<\/a>\u201d permitiu reunir, v\u00e1rias\u00a0e diversificadas, ofertas que nos permitir\u00e1 presentear as crian\u00e7as.<br \/>\nPara podermos distribuir as diferentes ofertas ser\u00e3o organizados, no bazar, um diversificado leque de jogos tradicionais, onde as crian\u00e7as podem ganhar as suas \u201csortes\u201d e assim ter acesso equitativo aos v\u00e1rios presentes de Natal.<br \/>\nCada crian\u00e7a inscrita nesta atividade ir\u00e1, ainda, receber um presente de Natal oferecido pela generosidade das pessoas da comunidade, do com\u00e9rcio local e da<a href=\"https:\/\/www.n9v.pt\/\" data-cke-saved-href=\"https:\/\/www.n9v.pt\/\">\u00a0N9v<\/a>, que contribu\u00edram para esta corrente solid\u00e1ria e generosa.<br \/>\nNeste dia as crian\u00e7as ir\u00e3o, tamb\u00e9m, decorar a \u00e1rvore de Natal do Ecomuseu\u00a0com enfeites concebidos por elas,\u00a0 na primeira sess\u00e3o das f\u00e9rias que ir\u00e1 ocorrer no dia 20 de dezembro, recorrendo a materiais reutiliz\u00e1veis.<br \/>\nCom estas atividades pretendemos realizar atividades educativas que estimulem a consci\u00eancia patrimonial e ambiental, assim como a solidariedade e a amizade que devem prevalecer, n\u00e3o s\u00f3 na \u00e9poca de Natal, mas em todos os dias do ano ao longo da nossa vida.<\/p>","protected":false},"excerpt":{"rendered":"<p>\u201cFa\u00e7a uma Crian\u00e7a Feliz\u201d \u00e9 a tem\u00e1tica para a realiza\u00e7\u00e3o do Bazar de Natal 2024, que se ir\u00e1 concretizar, no \u00e2mbito da atividade \u201cF\u00e9rias de Natal no Ecomuseu\u201d, no pr\u00f3ximo [&hellip;]<\/p>\n","protected":false},"author":3,"featured_media":4104,"template":"","meta":{"_tribe_events_status":"","_tribe_events_status_reason":"","footnotes":""},"tags":[],"tribe_events_cat":[34],"class_list":["post-4099","tribe_events","type-tribe_events","status-publish","has-post-thumbnail","hentry","tribe_events_cat-ferias-no-ecomuseu","cat_ferias-no-ecomuseu"],"_links":{"self":[{"href":"https:\/\/ecomuseu-corvo.cultura.azores.gov.pt\/en\/wp-json\/wp\/v2\/tribe_events\/4099","targetHints":{"allow":["GET"]}}],"collection":[{"href":"https:\/\/ecomuseu-corvo.cultura.azores.gov.pt\/en\/wp-json\/wp\/v2\/tribe_events"}],"about":[{"href":"https:\/\/ecomuseu-corvo.cultura.azores.gov.pt\/en\/wp-json\/wp\/v2\/types\/tribe_events"}],"author":[{"embeddable":true,"href":"https:\/\/ecomuseu-corvo.cultura.azores.gov.pt\/en\/wp-json\/wp\/v2\/users\/3"}],"version-history":[{"count":5,"href":"https:\/\/ecomuseu-corvo.cultura.azores.gov.pt\/en\/wp-json\/wp\/v2\/tribe_events\/4099\/revisions"}],"predecessor-version":[{"id":4107,"href":"https:\/\/ecomuseu-corvo.cultura.azores.gov.pt\/en\/wp-json\/wp\/v2\/tribe_events\/4099\/revisions\/4107"}],"wp:featuredmedia":[{"embeddable":true,"href":"https:\/\/ecomuseu-corvo.cultura.azores.gov.pt\/en\/wp-json\/wp\/v2\/media\/4104"}],"wp:attachment":[{"href":"https:\/\/ecomuseu-corvo.cultura.azores.gov.pt\/en\/wp-json\/wp\/v2\/media?parent=4099"}],"wp:term":[{"taxonomy":"post_tag","embeddable":true,"href":"https:\/\/ecomuseu-corvo.cultura.azores.gov.pt\/en\/wp-json\/wp\/v2\/tags?post=4099"},{"taxonomy":"tribe_events_cat","embeddable":true,"href":"https:\/\/ecomuseu-corvo.cultura.azores.gov.pt\/en\/wp-json\/wp\/v2\/tribe_events_cat?post=4099"}],"curies":[{"name":"wp","href":"https:\/\/api.w.org\/{rel}","templated":true}]}}

Bazar de Natal &#8211; Faça uma Criança Feliz

<p>“Faça uma Criança Feliz” é a temática para a realização do Bazar de Natal 2024, que se irá concretizar, no âmbito da atividade “<a href="https://ecomuseu-corvo.cultura.azores.gov.pt/en/evento/ferias-do-natal-o-ecomuseu/" target="_blank" rel="noopener" data-cke-saved-href="https://ecomuseu-corvo.cultura.azores.gov.pt/evento/ferias-do-natal-o-ecomuseu/">Férias de Natal no Ecomuseu</a>”, no próximo dia 23 de dezembro de 2024, a partir das 14h30, no Pavilhão Multiusos do Corvo.<br />
A corrente de generosidade “<a href="https://ecomuseu-corvo.cultura.azores.gov.pt/en/evento/este-natal-faca-uma-crianca-feliz/" target="_blank" rel="noopener" data-cke-saved-href="https://ecomuseu-corvo.cultura.azores.gov.pt/evento/este-natal-faca-uma-crianca-feliz/">Faça uma Criança Feliz</a>” permitiu reunir, várias e diversificadas, ofertas que nos permitirá presentear as crianças.<br />
Para podermos distribuir as diferentes ofertas serão organizados, no bazar, um diversificado leque de jogos tradicionais, onde as crianças podem ganhar as suas “sortes” e assim ter acesso equitativo aos vários presentes de Natal.<br />
Cada criança inscrita nesta atividade irá, ainda, receber um presente de Natal oferecido pela generosidade das pessoas da comunidade, do comércio local e da<a href="https://www.n9v.pt/" data-cke-saved-href="https://www.n9v.pt/"> N9v</a>, que contribuíram para esta corrente solidária e generosa.<br />
Neste dia as crianças irão, também, decorar a árvore de Natal do Ecomuseu com enfeites concebidos por elas,  na primeira sessão das férias que irá ocorrer no dia 20 de dezembro, recorrendo a materiais reutilizáveis.<br />
Com estas atividades pretendemos realizar atividades educativas que estimulem a consciência patrimonial e ambiental, assim como a solidariedade e a amizade que devem prevalecer, não só na época de Natal, mas em todos os dias do ano ao longo da nossa vida.</p>

<p>“Faça uma Criança Feliz” é a temática para a realização do Bazar de Natal 2024, que se irá concretizar, no âmbito da atividade “Férias de Natal no Ecomuseu”, no próximo [&hellip;]</p>
