{"id":4096,"date":"2024-12-09T15:58:00","date_gmt":"2024-12-09T16:58:00","guid":{"rendered":"https:\/\/ecomuseu-corvo.cultura.azores.gov.pt\/?post_type=tribe_events&#038;p=4096"},"modified":"2024-12-10T15:01:45","modified_gmt":"2024-12-10T16:01:45","slug":"artistas-no-ecomuseu-9","status":"publish","type":"tribe_events","link":"https:\/\/ecomuseu-corvo.cultura.azores.gov.pt\/en\/evento\/artistas-no-ecomuseu-9\/","title":{"rendered":"Artistas no Ecomuseu"},"content":{"rendered":"<div class=\"\" data-block=\"true\" data-editor=\"9ia5\" data-offset-key=\"3rd9t-0-0\">\n<div class=\"_1mf _1mj\" data-offset-key=\"3rd9t-0-0\"><span data-offset-key=\"3rd9t-0-0\">Como o agendado, contamos com os \u201cArtistas no Ecomuseu\u201d, no dia 10 de dezembro, a partir das 09h30, para mais uma atividade muito criativa, desta feita alusiva \u00e0 \u00e9poca natal\u00edcia. <\/span><\/div>\n<\/div>\n<div class=\"\" data-block=\"true\" data-editor=\"9ia5\" data-offset-key=\"e4u48-0-0\">\n<div class=\"_1mf _1mj\" data-offset-key=\"e4u48-0-0\"><span data-offset-key=\"e4u48-0-0\">C\u00e1 vos esperamos para mais uma manh\u00e3 educativa e divertida.<\/span><\/div>\n<\/div>\n<div class=\"\" data-block=\"true\" data-editor=\"9ia5\" data-offset-key=\"ehma1-0-0\">\n<div class=\"_1mf _1mj\" data-offset-key=\"ehma1-0-0\"><\/div>\n<\/div>","protected":false},"excerpt":{"rendered":"<p>Como o agendado, contamos com os \u201cArtistas no Ecomuseu\u201d, no dia 10 de dezembro, a partir das 09h30, para mais uma atividade muito criativa, desta feita alusiva \u00e0 \u00e9poca natal\u00edcia. [&hellip;]<\/p>\n","protected":false},"author":3,"featured_media":4097,"template":"","meta":{"_tribe_events_status":"","_tribe_events_status_reason":"","footnotes":""},"tags":[],"tribe_events_cat":[30],"class_list":["post-4096","tribe_events","type-tribe_events","status-publish","has-post-thumbnail","hentry","tribe_events_cat-servico-educativo","cat_servico-educativo"],"_links":{"self":[{"href":"https:\/\/ecomuseu-corvo.cultura.azores.gov.pt\/en\/wp-json\/wp\/v2\/tribe_events\/4096","targetHints":{"allow":["GET"]}}],"collection":[{"href":"https:\/\/ecomuseu-corvo.cultura.azores.gov.pt\/en\/wp-json\/wp\/v2\/tribe_events"}],"about":[{"href":"https:\/\/ecomuseu-corvo.cultura.azores.gov.pt\/en\/wp-json\/wp\/v2\/types\/tribe_events"}],"author":[{"embeddable":true,"href":"https:\/\/ecomuseu-corvo.cultura.azores.gov.pt\/en\/wp-json\/wp\/v2\/users\/3"}],"version-history":[{"count":1,"href":"https:\/\/ecomuseu-corvo.cultura.azores.gov.pt\/en\/wp-json\/wp\/v2\/tribe_events\/4096\/revisions"}],"predecessor-version":[{"id":4098,"href":"https:\/\/ecomuseu-corvo.cultura.azores.gov.pt\/en\/wp-json\/wp\/v2\/tribe_events\/4096\/revisions\/4098"}],"wp:featuredmedia":[{"embeddable":true,"href":"https:\/\/ecomuseu-corvo.cultura.azores.gov.pt\/en\/wp-json\/wp\/v2\/media\/4097"}],"wp:attachment":[{"href":"https:\/\/ecomuseu-corvo.cultura.azores.gov.pt\/en\/wp-json\/wp\/v2\/media?parent=4096"}],"wp:term":[{"taxonomy":"post_tag","embeddable":true,"href":"https:\/\/ecomuseu-corvo.cultura.azores.gov.pt\/en\/wp-json\/wp\/v2\/tags?post=4096"},{"taxonomy":"tribe_events_cat","embeddable":true,"href":"https:\/\/ecomuseu-corvo.cultura.azores.gov.pt\/en\/wp-json\/wp\/v2\/tribe_events_cat?post=4096"}],"curies":[{"name":"wp","href":"https:\/\/api.w.org\/{rel}","templated":true}]}}

<div class="" data-block="true" data-editor="9ia5" data-offset-key="3rd9t-0-0">
<div class="_1mf _1mj" data-offset-key="3rd9t-0-0"><span data-offset-key="3rd9t-0-0">Como o agendado, contamos com os “Artistas no Ecomuseu”, no dia 10 de dezembro, a partir das 09h30, para mais uma atividade muito criativa, desta feita alusiva à época natalícia. </span></div>
</div>
<div class="" data-block="true" data-editor="9ia5" data-offset-key="e4u48-0-0">
<div class="_1mf _1mj" data-offset-key="e4u48-0-0"><span data-offset-key="e4u48-0-0">Cá vos esperamos para mais uma manhã educativa e divertida.</span></div>
</div>
<div class="" data-block="true" data-editor="9ia5" data-offset-key="ehma1-0-0">
<div class="_1mf _1mj" data-offset-key="ehma1-0-0"></div>
</div>

<p>Como o agendado, contamos com os “Artistas no Ecomuseu”, no dia 10 de dezembro, a partir das 09h30, para mais uma atividade muito criativa, desta feita alusiva à época natalícia. [&hellip;]</p>
