{"id":4075,"date":"2024-11-27T12:09:55","date_gmt":"2024-11-27T13:09:55","guid":{"rendered":"https:\/\/ecomuseu-corvo.cultura.azores.gov.pt\/?post_type=tribe_events&#038;p=4075"},"modified":"2024-11-27T12:09:55","modified_gmt":"2024-11-27T13:09:55","slug":"sole-mio-antologia-digital-de-fotografia-solar","status":"publish","type":"tribe_events","link":"https:\/\/ecomuseu-corvo.cultura.azores.gov.pt\/en\/evento\/sole-mio-antologia-digital-de-fotografia-solar\/","title":{"rendered":"Sole Mio- Antologia Digital de Fotografia Solar"},"content":{"rendered":"<div dir=\"auto\">SOLE MIO (Alexandre Sampaio, 2021\/2022 e 2023\/2024), \u00e9 um dos \u201cprojetos culturais com interesse relevante para a preserva\u00e7\u00e3o, valoriza\u00e7\u00e3o, promo\u00e7\u00e3o e divulga\u00e7\u00e3o da Regi\u00e3o Aut\u00f3noma dos A\u00e7ores\u201d, cofinanciado pelo Governo Regional dos A\u00e7ores, com o apoio da Dire\u00e7\u00e3o Regional da Cultura, propondo-se a construir um corpo de imagens do territ\u00f3rio, em t\u00e9cnica de fotografia solar, no per\u00edodo compreendido entre junho e dezembro de 2021, nas ilhas de Santa Maria e Corvo e 2023\/2024 nas ilhas das Flores e Graciosa.<\/div>\n<div dir=\"auto\">Para saber mais visite a Antologia Digital que compila imagens deste projeto de fotografia Solar intitulada &#8220;Sole Mio&#8221;.<\/div>\n<div dir=\"auto\">Projeto digital patente ao p\u00fablico at\u00e9 ao dia 23 de dezembro de 2024, no seguinte hor\u00e1rio:<\/div>\n<div dir=\"auto\">De segunda a sexta-feira, entre 10h30 e as 12h30 e as 14h30 e as 17h00.<\/div>","protected":false},"excerpt":{"rendered":"<p>SOLE MIO (Alexandre Sampaio, 2021\/2022 e 2023\/2024), \u00e9 um dos \u201cprojetos culturais com interesse relevante para a preserva\u00e7\u00e3o, valoriza\u00e7\u00e3o, promo\u00e7\u00e3o e divulga\u00e7\u00e3o da Regi\u00e3o Aut\u00f3noma dos A\u00e7ores\u201d, cofinanciado pelo Governo [&hellip;]<\/p>\n","protected":false},"author":3,"featured_media":4076,"template":"","meta":{"_tribe_events_status":"","_tribe_events_status_reason":"","footnotes":""},"tags":[],"tribe_events_cat":[59],"class_list":["post-4075","tribe_events","type-tribe_events","status-publish","has-post-thumbnail","hentry","tribe_events_cat-projeto-digital","cat_projeto-digital"],"_links":{"self":[{"href":"https:\/\/ecomuseu-corvo.cultura.azores.gov.pt\/en\/wp-json\/wp\/v2\/tribe_events\/4075","targetHints":{"allow":["GET"]}}],"collection":[{"href":"https:\/\/ecomuseu-corvo.cultura.azores.gov.pt\/en\/wp-json\/wp\/v2\/tribe_events"}],"about":[{"href":"https:\/\/ecomuseu-corvo.cultura.azores.gov.pt\/en\/wp-json\/wp\/v2\/types\/tribe_events"}],"author":[{"embeddable":true,"href":"https:\/\/ecomuseu-corvo.cultura.azores.gov.pt\/en\/wp-json\/wp\/v2\/users\/3"}],"version-history":[{"count":1,"href":"https:\/\/ecomuseu-corvo.cultura.azores.gov.pt\/en\/wp-json\/wp\/v2\/tribe_events\/4075\/revisions"}],"predecessor-version":[{"id":4077,"href":"https:\/\/ecomuseu-corvo.cultura.azores.gov.pt\/en\/wp-json\/wp\/v2\/tribe_events\/4075\/revisions\/4077"}],"wp:featuredmedia":[{"embeddable":true,"href":"https:\/\/ecomuseu-corvo.cultura.azores.gov.pt\/en\/wp-json\/wp\/v2\/media\/4076"}],"wp:attachment":[{"href":"https:\/\/ecomuseu-corvo.cultura.azores.gov.pt\/en\/wp-json\/wp\/v2\/media?parent=4075"}],"wp:term":[{"taxonomy":"post_tag","embeddable":true,"href":"https:\/\/ecomuseu-corvo.cultura.azores.gov.pt\/en\/wp-json\/wp\/v2\/tags?post=4075"},{"taxonomy":"tribe_events_cat","embeddable":true,"href":"https:\/\/ecomuseu-corvo.cultura.azores.gov.pt\/en\/wp-json\/wp\/v2\/tribe_events_cat?post=4075"}],"curies":[{"name":"wp","href":"https:\/\/api.w.org\/{rel}","templated":true}]}}

<div dir="auto">SOLE MIO (Alexandre Sampaio, 2021/2022 e 2023/2024), é um dos “projetos culturais com interesse relevante para a preservação, valorização, promoção e divulgação da Região Autónoma dos Açores”, cofinanciado pelo Governo Regional dos Açores, com o apoio da Direção Regional da Cultura, propondo-se a construir um corpo de imagens do território, em técnica de fotografia solar, no período compreendido entre junho e dezembro de 2021, nas ilhas de Santa Maria e Corvo e 2023/2024 nas ilhas das Flores e Graciosa.</div>
<div dir="auto">Para saber mais visite a Antologia Digital que compila imagens deste projeto de fotografia Solar intitulada &#8220;Sole Mio&#8221;.</div>
<div dir="auto">Projeto digital patente ao público até ao dia 23 de dezembro de 2024, no seguinte horário:</div>
<div dir="auto">De segunda a sexta-feira, entre 10h30 e as 12h30 e as 14h30 e as 17h00.</div>

<p>SOLE MIO (Alexandre Sampaio, 2021/2022 e 2023/2024), é um dos “projetos culturais com interesse relevante para a preservação, valorização, promoção e divulgação da Região Autónoma dos Açores”, cofinanciado pelo Governo [&hellip;]</p>
