{"id":3671,"date":"2024-06-13T19:14:37","date_gmt":"2024-06-13T19:14:37","guid":{"rendered":"https:\/\/ecomuseu-corvo.cultura.azores.gov.pt\/?post_type=tribe_events&#038;p=3671"},"modified":"2024-06-13T19:14:37","modified_gmt":"2024-06-13T19:14:37","slug":"centenario-da-viagem-de-raul-brandao-aos-acores","status":"publish","type":"tribe_events","link":"https:\/\/ecomuseu-corvo.cultura.azores.gov.pt\/en\/evento\/centenario-da-viagem-de-raul-brandao-aos-acores\/","title":{"rendered":"Centen\u00e1rio da Viagem de Raul Brand\u00e3o aos A\u00e7ores"},"content":{"rendered":"<p>A Secretaria Regional da Educa\u00e7\u00e3o, Cultura e Desporto, por via da Dire\u00e7\u00e3o Regional da Cultura, atrav\u00e9s do Ecomuseu do Corvo ir\u00e1 assinalar o 100.\u00ba anivers\u00e1rio da viagem de Raul Brand\u00e3o aos arquip\u00e9lagos da Madeira e dos A\u00e7ores.<br \/>\nDesta viagem resultou o admir\u00e1vel livro de viagens \u201cAs Ilhas Desconhecidas. Notas e Paisagens\u201d, que foi escrito em 1926 e publicado em 1927.<br \/>\nTrata-se de uma obra marcadamente po\u00e9tica, em que Raul Brand\u00e3o escreve \u201cao jeito impressionista de quem \u201cpinta\u201d as paisagens e a natureza dos arquip\u00e9lagos dos A\u00e7ores e da Madeira.<br \/>\nNas suas descri\u00e7\u00f5es emergem apontamentos sobre as condi\u00e7\u00f5es de vida em Portugal e nas ilhas, no in\u00edcio das primeiras d\u00e9cadas do s\u00e9culo XX.<br \/>\nEm textos repletos de espanto, entre o \u201cesplendor da luz\u201d e o \u201cabismo negro da dor\u201d, o autor reflete, em \u00faltima inst\u00e2ncia, sobre a luta pela sobreviv\u00eancia e a fragilidade e efemeridade da vida: \u201cpalpo a fragilidade dos nossos atos, sinto a tristeza da vida ef\u00e9mera\u201d<br \/>\nO Ecomuseu do Corvo com o apoio e parceria da ALRAA, pretendem assinalar esta efem\u00e9ride com diversas atividades no dia 16 de junho de 2024, nomeadamente:<br \/>\n10h00 \u2013 Roteiro Cultural de Raul Brand\u00e3o. Percurso encenado pela vila do Corvo;<br \/>\n15h00 \u2013 Inaugura\u00e7\u00e3o de uma placa comemorativa com a presen\u00e7a de Sua Excel\u00eancia o Presidente da Assembleia Legislativa da Regi\u00e3o Aut\u00f3noma dos A\u00e7ores |Edif\u00edcio da Delega\u00e7\u00e3o da ALRAA;<br \/>\n15h30 \u2013 Inaugura\u00e7\u00e3o da Exposi\u00e7\u00e3o \u201cA\u00e7ores Sil\u00eancio e Ser\u201d |Edif\u00edcio da Delega\u00e7\u00e3o da ALRAA;<br \/>\n17h00 \u2013 Palestra comemorativa com Ana Cristina Gil, Jo\u00e3o Saramago e Vasco Rosa precedida de um momento musical, protagonizado pelos alunos da EBS Mouzinho da Silveira sob coordena\u00e7\u00e3o da docente Elisabete Barradas| Pavilh\u00e3o Multiusos;<br \/>\n18h30 \u2013 Encerramento e Porto de Honra.<\/p>","protected":false},"excerpt":{"rendered":"<p>A Secretaria Regional da Educa\u00e7\u00e3o, Cultura e Desporto, por via da Dire\u00e7\u00e3o Regional da Cultura, atrav\u00e9s do Ecomuseu do Corvo ir\u00e1 assinalar o 100.\u00ba anivers\u00e1rio da viagem de Raul Brand\u00e3o [&hellip;]<\/p>\n","protected":false},"author":3,"featured_media":3672,"template":"","meta":{"_tribe_events_status":"","_tribe_events_status_reason":"","footnotes":""},"tags":[],"tribe_events_cat":[51],"class_list":["post-3671","tribe_events","type-tribe_events","status-publish","has-post-thumbnail","hentry","tribe_events_cat-literatura","cat_literatura"],"_links":{"self":[{"href":"https:\/\/ecomuseu-corvo.cultura.azores.gov.pt\/en\/wp-json\/wp\/v2\/tribe_events\/3671","targetHints":{"allow":["GET"]}}],"collection":[{"href":"https:\/\/ecomuseu-corvo.cultura.azores.gov.pt\/en\/wp-json\/wp\/v2\/tribe_events"}],"about":[{"href":"https:\/\/ecomuseu-corvo.cultura.azores.gov.pt\/en\/wp-json\/wp\/v2\/types\/tribe_events"}],"author":[{"embeddable":true,"href":"https:\/\/ecomuseu-corvo.cultura.azores.gov.pt\/en\/wp-json\/wp\/v2\/users\/3"}],"version-history":[{"count":1,"href":"https:\/\/ecomuseu-corvo.cultura.azores.gov.pt\/en\/wp-json\/wp\/v2\/tribe_events\/3671\/revisions"}],"predecessor-version":[{"id":3673,"href":"https:\/\/ecomuseu-corvo.cultura.azores.gov.pt\/en\/wp-json\/wp\/v2\/tribe_events\/3671\/revisions\/3673"}],"wp:featuredmedia":[{"embeddable":true,"href":"https:\/\/ecomuseu-corvo.cultura.azores.gov.pt\/en\/wp-json\/wp\/v2\/media\/3672"}],"wp:attachment":[{"href":"https:\/\/ecomuseu-corvo.cultura.azores.gov.pt\/en\/wp-json\/wp\/v2\/media?parent=3671"}],"wp:term":[{"taxonomy":"post_tag","embeddable":true,"href":"https:\/\/ecomuseu-corvo.cultura.azores.gov.pt\/en\/wp-json\/wp\/v2\/tags?post=3671"},{"taxonomy":"tribe_events_cat","embeddable":true,"href":"https:\/\/ecomuseu-corvo.cultura.azores.gov.pt\/en\/wp-json\/wp\/v2\/tribe_events_cat?post=3671"}],"curies":[{"name":"wp","href":"https:\/\/api.w.org\/{rel}","templated":true}]}}

Centenário da Viagem de Raul Brandão aos Açores

<p>A Secretaria Regional da Educação, Cultura e Desporto, por via da Direção Regional da Cultura, através do Ecomuseu do Corvo irá assinalar o 100.º aniversário da viagem de Raul Brandão aos arquipélagos da Madeira e dos Açores.<br />
Desta viagem resultou o admirável livro de viagens “As Ilhas Desconhecidas. Notas e Paisagens”, que foi escrito em 1926 e publicado em 1927.<br />
Trata-se de uma obra marcadamente poética, em que Raul Brandão escreve “ao jeito impressionista de quem “pinta” as paisagens e a natureza dos arquipélagos dos Açores e da Madeira.<br />
Nas suas descrições emergem apontamentos sobre as condições de vida em Portugal e nas ilhas, no início das primeiras décadas do século XX.<br />
Em textos repletos de espanto, entre o “esplendor da luz” e o “abismo negro da dor”, o autor reflete, em última instância, sobre a luta pela sobrevivência e a fragilidade e efemeridade da vida: “palpo a fragilidade dos nossos atos, sinto a tristeza da vida efémera”<br />
O Ecomuseu do Corvo com o apoio e parceria da ALRAA, pretendem assinalar esta efeméride com diversas atividades no dia 16 de junho de 2024, nomeadamente:<br />
10h00 – Roteiro Cultural de Raul Brandão. Percurso encenado pela vila do Corvo;<br />
15h00 – Inauguração de uma placa comemorativa com a presença de Sua Excelência o Presidente da Assembleia Legislativa da Região Autónoma dos Açores |Edifício da Delegação da ALRAA;<br />
15h30 – Inauguração da Exposição “Açores Silêncio e Ser” |Edifício da Delegação da ALRAA;<br />
17h00 – Palestra comemorativa com Ana Cristina Gil, João Saramago e Vasco Rosa precedida de um momento musical, protagonizado pelos alunos da EBS Mouzinho da Silveira sob coordenação da docente Elisabete Barradas| Pavilhão Multiusos;<br />
18h30 – Encerramento e Porto de Honra.</p>

<p>A Secretaria Regional da Educação, Cultura e Desporto, por via da Direção Regional da Cultura, através do Ecomuseu do Corvo irá assinalar o 100.º aniversário da viagem de Raul Brandão [&hellip;]</p>
