{"id":3662,"date":"2024-05-29T10:08:54","date_gmt":"2024-05-29T10:08:54","guid":{"rendered":"https:\/\/ecomuseu-corvo.cultura.azores.gov.pt\/?post_type=tribe_events&#038;p=3662"},"modified":"2024-06-06T18:56:13","modified_gmt":"2024-06-06T18:56:13","slug":"dia-mundial-da-crianca","status":"publish","type":"tribe_events","link":"https:\/\/ecomuseu-corvo.cultura.azores.gov.pt\/en\/evento\/dia-mundial-da-crianca\/","title":{"rendered":"Dia Mundial da Crian\u00e7a"},"content":{"rendered":"<div class=\"\" data-block=\"true\" data-editor=\"6qftk\" data-offset-key=\"8drl6-0-0\">\n<div class=\"_1mf _1mj\" data-offset-key=\"8drl6-0-0\"><span data-offset-key=\"8drl6-0-0\">No dia 1 de junho, o Ecomuseu do Corvo, em parceria com a MiratecArts, celebra o Dia Mundial da Crian\u00e7a com a exibi\u00e7\u00e3o de curtas-metragens, dedicadas aos alunos do 1.\u00ba e 2.\u00ba ciclos da EBS Mouzinho da Silveira.<\/span><\/div>\n<\/div>\n<div class=\"\" data-block=\"true\" data-editor=\"6qftk\" data-offset-key=\"bg7ii-0-0\">\n<div class=\"_1mf _1mj\" data-offset-key=\"bg7ii-0-0\"><span data-offset-key=\"bg7ii-0-0\">O local ser\u00e1 na Casa do Tempo, pelas 16h30.<\/span><\/div>\n<\/div>\n<div class=\"\" data-block=\"true\" data-editor=\"6qftk\" data-offset-key=\"bnl1m-0-0\">\n<div class=\"_1mf _1mj\" data-offset-key=\"bnl1m-0-0\"><span data-offset-key=\"bnl1m-0-0\">Ficamos \u00e0 vossa espera na Casa do Tempo!\ud83c\udf7f\ud83c\udfa5\u00a0<\/span><\/div>\n<\/div>","protected":false},"excerpt":{"rendered":"<p>No dia 1 de junho, o Ecomuseu do Corvo, em parceria com a MiratecArts, celebra o Dia Mundial da Crian\u00e7a com a exibi\u00e7\u00e3o de curtas-metragens, dedicadas aos alunos do 1.\u00ba [&hellip;]<\/p>\n","protected":false},"author":3,"featured_media":3663,"template":"","meta":{"_tribe_events_status":"","_tribe_events_status_reason":"","footnotes":""},"tags":[],"tribe_events_cat":[39],"class_list":["post-3662","tribe_events","type-tribe_events","status-publish","has-post-thumbnail","hentry","tribe_events_cat-cinema","cat_cinema"],"_links":{"self":[{"href":"https:\/\/ecomuseu-corvo.cultura.azores.gov.pt\/en\/wp-json\/wp\/v2\/tribe_events\/3662","targetHints":{"allow":["GET"]}}],"collection":[{"href":"https:\/\/ecomuseu-corvo.cultura.azores.gov.pt\/en\/wp-json\/wp\/v2\/tribe_events"}],"about":[{"href":"https:\/\/ecomuseu-corvo.cultura.azores.gov.pt\/en\/wp-json\/wp\/v2\/types\/tribe_events"}],"author":[{"embeddable":true,"href":"https:\/\/ecomuseu-corvo.cultura.azores.gov.pt\/en\/wp-json\/wp\/v2\/users\/3"}],"version-history":[{"count":1,"href":"https:\/\/ecomuseu-corvo.cultura.azores.gov.pt\/en\/wp-json\/wp\/v2\/tribe_events\/3662\/revisions"}],"predecessor-version":[{"id":3664,"href":"https:\/\/ecomuseu-corvo.cultura.azores.gov.pt\/en\/wp-json\/wp\/v2\/tribe_events\/3662\/revisions\/3664"}],"wp:featuredmedia":[{"embeddable":true,"href":"https:\/\/ecomuseu-corvo.cultura.azores.gov.pt\/en\/wp-json\/wp\/v2\/media\/3663"}],"wp:attachment":[{"href":"https:\/\/ecomuseu-corvo.cultura.azores.gov.pt\/en\/wp-json\/wp\/v2\/media?parent=3662"}],"wp:term":[{"taxonomy":"post_tag","embeddable":true,"href":"https:\/\/ecomuseu-corvo.cultura.azores.gov.pt\/en\/wp-json\/wp\/v2\/tags?post=3662"},{"taxonomy":"tribe_events_cat","embeddable":true,"href":"https:\/\/ecomuseu-corvo.cultura.azores.gov.pt\/en\/wp-json\/wp\/v2\/tribe_events_cat?post=3662"}],"curies":[{"name":"wp","href":"https:\/\/api.w.org\/{rel}","templated":true}]}}

Dia Mundial da Criança

<div class="" data-block="true" data-editor="6qftk" data-offset-key="8drl6-0-0">
<div class="_1mf _1mj" data-offset-key="8drl6-0-0"><span data-offset-key="8drl6-0-0">No dia 1 de junho, o Ecomuseu do Corvo, em parceria com a MiratecArts, celebra o Dia Mundial da Criança com a exibição de curtas-metragens, dedicadas aos alunos do 1.º e 2.º ciclos da EBS Mouzinho da Silveira.</span></div>
</div>
<div class="" data-block="true" data-editor="6qftk" data-offset-key="bg7ii-0-0">
<div class="_1mf _1mj" data-offset-key="bg7ii-0-0"><span data-offset-key="bg7ii-0-0">O local será na Casa do Tempo, pelas 16h30.</span></div>
</div>
<div class="" data-block="true" data-editor="6qftk" data-offset-key="bnl1m-0-0">
<div class="_1mf _1mj" data-offset-key="bnl1m-0-0"><span data-offset-key="bnl1m-0-0">Ficamos à vossa espera na Casa do Tempo!🍿🎥 </span></div>
</div>

<p>No dia 1 de junho, o Ecomuseu do Corvo, em parceria com a MiratecArts, celebra o Dia Mundial da Criança com a exibição de curtas-metragens, dedicadas aos alunos do 1.º [&hellip;]</p>
