{"id":3500,"date":"2024-04-18T19:02:02","date_gmt":"2024-04-18T19:02:02","guid":{"rendered":"https:\/\/ecomuseu-corvo.cultura.azores.gov.pt\/?post_type=tribe_events&#038;p=3500"},"modified":"2024-05-02T10:08:27","modified_gmt":"2024-05-02T10:08:27","slug":"dia-da-terra-extensao-cineeco-corvo","status":"publish","type":"tribe_events","link":"https:\/\/ecomuseu-corvo.cultura.azores.gov.pt\/en\/evento\/dia-da-terra-extensao-cineeco-corvo\/","title":{"rendered":"Dia da Terra -Extens\u00e3o Cine&#8217;Eco Corvo"},"content":{"rendered":"<div class=\"x11i5rnm xat24cr x1mh8g0r x1vvkbs xtlvy1s x126k92a\">\n<div dir=\"auto\">No dia 20 de abril, pelas 21h00, iremos exibir o filme &#8220;A inven\u00e7\u00e3o do Outro&#8221; e assinalar o &#8220;Dia da Terra&#8221;.<\/div>\n<div dir=\"auto\">Contaremos com a presen\u00e7a do Dr. Jorge Bruno, Diretor do Cineclube da Ilha Terceira, para o encerramento da Extens\u00e3o Cine&#8217;Eco no Corvo.<\/div>\n<div dir=\"auto\">No decorrer desta atividade ser\u00e1 oferecido um pequeno lanche e temos uma pequena oferta para os participantes.<\/div>\n<div dir=\"auto\">A entrada \u00e9 gratuita.<\/div>\n<div dir=\"auto\">Marque a sua presen\u00e7a e vamos celebrar o Dia da Terra.<\/div>\n<\/div>\n<div class=\"x11i5rnm xat24cr x1mh8g0r x1vvkbs xtlvy1s x126k92a\">\n<div dir=\"auto\">Trailer:<\/div>\n<div dir=\"auto\"><a class=\"x1i10hfl xjbqb8w x1ejq31n xd10rxx x1sy0etr x17r0tee x972fbf xcfux6l x1qhh985 xm0m39n x9f619 x1ypdohk xt0psk2 xe8uvvx xdj266r x11i5rnm xat24cr x1mh8g0r xexx8yu x4uap5 x18d9i69 xkhd6sd x16tdsg8 x1hl2dhg xggy1nq x1a2a7pz xt0b8zv x1fey0fg\" tabindex=\"0\" role=\"link\" href=\"https:\/\/www.youtube.com\/watch?v=735LrZ43z4g&amp;fbclid=IwZXh0bgNhZW0CMTAAAR0l7s-FE-Kqvz7IvDrMDe-eq3R1jcdSj4ne1HeYPHcSabGO0_AOoox2eZc_aem_ATIMnkz4woZ9MQ1r4saVUnxpCBzflHg-OvJQABGW-kWLKGUrqXRxIFgUnt-E1gRxQRAEuSnRLyHRkawqq_H0tL-5\" target=\"_blank\" rel=\"nofollow noopener noreferrer\">https:\/\/www.youtube.com\/watch?v=735LrZ43z4g<\/a><\/div>\n<\/div>","protected":false},"excerpt":{"rendered":"<p>No dia 20 de abril, pelas 21h00, iremos exibir o filme &#8220;A inven\u00e7\u00e3o do Outro&#8221; e assinalar o &#8220;Dia da Terra&#8221;. Contaremos com a presen\u00e7a do Dr. Jorge Bruno, Diretor [&hellip;]<\/p>\n","protected":false},"author":3,"featured_media":3501,"template":"","meta":{"_tribe_events_status":"","_tribe_events_status_reason":"","footnotes":""},"tags":[],"tribe_events_cat":[39],"class_list":["post-3500","tribe_events","type-tribe_events","status-publish","has-post-thumbnail","hentry","tribe_events_cat-cinema","cat_cinema"],"_links":{"self":[{"href":"https:\/\/ecomuseu-corvo.cultura.azores.gov.pt\/en\/wp-json\/wp\/v2\/tribe_events\/3500","targetHints":{"allow":["GET"]}}],"collection":[{"href":"https:\/\/ecomuseu-corvo.cultura.azores.gov.pt\/en\/wp-json\/wp\/v2\/tribe_events"}],"about":[{"href":"https:\/\/ecomuseu-corvo.cultura.azores.gov.pt\/en\/wp-json\/wp\/v2\/types\/tribe_events"}],"author":[{"embeddable":true,"href":"https:\/\/ecomuseu-corvo.cultura.azores.gov.pt\/en\/wp-json\/wp\/v2\/users\/3"}],"version-history":[{"count":1,"href":"https:\/\/ecomuseu-corvo.cultura.azores.gov.pt\/en\/wp-json\/wp\/v2\/tribe_events\/3500\/revisions"}],"predecessor-version":[{"id":3502,"href":"https:\/\/ecomuseu-corvo.cultura.azores.gov.pt\/en\/wp-json\/wp\/v2\/tribe_events\/3500\/revisions\/3502"}],"wp:featuredmedia":[{"embeddable":true,"href":"https:\/\/ecomuseu-corvo.cultura.azores.gov.pt\/en\/wp-json\/wp\/v2\/media\/3501"}],"wp:attachment":[{"href":"https:\/\/ecomuseu-corvo.cultura.azores.gov.pt\/en\/wp-json\/wp\/v2\/media?parent=3500"}],"wp:term":[{"taxonomy":"post_tag","embeddable":true,"href":"https:\/\/ecomuseu-corvo.cultura.azores.gov.pt\/en\/wp-json\/wp\/v2\/tags?post=3500"},{"taxonomy":"tribe_events_cat","embeddable":true,"href":"https:\/\/ecomuseu-corvo.cultura.azores.gov.pt\/en\/wp-json\/wp\/v2\/tribe_events_cat?post=3500"}],"curies":[{"name":"wp","href":"https:\/\/api.w.org\/{rel}","templated":true}]}}

Dia da Terra -Extensão Cine&#8217;Eco Corvo

<div class="x11i5rnm xat24cr x1mh8g0r x1vvkbs xtlvy1s x126k92a">
<div dir="auto">No dia 20 de abril, pelas 21h00, iremos exibir o filme &#8220;A invenção do Outro&#8221; e assinalar o &#8220;Dia da Terra&#8221;.</div>
<div dir="auto">Contaremos com a presença do Dr. Jorge Bruno, Diretor do Cineclube da Ilha Terceira, para o encerramento da Extensão Cine&#8217;Eco no Corvo.</div>
<div dir="auto">No decorrer desta atividade será oferecido um pequeno lanche e temos uma pequena oferta para os participantes.</div>
<div dir="auto">A entrada é gratuita.</div>
<div dir="auto">Marque a sua presença e vamos celebrar o Dia da Terra.</div>
</div>
<div class="x11i5rnm xat24cr x1mh8g0r x1vvkbs xtlvy1s x126k92a">
<div dir="auto">Trailer:</div>
<div dir="auto"><a class="x1i10hfl xjbqb8w x1ejq31n xd10rxx x1sy0etr x17r0tee x972fbf xcfux6l x1qhh985 xm0m39n x9f619 x1ypdohk xt0psk2 xe8uvvx xdj266r x11i5rnm xat24cr x1mh8g0r xexx8yu x4uap5 x18d9i69 xkhd6sd x16tdsg8 x1hl2dhg xggy1nq x1a2a7pz xt0b8zv x1fey0fg" tabindex="0" role="link" href="https://www.youtube.com/watch?v=735LrZ43z4g&amp;fbclid=IwZXh0bgNhZW0CMTAAAR0l7s-FE-Kqvz7IvDrMDe-eq3R1jcdSj4ne1HeYPHcSabGO0_AOoox2eZc_aem_ATIMnkz4woZ9MQ1r4saVUnxpCBzflHg-OvJQABGW-kWLKGUrqXRxIFgUnt-E1gRxQRAEuSnRLyHRkawqq_H0tL-5" target="_blank" rel="nofollow noopener noreferrer">https://www.youtube.com/watch?v=735LrZ43z4g</a></div>
</div>

<p>No dia 20 de abril, pelas 21h00, iremos exibir o filme &#8220;A invenção do Outro&#8221; e assinalar o &#8220;Dia da Terra&#8221;. Contaremos com a presença do Dr. Jorge Bruno, Diretor [&hellip;]</p>
