{"id":3491,"date":"2024-04-16T22:18:35","date_gmt":"2024-04-16T22:18:35","guid":{"rendered":"https:\/\/ecomuseu-corvo.cultura.azores.gov.pt\/?post_type=tribe_events&#038;p=3491"},"modified":"2024-04-16T22:22:23","modified_gmt":"2024-04-16T22:22:23","slug":"programa-das-comemoracoes-do-50-o-aniversario-do-25-de-abril","status":"publish","type":"tribe_events","link":"https:\/\/ecomuseu-corvo.cultura.azores.gov.pt\/en\/evento\/programa-das-comemoracoes-do-50-o-aniversario-do-25-de-abril\/","title":{"rendered":"Programa das Comemora\u00e7\u00f5es do 50.\u00ba Anivers\u00e1rio do 25 de Abril"},"content":{"rendered":"<div dir=\"auto\">Programa das Comemora\u00e7\u00f5es do 50.\u00ba anivers\u00e1rio do 25 de Abril<\/div>\n<div dir=\"auto\">10H30 \u2013 \u201cCaminhada pela Liberdade\u201d. Atividade realizada em articula\u00e7\u00e3o com o Servi\u00e7o de Desporto da Ilha do Corvo (ponto de encontro junto aos moinhos de vento);<\/div>\n<div dir=\"auto\">11h15 \u2013 Oferta de um lanche aos participantes na \u201cCaminhada pela Liberdade\u201d (Multiusos do Corvo);<\/div>\n<div dir=\"auto\">11h45 \u2013 Visita \u00e0 exposi\u00e7\u00e3o: As \u201condas\u201d da R\u00e1dio e o 25 de Abril no Corvo;<\/div>\n<div dir=\"auto\">14h30 \u2013 Dia Aberto dos Moinhos de Vento. Moinhos que celebram Abril;<\/div>\n<div dir=\"auto\">&#8211; Demonstra\u00e7\u00e3o do funcionamento dos moinhos;<\/div>\n<div dir=\"auto\">&#8211; Jogos do Patrim\u00f3nio;<\/div>\n<div dir=\"auto\">&#8211; Exposi\u00e7\u00f5es;<\/div>\n<div dir=\"auto\">&#8211; Recria\u00e7\u00f5es.<\/div>\n<div dir=\"auto\">17h00 \u2013 \u201cConv\u00edvio da Liberdade\u201d com oferta de comes e bebes;<\/div>\n<div dir=\"auto\">18h00 \u2013 Oferta de cravos vermelhos a todos os participantes.<\/div>\n<div dir=\"auto\">Contamos com a presen\u00e7a de todos neste dia que que assinala a Liberdade, a Democracia e a Paz.<\/div>","protected":false},"excerpt":{"rendered":"<p>Programa das Comemora\u00e7\u00f5es do 50.\u00ba anivers\u00e1rio do 25 de Abril 10H30 \u2013 \u201cCaminhada pela Liberdade\u201d. Atividade realizada em articula\u00e7\u00e3o com o Servi\u00e7o de Desporto da Ilha do Corvo (ponto de [&hellip;]<\/p>\n","protected":false},"author":3,"featured_media":3492,"template":"","meta":{"_tribe_events_status":"","_tribe_events_status_reason":"","footnotes":""},"tags":[],"tribe_events_cat":[24,31],"class_list":["post-3491","tribe_events","type-tribe_events","status-publish","has-post-thumbnail","hentry","tribe_events_cat-datas-comemorativas","tribe_events_cat-dias-com-historia","cat_datas-comemorativas","cat_dias-com-historia"],"_links":{"self":[{"href":"https:\/\/ecomuseu-corvo.cultura.azores.gov.pt\/en\/wp-json\/wp\/v2\/tribe_events\/3491","targetHints":{"allow":["GET"]}}],"collection":[{"href":"https:\/\/ecomuseu-corvo.cultura.azores.gov.pt\/en\/wp-json\/wp\/v2\/tribe_events"}],"about":[{"href":"https:\/\/ecomuseu-corvo.cultura.azores.gov.pt\/en\/wp-json\/wp\/v2\/types\/tribe_events"}],"author":[{"embeddable":true,"href":"https:\/\/ecomuseu-corvo.cultura.azores.gov.pt\/en\/wp-json\/wp\/v2\/users\/3"}],"version-history":[{"count":2,"href":"https:\/\/ecomuseu-corvo.cultura.azores.gov.pt\/en\/wp-json\/wp\/v2\/tribe_events\/3491\/revisions"}],"predecessor-version":[{"id":3494,"href":"https:\/\/ecomuseu-corvo.cultura.azores.gov.pt\/en\/wp-json\/wp\/v2\/tribe_events\/3491\/revisions\/3494"}],"wp:featuredmedia":[{"embeddable":true,"href":"https:\/\/ecomuseu-corvo.cultura.azores.gov.pt\/en\/wp-json\/wp\/v2\/media\/3492"}],"wp:attachment":[{"href":"https:\/\/ecomuseu-corvo.cultura.azores.gov.pt\/en\/wp-json\/wp\/v2\/media?parent=3491"}],"wp:term":[{"taxonomy":"post_tag","embeddable":true,"href":"https:\/\/ecomuseu-corvo.cultura.azores.gov.pt\/en\/wp-json\/wp\/v2\/tags?post=3491"},{"taxonomy":"tribe_events_cat","embeddable":true,"href":"https:\/\/ecomuseu-corvo.cultura.azores.gov.pt\/en\/wp-json\/wp\/v2\/tribe_events_cat?post=3491"}],"curies":[{"name":"wp","href":"https:\/\/api.w.org\/{rel}","templated":true}]}}

Programa das Comemorações do 50.º Aniversário do 25 de Abril

<div dir="auto">Programa das Comemorações do 50.º aniversário do 25 de Abril</div>
<div dir="auto">10H30 – “Caminhada pela Liberdade”. Atividade realizada em articulação com o Serviço de Desporto da Ilha do Corvo (ponto de encontro junto aos moinhos de vento);</div>
<div dir="auto">11h15 – Oferta de um lanche aos participantes na “Caminhada pela Liberdade” (Multiusos do Corvo);</div>
<div dir="auto">11h45 – Visita à exposição: As “ondas” da Rádio e o 25 de Abril no Corvo;</div>
<div dir="auto">14h30 – Dia Aberto dos Moinhos de Vento. Moinhos que celebram Abril;</div>
<div dir="auto">&#8211; Demonstração do funcionamento dos moinhos;</div>
<div dir="auto">&#8211; Jogos do Património;</div>
<div dir="auto">&#8211; Exposições;</div>
<div dir="auto">&#8211; Recriações.</div>
<div dir="auto">17h00 – “Convívio da Liberdade” com oferta de comes e bebes;</div>
<div dir="auto">18h00 – Oferta de cravos vermelhos a todos os participantes.</div>
<div dir="auto">Contamos com a presença de todos neste dia que que assinala a Liberdade, a Democracia e a Paz.</div>

<p>Programa das Comemorações do 50.º aniversário do 25 de Abril 10H30 – “Caminhada pela Liberdade”. Atividade realizada em articulação com o Serviço de Desporto da Ilha do Corvo (ponto de [&hellip;]</p>
