{"id":3296,"date":"2024-01-08T09:57:00","date_gmt":"2024-01-08T10:57:00","guid":{"rendered":"https:\/\/ecomuseu-corvo.cultura.azores.gov.pt\/?post_type=tribe_events&#038;p=3296"},"modified":"2024-02-01T10:00:10","modified_gmt":"2024-02-01T11:00:10","slug":"peca-do-mes-janeiro-3","status":"publish","type":"tribe_events","link":"https:\/\/ecomuseu-corvo.cultura.azores.gov.pt\/en\/evento\/peca-do-mes-janeiro-3\/","title":{"rendered":"Pe\u00e7a do M\u00eas &#8211; janeiro"},"content":{"rendered":"<p>Em 2024 damos continuidade \u00e0 rubrica da &#8220;Pe\u00e7a do M\u00eas&#8221;, que em muito tem auxiliado no complementar de informa\u00e7\u00e3o sobre o acervo do patrim\u00f3nio m\u00f3vel do Ecomuseu, gra\u00e7as ao contributo inestim\u00e1vel da comunidade!<br \/>\nA pe\u00e7a do m\u00eas de janeiro \u00e9 dedicada \u00e0 tem\u00e1tica do quotidiano.<br \/>\nQuem nos sabe dizer o seu nome e para que servia?<br \/>\nA sua participa\u00e7\u00e3o \u00e9 muito importante para o trabalho que o Ecomuseu do Corvo est\u00e1 a realizar no \u00e2mbito do invent\u00e1rio participativo do patrim\u00f3nio m\u00f3vel do Corvo.<br \/>\nO Ecomuseu somos todos n\u00f3s!<br \/>\nPara acompanharem o resultado dos vossos contributos deixamos o link das informa\u00e7\u00f5es recolhidas da &#8220;Pe\u00e7a do M\u00eas&#8221;: https:\/\/padlet.com\/ecomuseu\/pe-a-do-m-s-sd9vd5npqbzulcoj.<\/p>","protected":false},"excerpt":{"rendered":"<p>Em 2024 damos continuidade \u00e0 rubrica da &#8220;Pe\u00e7a do M\u00eas&#8221;, que em muito tem auxiliado no complementar de informa\u00e7\u00e3o sobre o acervo do patrim\u00f3nio m\u00f3vel do Ecomuseu, gra\u00e7as ao contributo [&hellip;]<\/p>\n","protected":false},"author":3,"featured_media":3297,"template":"","meta":{"_tribe_events_status":"","_tribe_events_status_reason":"","footnotes":""},"tags":[],"tribe_events_cat":[38],"class_list":["post-3296","tribe_events","type-tribe_events","status-publish","has-post-thumbnail","hentry","tribe_events_cat-peca-do-mes","cat_peca-do-mes"],"_links":{"self":[{"href":"https:\/\/ecomuseu-corvo.cultura.azores.gov.pt\/en\/wp-json\/wp\/v2\/tribe_events\/3296","targetHints":{"allow":["GET"]}}],"collection":[{"href":"https:\/\/ecomuseu-corvo.cultura.azores.gov.pt\/en\/wp-json\/wp\/v2\/tribe_events"}],"about":[{"href":"https:\/\/ecomuseu-corvo.cultura.azores.gov.pt\/en\/wp-json\/wp\/v2\/types\/tribe_events"}],"author":[{"embeddable":true,"href":"https:\/\/ecomuseu-corvo.cultura.azores.gov.pt\/en\/wp-json\/wp\/v2\/users\/3"}],"version-history":[{"count":1,"href":"https:\/\/ecomuseu-corvo.cultura.azores.gov.pt\/en\/wp-json\/wp\/v2\/tribe_events\/3296\/revisions"}],"predecessor-version":[{"id":3298,"href":"https:\/\/ecomuseu-corvo.cultura.azores.gov.pt\/en\/wp-json\/wp\/v2\/tribe_events\/3296\/revisions\/3298"}],"wp:featuredmedia":[{"embeddable":true,"href":"https:\/\/ecomuseu-corvo.cultura.azores.gov.pt\/en\/wp-json\/wp\/v2\/media\/3297"}],"wp:attachment":[{"href":"https:\/\/ecomuseu-corvo.cultura.azores.gov.pt\/en\/wp-json\/wp\/v2\/media?parent=3296"}],"wp:term":[{"taxonomy":"post_tag","embeddable":true,"href":"https:\/\/ecomuseu-corvo.cultura.azores.gov.pt\/en\/wp-json\/wp\/v2\/tags?post=3296"},{"taxonomy":"tribe_events_cat","embeddable":true,"href":"https:\/\/ecomuseu-corvo.cultura.azores.gov.pt\/en\/wp-json\/wp\/v2\/tribe_events_cat?post=3296"}],"curies":[{"name":"wp","href":"https:\/\/api.w.org\/{rel}","templated":true}]}}

Peça do Mês &#8211; janeiro

<p>Em 2024 damos continuidade à rubrica da &#8220;Peça do Mês&#8221;, que em muito tem auxiliado no complementar de informação sobre o acervo do património móvel do Ecomuseu, graças ao contributo inestimável da comunidade!<br />
A peça do mês de janeiro é dedicada à temática do quotidiano.<br />
Quem nos sabe dizer o seu nome e para que servia?<br />
A sua participação é muito importante para o trabalho que o Ecomuseu do Corvo está a realizar no âmbito do inventário participativo do património móvel do Corvo.<br />
O Ecomuseu somos todos nós!<br />
Para acompanharem o resultado dos vossos contributos deixamos o link das informações recolhidas da &#8220;Peça do Mês&#8221;: https://padlet.com/ecomuseu/pe-a-do-m-s-sd9vd5npqbzulcoj.</p>

<p>Em 2024 damos continuidade à rubrica da &#8220;Peça do Mês&#8221;, que em muito tem auxiliado no complementar de informação sobre o acervo do património móvel do Ecomuseu, graças ao contributo [&hellip;]</p>
