{"id":3255,"date":"2023-12-04T11:47:14","date_gmt":"2023-12-04T12:47:14","guid":{"rendered":"https:\/\/ecomuseu-corvo.cultura.azores.gov.pt\/?post_type=tribe_events&#038;p=3255"},"modified":"2023-12-11T11:49:53","modified_gmt":"2023-12-11T12:49:53","slug":"falar-corvino-4-de-dezembro","status":"publish","type":"tribe_events","link":"https:\/\/ecomuseu-corvo.cultura.azores.gov.pt\/en\/evento\/falar-corvino-4-de-dezembro\/","title":{"rendered":"Falar Corvino &#8211; 4 de dezembro"},"content":{"rendered":"<p>Entramos neste novo m\u00eas de dezembro com mais um desafio &#8220;Falar Corvino&#8221;!<br \/>\nN\u00e3o hesitem em contactar-nos com as vossas sugest\u00f5es.<br \/>\nObrigada a todos pela participa\u00e7\u00e3o e pelos contributos que nos t\u00eam enviado.<br \/>\nPara acompanharem o resultado das vossas sugest\u00f5es deixamos o link do gloss\u00e1rio &#8220;Falar Corvino&#8221;: https:\/\/padlet.com\/ecomuseu\/5zdomsu4rcejijqy.<br \/>\nVotos de uma boa semana para todos!<\/p>\n<p><img loading=\"lazy\" decoding=\"async\" class=\"alignnone size-medium wp-image-3256\" src=\"https:\/\/ecomuseu-corvo.cultura.azores.gov.pt\/wp-content\/uploads\/2023\/12\/408261844_741709531352083_5580793595865739827_n-300x300.jpg\" alt=\"\" width=\"300\" height=\"300\" srcset=\"https:\/\/ecomuseu-corvo.cultura.azores.gov.pt\/wp-content\/uploads\/2023\/12\/408261844_741709531352083_5580793595865739827_n-300x300.jpg 300w, https:\/\/ecomuseu-corvo.cultura.azores.gov.pt\/wp-content\/uploads\/2023\/12\/408261844_741709531352083_5580793595865739827_n-150x150.jpg 150w, https:\/\/ecomuseu-corvo.cultura.azores.gov.pt\/wp-content\/uploads\/2023\/12\/408261844_741709531352083_5580793595865739827_n-768x768.jpg 768w, https:\/\/ecomuseu-corvo.cultura.azores.gov.pt\/wp-content\/uploads\/2023\/12\/408261844_741709531352083_5580793595865739827_n-12x12.jpg 12w, https:\/\/ecomuseu-corvo.cultura.azores.gov.pt\/wp-content\/uploads\/2023\/12\/408261844_741709531352083_5580793595865739827_n.jpg 800w\" sizes=\"auto, (max-width: 300px) 100vw, 300px\" \/><\/p>","protected":false},"excerpt":{"rendered":"<p>Entramos neste novo m\u00eas de dezembro com mais um desafio &#8220;Falar Corvino&#8221;! N\u00e3o hesitem em contactar-nos com as vossas sugest\u00f5es. Obrigada a todos pela participa\u00e7\u00e3o e pelos contributos que nos [&hellip;]<\/p>\n","protected":false},"author":3,"featured_media":2353,"template":"","meta":{"_tribe_events_status":"","_tribe_events_status_reason":"","footnotes":""},"tags":[],"tribe_events_cat":[37],"class_list":["post-3255","tribe_events","type-tribe_events","status-publish","has-post-thumbnail","hentry","tribe_events_cat-falar-corvino","cat_falar-corvino"],"_links":{"self":[{"href":"https:\/\/ecomuseu-corvo.cultura.azores.gov.pt\/en\/wp-json\/wp\/v2\/tribe_events\/3255","targetHints":{"allow":["GET"]}}],"collection":[{"href":"https:\/\/ecomuseu-corvo.cultura.azores.gov.pt\/en\/wp-json\/wp\/v2\/tribe_events"}],"about":[{"href":"https:\/\/ecomuseu-corvo.cultura.azores.gov.pt\/en\/wp-json\/wp\/v2\/types\/tribe_events"}],"author":[{"embeddable":true,"href":"https:\/\/ecomuseu-corvo.cultura.azores.gov.pt\/en\/wp-json\/wp\/v2\/users\/3"}],"version-history":[{"count":1,"href":"https:\/\/ecomuseu-corvo.cultura.azores.gov.pt\/en\/wp-json\/wp\/v2\/tribe_events\/3255\/revisions"}],"predecessor-version":[{"id":3257,"href":"https:\/\/ecomuseu-corvo.cultura.azores.gov.pt\/en\/wp-json\/wp\/v2\/tribe_events\/3255\/revisions\/3257"}],"wp:featuredmedia":[{"embeddable":true,"href":"https:\/\/ecomuseu-corvo.cultura.azores.gov.pt\/en\/wp-json\/wp\/v2\/media\/2353"}],"wp:attachment":[{"href":"https:\/\/ecomuseu-corvo.cultura.azores.gov.pt\/en\/wp-json\/wp\/v2\/media?parent=3255"}],"wp:term":[{"taxonomy":"post_tag","embeddable":true,"href":"https:\/\/ecomuseu-corvo.cultura.azores.gov.pt\/en\/wp-json\/wp\/v2\/tags?post=3255"},{"taxonomy":"tribe_events_cat","embeddable":true,"href":"https:\/\/ecomuseu-corvo.cultura.azores.gov.pt\/en\/wp-json\/wp\/v2\/tribe_events_cat?post=3255"}],"curies":[{"name":"wp","href":"https:\/\/api.w.org\/{rel}","templated":true}]}}

<p>Entramos neste novo mês de dezembro com mais um desafio &#8220;Falar Corvino&#8221;!<br />
Não hesitem em contactar-nos com as vossas sugestões.<br />
Obrigada a todos pela participação e pelos contributos que nos têm enviado.<br />
Para acompanharem o resultado das vossas sugestões deixamos o link do glossário &#8220;Falar Corvino&#8221;: https://padlet.com/ecomuseu/5zdomsu4rcejijqy.<br />
Votos de uma boa semana para todos!</p>
<p><img loading="lazy" decoding="async" class="alignnone size-medium wp-image-3256" src="https://ecomuseu-corvo.cultura.azores.gov.pt/wp-content/uploads/2023/12/408261844_741709531352083_5580793595865739827_n-300x300.jpg" alt="" width="300" height="300" srcset="https://ecomuseu-corvo.cultura.azores.gov.pt/wp-content/uploads/2023/12/408261844_741709531352083_5580793595865739827_n-300x300.jpg 300w, https://ecomuseu-corvo.cultura.azores.gov.pt/wp-content/uploads/2023/12/408261844_741709531352083_5580793595865739827_n-150x150.jpg 150w, https://ecomuseu-corvo.cultura.azores.gov.pt/wp-content/uploads/2023/12/408261844_741709531352083_5580793595865739827_n-768x768.jpg 768w, https://ecomuseu-corvo.cultura.azores.gov.pt/wp-content/uploads/2023/12/408261844_741709531352083_5580793595865739827_n-12x12.jpg 12w, https://ecomuseu-corvo.cultura.azores.gov.pt/wp-content/uploads/2023/12/408261844_741709531352083_5580793595865739827_n.jpg 800w" sizes="auto, (max-width: 300px) 100vw, 300px" /></p>

<p>Entramos neste novo mês de dezembro com mais um desafio &#8220;Falar Corvino&#8221;! Não hesitem em contactar-nos com as vossas sugestões. Obrigada a todos pela participação e pelos contributos que nos [&hellip;]</p>
