{"id":3230,"date":"2023-11-30T15:21:31","date_gmt":"2023-11-30T16:21:31","guid":{"rendered":"https:\/\/ecomuseu-corvo.cultura.azores.gov.pt\/?post_type=tribe_events&#038;p=3230"},"modified":"2023-11-30T16:52:41","modified_gmt":"2023-11-30T17:52:41","slug":"1o-dezembro-de-1640","status":"publish","type":"tribe_events","link":"https:\/\/ecomuseu-corvo.cultura.azores.gov.pt\/en\/evento\/1o-dezembro-de-1640\/","title":{"rendered":"1\u00ba Dezembro de 1640"},"content":{"rendered":"<p>O Ecomuseu do Corvo, em parceria com a Biblioteca Escolar da EBS Mouzinho da Silveira e os seus docentes, ir\u00e1 assinalar o 1.\u00ba de Dezembro de 1640 com v\u00e1rias atividades, direcionadas aos alunos do 5.\u00ba e 6.\u00ba anos, que ir\u00e3o decorrer na Casa do Tempo e no n\u00facleo antigo da Vila do Corvo (NAVC), a partir das 15h00, a saber:<br \/>\nProje\u00e7\u00e3o de um minidocument\u00e1rio sobre a Restaura\u00e7\u00e3o da Independ\u00eancia, realiza\u00e7\u00e3o de uma ca\u00e7a ao tesouro, percorrendo os caminhos de mem\u00f3ria e de Hist\u00f3ria do NAVC e desafios sobre a Hist\u00f3ria, nomeadamente sobre a Restaura\u00e7\u00e3o da Independ\u00eancia e do feriado que se quer assinalar.<br \/>\nCom estas atividades pretendemos promover a rela\u00e7\u00e3o Ecomuseu\/Escola\/Comunidade e proporcionar momentos de aprendizagem de Hist\u00f3ria de uma forma l\u00fadica.<br \/>\nObs: A ca\u00e7a ao tesouro pelo NAVC s\u00f3 se realizar\u00e1 caso as condi\u00e7\u00f5es meteorol\u00f3gicas o permitam. Caso o tempo se demonstre adverso, realizar-se-\u00e3o atividades l\u00fadico educativas, relativas ao dia 1 de Dezembro, na Casa do Tempo. No final desta atividade ser\u00e1 oferecido um lanche.<\/p>","protected":false},"excerpt":{"rendered":"<p>O Ecomuseu do Corvo, em parceria com a Biblioteca Escolar da EBS Mouzinho da Silveira e os seus docentes, ir\u00e1 assinalar o 1.\u00ba de Dezembro de 1640 com v\u00e1rias atividades, [&hellip;]<\/p>\n","protected":false},"author":3,"featured_media":3231,"template":"","meta":{"_tribe_events_status":"","_tribe_events_status_reason":"","footnotes":""},"tags":[],"tribe_events_cat":[24],"class_list":["post-3230","tribe_events","type-tribe_events","status-publish","has-post-thumbnail","hentry","tribe_events_cat-datas-comemorativas","cat_datas-comemorativas"],"_links":{"self":[{"href":"https:\/\/ecomuseu-corvo.cultura.azores.gov.pt\/en\/wp-json\/wp\/v2\/tribe_events\/3230","targetHints":{"allow":["GET"]}}],"collection":[{"href":"https:\/\/ecomuseu-corvo.cultura.azores.gov.pt\/en\/wp-json\/wp\/v2\/tribe_events"}],"about":[{"href":"https:\/\/ecomuseu-corvo.cultura.azores.gov.pt\/en\/wp-json\/wp\/v2\/types\/tribe_events"}],"author":[{"embeddable":true,"href":"https:\/\/ecomuseu-corvo.cultura.azores.gov.pt\/en\/wp-json\/wp\/v2\/users\/3"}],"version-history":[{"count":1,"href":"https:\/\/ecomuseu-corvo.cultura.azores.gov.pt\/en\/wp-json\/wp\/v2\/tribe_events\/3230\/revisions"}],"predecessor-version":[{"id":3232,"href":"https:\/\/ecomuseu-corvo.cultura.azores.gov.pt\/en\/wp-json\/wp\/v2\/tribe_events\/3230\/revisions\/3232"}],"wp:featuredmedia":[{"embeddable":true,"href":"https:\/\/ecomuseu-corvo.cultura.azores.gov.pt\/en\/wp-json\/wp\/v2\/media\/3231"}],"wp:attachment":[{"href":"https:\/\/ecomuseu-corvo.cultura.azores.gov.pt\/en\/wp-json\/wp\/v2\/media?parent=3230"}],"wp:term":[{"taxonomy":"post_tag","embeddable":true,"href":"https:\/\/ecomuseu-corvo.cultura.azores.gov.pt\/en\/wp-json\/wp\/v2\/tags?post=3230"},{"taxonomy":"tribe_events_cat","embeddable":true,"href":"https:\/\/ecomuseu-corvo.cultura.azores.gov.pt\/en\/wp-json\/wp\/v2\/tribe_events_cat?post=3230"}],"curies":[{"name":"wp","href":"https:\/\/api.w.org\/{rel}","templated":true}]}}

1º Dezembro de 1640

<p>O Ecomuseu do Corvo, em parceria com a Biblioteca Escolar da EBS Mouzinho da Silveira e os seus docentes, irá assinalar o 1.º de Dezembro de 1640 com várias atividades, direcionadas aos alunos do 5.º e 6.º anos, que irão decorrer na Casa do Tempo e no núcleo antigo da Vila do Corvo (NAVC), a partir das 15h00, a saber:<br />
Projeção de um minidocumentário sobre a Restauração da Independência, realização de uma caça ao tesouro, percorrendo os caminhos de memória e de História do NAVC e desafios sobre a História, nomeadamente sobre a Restauração da Independência e do feriado que se quer assinalar.<br />
Com estas atividades pretendemos promover a relação Ecomuseu/Escola/Comunidade e proporcionar momentos de aprendizagem de História de uma forma lúdica.<br />
Obs: A caça ao tesouro pelo NAVC só se realizará caso as condições meteorológicas o permitam. Caso o tempo se demonstre adverso, realizar-se-ão atividades lúdico educativas, relativas ao dia 1 de Dezembro, na Casa do Tempo. No final desta atividade será oferecido um lanche.</p>

<p>O Ecomuseu do Corvo, em parceria com a Biblioteca Escolar da EBS Mouzinho da Silveira e os seus docentes, irá assinalar o 1.º de Dezembro de 1640 com várias atividades, [&hellip;]</p>
