{"id":3045,"date":"2023-10-14T10:19:34","date_gmt":"2023-10-14T10:19:34","guid":{"rendered":"https:\/\/ecomuseu-corvo.cultura.azores.gov.pt\/?post_type=tribe_events&#038;p=3045"},"modified":"2023-10-24T10:22:52","modified_gmt":"2023-10-24T10:22:52","slug":"artistas-no-ecomuseu-3","status":"publish","type":"tribe_events","link":"https:\/\/ecomuseu-corvo.cultura.azores.gov.pt\/en\/evento\/artistas-no-ecomuseu-3\/","title":{"rendered":"Artistas no Ecomuseu"},"content":{"rendered":"<p>Os \u201cArtistas no Ecomuseu\u201d est\u00e3o de volta, no dia 17 de outubro, a partir das 09h45.<br \/>\nDesta feita para visitarem a exposi\u00e7\u00e3o \u201cCarrie uma tartaruga destemida num mundo em mudan\u00e7a\u201d.<br \/>\nAs crian\u00e7as ter\u00e3o a oportunidade de acompanhar a tartaruga Carrie nas suas aventuras pelo oceano e descobrir que perigos amea\u00e7am a biodiversidade marinha e que m\u00e9todos podemos tomar para a salvaguardar.<br \/>\nDepois de visitarem a exposi\u00e7\u00e3o temos preparada uma atividade educativa em torno desta visita.<br \/>\nCom esta a\u00e7\u00e3o pretendemos alertar os mais jovens para a problem\u00e1tica da polui\u00e7\u00e3o e sensibilizar para a import\u00e2ncia de preservar os nossos oceanos.<\/p>","protected":false},"excerpt":{"rendered":"<p>Os \u201cArtistas no Ecomuseu\u201d est\u00e3o de volta, no dia 17 de outubro, a partir das 09h45. Desta feita para visitarem a exposi\u00e7\u00e3o \u201cCarrie uma tartaruga destemida num mundo em mudan\u00e7a\u201d. [&hellip;]<\/p>\n","protected":false},"author":3,"featured_media":2401,"template":"","meta":{"_tribe_events_status":"","_tribe_events_status_reason":"","footnotes":""},"tags":[],"tribe_events_cat":[30],"class_list":["post-3045","tribe_events","type-tribe_events","status-publish","has-post-thumbnail","hentry","tribe_events_cat-servico-educativo","cat_servico-educativo"],"_links":{"self":[{"href":"https:\/\/ecomuseu-corvo.cultura.azores.gov.pt\/en\/wp-json\/wp\/v2\/tribe_events\/3045","targetHints":{"allow":["GET"]}}],"collection":[{"href":"https:\/\/ecomuseu-corvo.cultura.azores.gov.pt\/en\/wp-json\/wp\/v2\/tribe_events"}],"about":[{"href":"https:\/\/ecomuseu-corvo.cultura.azores.gov.pt\/en\/wp-json\/wp\/v2\/types\/tribe_events"}],"author":[{"embeddable":true,"href":"https:\/\/ecomuseu-corvo.cultura.azores.gov.pt\/en\/wp-json\/wp\/v2\/users\/3"}],"version-history":[{"count":1,"href":"https:\/\/ecomuseu-corvo.cultura.azores.gov.pt\/en\/wp-json\/wp\/v2\/tribe_events\/3045\/revisions"}],"predecessor-version":[{"id":3046,"href":"https:\/\/ecomuseu-corvo.cultura.azores.gov.pt\/en\/wp-json\/wp\/v2\/tribe_events\/3045\/revisions\/3046"}],"wp:featuredmedia":[{"embeddable":true,"href":"https:\/\/ecomuseu-corvo.cultura.azores.gov.pt\/en\/wp-json\/wp\/v2\/media\/2401"}],"wp:attachment":[{"href":"https:\/\/ecomuseu-corvo.cultura.azores.gov.pt\/en\/wp-json\/wp\/v2\/media?parent=3045"}],"wp:term":[{"taxonomy":"post_tag","embeddable":true,"href":"https:\/\/ecomuseu-corvo.cultura.azores.gov.pt\/en\/wp-json\/wp\/v2\/tags?post=3045"},{"taxonomy":"tribe_events_cat","embeddable":true,"href":"https:\/\/ecomuseu-corvo.cultura.azores.gov.pt\/en\/wp-json\/wp\/v2\/tribe_events_cat?post=3045"}],"curies":[{"name":"wp","href":"https:\/\/api.w.org\/{rel}","templated":true}]}}

<p>Os “Artistas no Ecomuseu” estão de volta, no dia 17 de outubro, a partir das 09h45.<br />
Desta feita para visitarem a exposição “Carrie uma tartaruga destemida num mundo em mudança”.<br />
As crianças terão a oportunidade de acompanhar a tartaruga Carrie nas suas aventuras pelo oceano e descobrir que perigos ameaçam a biodiversidade marinha e que métodos podemos tomar para a salvaguardar.<br />
Depois de visitarem a exposição temos preparada uma atividade educativa em torno desta visita.<br />
Com esta ação pretendemos alertar os mais jovens para a problemática da poluição e sensibilizar para a importância de preservar os nossos oceanos.</p>

<p>Os “Artistas no Ecomuseu” estão de volta, no dia 17 de outubro, a partir das 09h45. Desta feita para visitarem a exposição “Carrie uma tartaruga destemida num mundo em mudança”. [&hellip;]</p>
