{"id":3005,"date":"2023-09-24T12:29:40","date_gmt":"2023-09-24T12:29:40","guid":{"rendered":"https:\/\/ecomuseu-corvo.cultura.azores.gov.pt\/?post_type=tribe_events&#038;p=3005"},"modified":"2023-10-06T12:30:56","modified_gmt":"2023-10-06T12:30:56","slug":"3a-campanha-do-patrimonio","status":"publish","type":"tribe_events","link":"https:\/\/ecomuseu-corvo.cultura.azores.gov.pt\/en\/evento\/3a-campanha-do-patrimonio\/","title":{"rendered":"3\u00aa Campanha do Patrim\u00f3nio"},"content":{"rendered":"<p>Com o objetivo de estudar, recolher e devolver a heran\u00e7a cultural do Corvo \u00e0s suas gentes, o Ecomuseu do Corvo promove, pelo terceiro ano consecutivo, a Campanha do Patrim\u00f3nio da Ilha do Corvo.<br \/>\nOs trabalhos ir\u00e3o decorrer entre os dias 25 a 28 de setembro, numa parceria com o Centro do Patrim\u00f3nio M\u00f3vel, Imaterial e Arqueol\u00f3gico dos A\u00e7ores, \u00e0 semelhan\u00e7a do que sucedeu nos anos 2021 e 2022, aquando das prospe\u00e7\u00f5es arqueol\u00f3gicas realizadas na zona do \u201cEngenho\u201d, no moinho do Caldeir\u00e3o, no patrim\u00f3nio subaqu\u00e1tico, nas a\u00e7\u00f5es de restauro do tear t\u00edpico do Corvo e da conserva\u00e7\u00e3o preventiva de v\u00e1rios objetos do patrim\u00f3nio m\u00f3vel da ilha do Corvo.<br \/>\nEste ano, o Ecomuseu dar\u00e1 continuidade \u00e0 forma\u00e7\u00e3o na \u00e1rea da conserva\u00e7\u00e3o e restauro do patrim\u00f3nio cultural m\u00f3vel, contando para tal com a presen\u00e7a de Paulo Silveira, especialista nas \u00e1reas de marcenaria, carpintaria especializada e restauro em madeira. O mesmo ir\u00e1 orientar uma forma\u00e7\u00e3o interna, com a equipa do Ecomuseu, e apresentar esclarecimentos junto da comunidade, encontrando-se, para esse efeito, a trabalhar, em regime de porta aberta, no Gabinete de Apoio T\u00e9cnico ao Ecomuseu, localizado na Canada do Graciosa, das 09h30 \u00e0s 12h30 e das 13h30 \u00e0s 17h30.<br \/>\nA equipa de arqueologia regressa ao Corvo, este ano, com uma nova miss\u00e3o. Desta feita focada na recolha de novos dados relacionados com o patrim\u00f3nio arqueol\u00f3gico da ilha do Corvo. Neste \u00e2mbito, entre outras a\u00e7\u00f5es de trabalho de prospe\u00e7\u00e3o, de arquivo e de informa\u00e7\u00e3o, a desenvolver junto da comunidade, ser\u00e1 realizada uma palestra, aberta a toda a comunidade, sobre a import\u00e2ncia da antropologia ligada \u00e0 arqueologia. Isto no \u00e2mbito da procura do passado da ilha e das suas gentes.<br \/>\nConvidamos toda a comunidade a participar e a ser parte ativa na recolha, preserva\u00e7\u00e3o e divulga\u00e7\u00e3o do Patrim\u00f3nio da Ilha do Corvo.<\/p>","protected":false},"excerpt":{"rendered":"<p>Com o objetivo de estudar, recolher e devolver a heran\u00e7a cultural do Corvo \u00e0s suas gentes, o Ecomuseu do Corvo promove, pelo terceiro ano consecutivo, a Campanha do Patrim\u00f3nio da [&hellip;]<\/p>\n","protected":false},"author":3,"featured_media":3006,"template":"","meta":{"_tribe_events_status":"","_tribe_events_status_reason":"","footnotes":""},"tags":[],"tribe_events_cat":[33],"class_list":["post-3005","tribe_events","type-tribe_events","status-publish","has-post-thumbnail","hentry","tribe_events_cat-patrimonio","cat_patrimonio"],"_links":{"self":[{"href":"https:\/\/ecomuseu-corvo.cultura.azores.gov.pt\/en\/wp-json\/wp\/v2\/tribe_events\/3005","targetHints":{"allow":["GET"]}}],"collection":[{"href":"https:\/\/ecomuseu-corvo.cultura.azores.gov.pt\/en\/wp-json\/wp\/v2\/tribe_events"}],"about":[{"href":"https:\/\/ecomuseu-corvo.cultura.azores.gov.pt\/en\/wp-json\/wp\/v2\/types\/tribe_events"}],"author":[{"embeddable":true,"href":"https:\/\/ecomuseu-corvo.cultura.azores.gov.pt\/en\/wp-json\/wp\/v2\/users\/3"}],"version-history":[{"count":1,"href":"https:\/\/ecomuseu-corvo.cultura.azores.gov.pt\/en\/wp-json\/wp\/v2\/tribe_events\/3005\/revisions"}],"predecessor-version":[{"id":3007,"href":"https:\/\/ecomuseu-corvo.cultura.azores.gov.pt\/en\/wp-json\/wp\/v2\/tribe_events\/3005\/revisions\/3007"}],"wp:featuredmedia":[{"embeddable":true,"href":"https:\/\/ecomuseu-corvo.cultura.azores.gov.pt\/en\/wp-json\/wp\/v2\/media\/3006"}],"wp:attachment":[{"href":"https:\/\/ecomuseu-corvo.cultura.azores.gov.pt\/en\/wp-json\/wp\/v2\/media?parent=3005"}],"wp:term":[{"taxonomy":"post_tag","embeddable":true,"href":"https:\/\/ecomuseu-corvo.cultura.azores.gov.pt\/en\/wp-json\/wp\/v2\/tags?post=3005"},{"taxonomy":"tribe_events_cat","embeddable":true,"href":"https:\/\/ecomuseu-corvo.cultura.azores.gov.pt\/en\/wp-json\/wp\/v2\/tribe_events_cat?post=3005"}],"curies":[{"name":"wp","href":"https:\/\/api.w.org\/{rel}","templated":true}]}}

3ª Campanha do Património

<p>Com o objetivo de estudar, recolher e devolver a herança cultural do Corvo às suas gentes, o Ecomuseu do Corvo promove, pelo terceiro ano consecutivo, a Campanha do Património da Ilha do Corvo.<br />
Os trabalhos irão decorrer entre os dias 25 a 28 de setembro, numa parceria com o Centro do Património Móvel, Imaterial e Arqueológico dos Açores, à semelhança do que sucedeu nos anos 2021 e 2022, aquando das prospeções arqueológicas realizadas na zona do “Engenho”, no moinho do Caldeirão, no património subaquático, nas ações de restauro do tear típico do Corvo e da conservação preventiva de vários objetos do património móvel da ilha do Corvo.<br />
Este ano, o Ecomuseu dará continuidade à formação na área da conservação e restauro do património cultural móvel, contando para tal com a presença de Paulo Silveira, especialista nas áreas de marcenaria, carpintaria especializada e restauro em madeira. O mesmo irá orientar uma formação interna, com a equipa do Ecomuseu, e apresentar esclarecimentos junto da comunidade, encontrando-se, para esse efeito, a trabalhar, em regime de porta aberta, no Gabinete de Apoio Técnico ao Ecomuseu, localizado na Canada do Graciosa, das 09h30 às 12h30 e das 13h30 às 17h30.<br />
A equipa de arqueologia regressa ao Corvo, este ano, com uma nova missão. Desta feita focada na recolha de novos dados relacionados com o património arqueológico da ilha do Corvo. Neste âmbito, entre outras ações de trabalho de prospeção, de arquivo e de informação, a desenvolver junto da comunidade, será realizada uma palestra, aberta a toda a comunidade, sobre a importância da antropologia ligada à arqueologia. Isto no âmbito da procura do passado da ilha e das suas gentes.<br />
Convidamos toda a comunidade a participar e a ser parte ativa na recolha, preservação e divulgação do Património da Ilha do Corvo.</p>

<p>Com o objetivo de estudar, recolher e devolver a herança cultural do Corvo às suas gentes, o Ecomuseu do Corvo promove, pelo terceiro ano consecutivo, a Campanha do Património da [&hellip;]</p>
