{"id":2993,"date":"2023-09-21T15:29:15","date_gmt":"2023-09-21T15:29:15","guid":{"rendered":"https:\/\/ecomuseu-corvo.cultura.azores.gov.pt\/?post_type=tribe_events&#038;p=2993"},"modified":"2023-10-04T15:35:26","modified_gmt":"2023-10-04T15:35:26","slug":"falar-corvino-21-de-setembro","status":"publish","type":"tribe_events","link":"https:\/\/ecomuseu-corvo.cultura.azores.gov.pt\/en\/evento\/falar-corvino-21-de-setembro\/","title":{"rendered":"Falar Corvino &#8211; 21 de setembro"},"content":{"rendered":"<p>Esta semana tamb\u00e9m h\u00e1 desafio &#8220;Falar Corvino&#8221;.<br \/>\nN\u00e3o hesitem em contactar-nos com as vossas sugest\u00f5es.<br \/>\nObrigada a todos pela participa\u00e7\u00e3o e pelos contributos que nos t\u00eam enviado.<br \/>\nPara acompanharem o resultado das vossas sugest\u00f5es deixamos o link do gloss\u00e1rio &#8220;Falar Corvino&#8221;: https:\/\/padlet.com\/ecomuseu\/5zdomsu4rcejijqy<br \/>\nVotos de uma boa semana para todos!<\/p>\n<p><img loading=\"lazy\" decoding=\"async\" class=\"alignnone size-medium wp-image-2994\" src=\"https:\/\/ecomuseu-corvo.cultura.azores.gov.pt\/wp-content\/uploads\/2023\/10\/34-300x300.png\" alt=\"\" width=\"300\" height=\"300\" srcset=\"https:\/\/ecomuseu-corvo.cultura.azores.gov.pt\/wp-content\/uploads\/2023\/10\/34-300x300.png 300w, https:\/\/ecomuseu-corvo.cultura.azores.gov.pt\/wp-content\/uploads\/2023\/10\/34-150x150.png 150w, https:\/\/ecomuseu-corvo.cultura.azores.gov.pt\/wp-content\/uploads\/2023\/10\/34-768x768.png 768w, https:\/\/ecomuseu-corvo.cultura.azores.gov.pt\/wp-content\/uploads\/2023\/10\/34-12x12.png 12w, https:\/\/ecomuseu-corvo.cultura.azores.gov.pt\/wp-content\/uploads\/2023\/10\/34.png 800w\" sizes=\"auto, (max-width: 300px) 100vw, 300px\" \/><\/p>","protected":false},"excerpt":{"rendered":"<p>Esta semana tamb\u00e9m h\u00e1 desafio &#8220;Falar Corvino&#8221;. N\u00e3o hesitem em contactar-nos com as vossas sugest\u00f5es. Obrigada a todos pela participa\u00e7\u00e3o e pelos contributos que nos t\u00eam enviado. Para acompanharem o [&hellip;]<\/p>\n","protected":false},"author":3,"featured_media":2353,"template":"","meta":{"_tribe_events_status":"","_tribe_events_status_reason":"","footnotes":""},"tags":[],"tribe_events_cat":[37],"class_list":["post-2993","tribe_events","type-tribe_events","status-publish","has-post-thumbnail","hentry","tribe_events_cat-falar-corvino","cat_falar-corvino"],"_links":{"self":[{"href":"https:\/\/ecomuseu-corvo.cultura.azores.gov.pt\/en\/wp-json\/wp\/v2\/tribe_events\/2993","targetHints":{"allow":["GET"]}}],"collection":[{"href":"https:\/\/ecomuseu-corvo.cultura.azores.gov.pt\/en\/wp-json\/wp\/v2\/tribe_events"}],"about":[{"href":"https:\/\/ecomuseu-corvo.cultura.azores.gov.pt\/en\/wp-json\/wp\/v2\/types\/tribe_events"}],"author":[{"embeddable":true,"href":"https:\/\/ecomuseu-corvo.cultura.azores.gov.pt\/en\/wp-json\/wp\/v2\/users\/3"}],"version-history":[{"count":1,"href":"https:\/\/ecomuseu-corvo.cultura.azores.gov.pt\/en\/wp-json\/wp\/v2\/tribe_events\/2993\/revisions"}],"predecessor-version":[{"id":2995,"href":"https:\/\/ecomuseu-corvo.cultura.azores.gov.pt\/en\/wp-json\/wp\/v2\/tribe_events\/2993\/revisions\/2995"}],"wp:featuredmedia":[{"embeddable":true,"href":"https:\/\/ecomuseu-corvo.cultura.azores.gov.pt\/en\/wp-json\/wp\/v2\/media\/2353"}],"wp:attachment":[{"href":"https:\/\/ecomuseu-corvo.cultura.azores.gov.pt\/en\/wp-json\/wp\/v2\/media?parent=2993"}],"wp:term":[{"taxonomy":"post_tag","embeddable":true,"href":"https:\/\/ecomuseu-corvo.cultura.azores.gov.pt\/en\/wp-json\/wp\/v2\/tags?post=2993"},{"taxonomy":"tribe_events_cat","embeddable":true,"href":"https:\/\/ecomuseu-corvo.cultura.azores.gov.pt\/en\/wp-json\/wp\/v2\/tribe_events_cat?post=2993"}],"curies":[{"name":"wp","href":"https:\/\/api.w.org\/{rel}","templated":true}]}}

<p>Esta semana também há desafio &#8220;Falar Corvino&#8221;.<br />
Não hesitem em contactar-nos com as vossas sugestões.<br />
Obrigada a todos pela participação e pelos contributos que nos têm enviado.<br />
Para acompanharem o resultado das vossas sugestões deixamos o link do glossário &#8220;Falar Corvino&#8221;: https://padlet.com/ecomuseu/5zdomsu4rcejijqy<br />
Votos de uma boa semana para todos!</p>
<p><img loading="lazy" decoding="async" class="alignnone size-medium wp-image-2994" src="https://ecomuseu-corvo.cultura.azores.gov.pt/wp-content/uploads/2023/10/34-300x300.png" alt="" width="300" height="300" srcset="https://ecomuseu-corvo.cultura.azores.gov.pt/wp-content/uploads/2023/10/34-300x300.png 300w, https://ecomuseu-corvo.cultura.azores.gov.pt/wp-content/uploads/2023/10/34-150x150.png 150w, https://ecomuseu-corvo.cultura.azores.gov.pt/wp-content/uploads/2023/10/34-768x768.png 768w, https://ecomuseu-corvo.cultura.azores.gov.pt/wp-content/uploads/2023/10/34-12x12.png 12w, https://ecomuseu-corvo.cultura.azores.gov.pt/wp-content/uploads/2023/10/34.png 800w" sizes="auto, (max-width: 300px) 100vw, 300px" /></p>

<p>Esta semana também há desafio &#8220;Falar Corvino&#8221;. Não hesitem em contactar-nos com as vossas sugestões. Obrigada a todos pela participação e pelos contributos que nos têm enviado. Para acompanharem o [&hellip;]</p>
