{"id":2990,"date":"2023-09-01T15:19:59","date_gmt":"2023-09-01T15:19:59","guid":{"rendered":"https:\/\/ecomuseu-corvo.cultura.azores.gov.pt\/?post_type=tribe_events&#038;p=2990"},"modified":"2023-10-04T15:24:38","modified_gmt":"2023-10-04T15:24:38","slug":"peca-do-mes-setembro-2","status":"publish","type":"tribe_events","link":"https:\/\/ecomuseu-corvo.cultura.azores.gov.pt\/en\/evento\/peca-do-mes-setembro-2\/","title":{"rendered":"Pe\u00e7a do M\u00eas &#8211; setembro"},"content":{"rendered":"<p>A pe\u00e7a do m\u00eas de setembro era uma pe\u00e7a de uso quotidiano.<br \/>\nQuem nos sabe dizer o seu nome e para que servia?<br \/>\nA sua participa\u00e7\u00e3o \u00e9 muito importante para o trabalho que o Ecomuseu do Corvo est\u00e1 a realizar no \u00e2mbito do invent\u00e1rio participativo do patrim\u00f3nio m\u00f3vel do Corvo.<br \/>\nO Ecomuseu somos todos n\u00f3s!<br \/>\nPara acompanharem o resultado dos vossos contributos deixamos o link das informa\u00e7\u00f5es recolhidas da &#8220;Pe\u00e7a do M\u00eas&#8221;: https:\/\/padlet.com\/ecomuseu\/pe-a-do-m-s-sd9vd5npqbzulcoj.<\/p>","protected":false},"excerpt":{"rendered":"<p>A pe\u00e7a do m\u00eas de setembro era uma pe\u00e7a de uso quotidiano. Quem nos sabe dizer o seu nome e para que servia? A sua participa\u00e7\u00e3o \u00e9 muito importante para [&hellip;]<\/p>\n","protected":false},"author":3,"featured_media":2991,"template":"","meta":{"_tribe_events_status":"","_tribe_events_status_reason":"","footnotes":""},"tags":[],"tribe_events_cat":[38],"class_list":["post-2990","tribe_events","type-tribe_events","status-publish","has-post-thumbnail","hentry","tribe_events_cat-peca-do-mes","cat_peca-do-mes"],"_links":{"self":[{"href":"https:\/\/ecomuseu-corvo.cultura.azores.gov.pt\/en\/wp-json\/wp\/v2\/tribe_events\/2990","targetHints":{"allow":["GET"]}}],"collection":[{"href":"https:\/\/ecomuseu-corvo.cultura.azores.gov.pt\/en\/wp-json\/wp\/v2\/tribe_events"}],"about":[{"href":"https:\/\/ecomuseu-corvo.cultura.azores.gov.pt\/en\/wp-json\/wp\/v2\/types\/tribe_events"}],"author":[{"embeddable":true,"href":"https:\/\/ecomuseu-corvo.cultura.azores.gov.pt\/en\/wp-json\/wp\/v2\/users\/3"}],"version-history":[{"count":1,"href":"https:\/\/ecomuseu-corvo.cultura.azores.gov.pt\/en\/wp-json\/wp\/v2\/tribe_events\/2990\/revisions"}],"predecessor-version":[{"id":2992,"href":"https:\/\/ecomuseu-corvo.cultura.azores.gov.pt\/en\/wp-json\/wp\/v2\/tribe_events\/2990\/revisions\/2992"}],"wp:featuredmedia":[{"embeddable":true,"href":"https:\/\/ecomuseu-corvo.cultura.azores.gov.pt\/en\/wp-json\/wp\/v2\/media\/2991"}],"wp:attachment":[{"href":"https:\/\/ecomuseu-corvo.cultura.azores.gov.pt\/en\/wp-json\/wp\/v2\/media?parent=2990"}],"wp:term":[{"taxonomy":"post_tag","embeddable":true,"href":"https:\/\/ecomuseu-corvo.cultura.azores.gov.pt\/en\/wp-json\/wp\/v2\/tags?post=2990"},{"taxonomy":"tribe_events_cat","embeddable":true,"href":"https:\/\/ecomuseu-corvo.cultura.azores.gov.pt\/en\/wp-json\/wp\/v2\/tribe_events_cat?post=2990"}],"curies":[{"name":"wp","href":"https:\/\/api.w.org\/{rel}","templated":true}]}}

Peça do Mês &#8211; setembro

<p>A peça do mês de setembro era uma peça de uso quotidiano.<br />
Quem nos sabe dizer o seu nome e para que servia?<br />
A sua participação é muito importante para o trabalho que o Ecomuseu do Corvo está a realizar no âmbito do inventário participativo do património móvel do Corvo.<br />
O Ecomuseu somos todos nós!<br />
Para acompanharem o resultado dos vossos contributos deixamos o link das informações recolhidas da &#8220;Peça do Mês&#8221;: https://padlet.com/ecomuseu/pe-a-do-m-s-sd9vd5npqbzulcoj.</p>

<p>A peça do mês de setembro era uma peça de uso quotidiano. Quem nos sabe dizer o seu nome e para que servia? A sua participação é muito importante para [&hellip;]</p>
