{"id":2984,"date":"2023-09-07T15:06:18","date_gmt":"2023-09-07T15:06:18","guid":{"rendered":"https:\/\/ecomuseu-corvo.cultura.azores.gov.pt\/?post_type=tribe_events&#038;p=2984"},"modified":"2023-10-04T15:08:59","modified_gmt":"2023-10-04T15:08:59","slug":"noites-de-rua-cheia","status":"publish","type":"tribe_events","link":"https:\/\/ecomuseu-corvo.cultura.azores.gov.pt\/en\/evento\/noites-de-rua-cheia\/","title":{"rendered":"Noites de Rua Cheia"},"content":{"rendered":"<p>No dia 09 de setembro, pelas 21:30, o Ecomuseu do Corvo dinamiza a 2.\u00aa edi\u00e7\u00e3o das \u201cNoites de Rua cheia\u201d, no Largo do Outeiro, onde Jo\u00e3o Moniz atuar\u00e1 no \u00e2mbito da sua tour &#8220;Sou Filho da Terra e do Mar&#8221; \u2013 2023.<br \/>\nJo\u00e3o Moniz \u00e9 um cantautor A\u00e7oriano, nascido na freguesia de Ponta Gar\u00e7a, na ilha de S\u00e3o Miguel. Conta j\u00e1 com dois trabalhos de originais: EP Saudade (2020) e Depois da Saudade (2022). O seu trabalho tem sido apresentado em alguns dos maiores palcos dos A\u00e7ores e n\u00e3o s\u00f3, destacando-se o MEO Sudoeste 2019, o Coliseu Micaelense, o Teatro Micaelense, o Monte Verde Festival e o Bliss Vibes.<br \/>\n&#8220;&#8230; tenho saudades da bruma<br \/>\nque faz das nove ilhas uma&#8230;&#8221;<br \/>\n&#8211; &#8220;Saudade&#8221; &#8211; Jo\u00e3o Moniz<br \/>\nS\u00e3o os temas desta tour pelo arquip\u00e9lago que pretende criar uma ponte, atrav\u00e9s das suas can\u00e7\u00f5es, entre as nove ilhas dos A\u00e7ores.<br \/>\nCom esta atividade o Ecomuseu do Corvo pretende proporcionar, a toda a popula\u00e7\u00e3o do Corvo e a quem nos visita, uma oferta cultural e recreativa, atrav\u00e9s da dinamiza\u00e7\u00e3o de espa\u00e7os p\u00fablicos de mem\u00f3ria e de interesse patrimonial.<br \/>\n+ Inf<br \/>\nOuvir Jo\u00e3o Moniz: &#8220;Saudade&#8221; &#8211; https:\/\/www.youtube.com\/watch?v=StDtT07b_ns<\/p>","protected":false},"excerpt":{"rendered":"<p>No dia 09 de setembro, pelas 21:30, o Ecomuseu do Corvo dinamiza a 2.\u00aa edi\u00e7\u00e3o das \u201cNoites de Rua cheia\u201d, no Largo do Outeiro, onde Jo\u00e3o Moniz atuar\u00e1 no \u00e2mbito [&hellip;]<\/p>\n","protected":false},"author":3,"featured_media":2985,"template":"","meta":{"_tribe_events_status":"","_tribe_events_status_reason":"","footnotes":""},"tags":[],"tribe_events_cat":[47],"class_list":["post-2984","tribe_events","type-tribe_events","status-publish","has-post-thumbnail","hentry","tribe_events_cat-concerto","cat_concerto"],"_links":{"self":[{"href":"https:\/\/ecomuseu-corvo.cultura.azores.gov.pt\/en\/wp-json\/wp\/v2\/tribe_events\/2984","targetHints":{"allow":["GET"]}}],"collection":[{"href":"https:\/\/ecomuseu-corvo.cultura.azores.gov.pt\/en\/wp-json\/wp\/v2\/tribe_events"}],"about":[{"href":"https:\/\/ecomuseu-corvo.cultura.azores.gov.pt\/en\/wp-json\/wp\/v2\/types\/tribe_events"}],"author":[{"embeddable":true,"href":"https:\/\/ecomuseu-corvo.cultura.azores.gov.pt\/en\/wp-json\/wp\/v2\/users\/3"}],"version-history":[{"count":1,"href":"https:\/\/ecomuseu-corvo.cultura.azores.gov.pt\/en\/wp-json\/wp\/v2\/tribe_events\/2984\/revisions"}],"predecessor-version":[{"id":2986,"href":"https:\/\/ecomuseu-corvo.cultura.azores.gov.pt\/en\/wp-json\/wp\/v2\/tribe_events\/2984\/revisions\/2986"}],"wp:featuredmedia":[{"embeddable":true,"href":"https:\/\/ecomuseu-corvo.cultura.azores.gov.pt\/en\/wp-json\/wp\/v2\/media\/2985"}],"wp:attachment":[{"href":"https:\/\/ecomuseu-corvo.cultura.azores.gov.pt\/en\/wp-json\/wp\/v2\/media?parent=2984"}],"wp:term":[{"taxonomy":"post_tag","embeddable":true,"href":"https:\/\/ecomuseu-corvo.cultura.azores.gov.pt\/en\/wp-json\/wp\/v2\/tags?post=2984"},{"taxonomy":"tribe_events_cat","embeddable":true,"href":"https:\/\/ecomuseu-corvo.cultura.azores.gov.pt\/en\/wp-json\/wp\/v2\/tribe_events_cat?post=2984"}],"curies":[{"name":"wp","href":"https:\/\/api.w.org\/{rel}","templated":true}]}}

<p>No dia 09 de setembro, pelas 21:30, o Ecomuseu do Corvo dinamiza a 2.ª edição das “Noites de Rua cheia”, no Largo do Outeiro, onde João Moniz atuará no âmbito da sua tour &#8220;Sou Filho da Terra e do Mar&#8221; – 2023.<br />
João Moniz é um cantautor Açoriano, nascido na freguesia de Ponta Garça, na ilha de São Miguel. Conta já com dois trabalhos de originais: EP Saudade (2020) e Depois da Saudade (2022). O seu trabalho tem sido apresentado em alguns dos maiores palcos dos Açores e não só, destacando-se o MEO Sudoeste 2019, o Coliseu Micaelense, o Teatro Micaelense, o Monte Verde Festival e o Bliss Vibes.<br />
&#8220;&#8230; tenho saudades da bruma<br />
que faz das nove ilhas uma&#8230;&#8221;<br />
&#8211; &#8220;Saudade&#8221; &#8211; João Moniz<br />
São os temas desta tour pelo arquipélago que pretende criar uma ponte, através das suas canções, entre as nove ilhas dos Açores.<br />
Com esta atividade o Ecomuseu do Corvo pretende proporcionar, a toda a população do Corvo e a quem nos visita, uma oferta cultural e recreativa, através da dinamização de espaços públicos de memória e de interesse patrimonial.<br />
+ Inf<br />
Ouvir João Moniz: &#8220;Saudade&#8221; &#8211; https://www.youtube.com/watch?v=StDtT07b_ns</p>

<p>No dia 09 de setembro, pelas 21:30, o Ecomuseu do Corvo dinamiza a 2.ª edição das “Noites de Rua cheia”, no Largo do Outeiro, onde João Moniz atuará no âmbito [&hellip;]</p>
