{"id":2960,"date":"2023-08-02T14:04:20","date_gmt":"2023-08-02T14:04:20","guid":{"rendered":"https:\/\/ecomuseu-corvo.cultura.azores.gov.pt\/?post_type=tribe_events&#038;p=2960"},"modified":"2023-10-04T14:06:34","modified_gmt":"2023-10-04T14:06:34","slug":"exposicao-da-tosquia-ao-tear-2","status":"publish","type":"tribe_events","link":"https:\/\/ecomuseu-corvo.cultura.azores.gov.pt\/en\/evento\/exposicao-da-tosquia-ao-tear-2\/","title":{"rendered":"Exposi\u00e7\u00e3o &#8220;Da Tosquia ao Tear&#8221;"},"content":{"rendered":"<p>Informa-se que a exposi\u00e7\u00e3o &#8220;Da Tosquia ao Tear&#8221; continuar\u00e1 patente no Multiusos durante o m\u00eas de agosto, de segunda a sexta-feira, entre as 10h30 e as 12h30 e as 14H00 e as 17h00. Com esta exposi\u00e7\u00e3o pretende-se divulgar, atrav\u00e9s de fotografias do arquivo fotogr\u00e1fico do Ecomuseu, de objetos associados ao trabalho da l\u00e3 e de variadas pe\u00e7as de vestu\u00e1rio, o patrim\u00f3nio cultural associado ao lanif\u00edcio na ilha do Corvo.<br \/>\nNa ilha do Corvo, a cria\u00e7\u00e3o de ovelhas assumiu, desde o in\u00edcio do povoamento, uma grande import\u00e2ncia, pois, por um lado, uma parte do \u201cforo\u201d era pago em l\u00e3 e, por outro, o grande isolamento da ilha obrigou os seus habitantes a serem autossuficientes e a produzirem os seus bens de primeira necessidade, nomeadamente o seu vestu\u00e1rio e agasalhos. Este esp\u00edrito de autarcia, que caracterizou as popula\u00e7\u00f5es arquipel\u00e1gicas, est\u00e1 bem marcado na popula\u00e7\u00e3o do Corvo que, desde muito cedo, soube ser resiliente e adaptar-se \u00e0s condi\u00e7\u00f5es muito adversas a que estava sujeita.<br \/>\nEsta exposi\u00e7\u00e3o pretende, por isso, dar a conhecer um pouco da Hist\u00f3ria e das mem\u00f3rias associadas \u00e0 atividade lan\u00edgera na ilha do Corvo.<\/p>","protected":false},"excerpt":{"rendered":"<p>Informa-se que a exposi\u00e7\u00e3o &#8220;Da Tosquia ao Tear&#8221; continuar\u00e1 patente no Multiusos durante o m\u00eas de agosto, de segunda a sexta-feira, entre as 10h30 e as 12h30 e as 14H00 [&hellip;]<\/p>\n","protected":false},"author":3,"featured_media":2961,"template":"","meta":{"_tribe_events_status":"","_tribe_events_status_reason":"","footnotes":""},"tags":[],"tribe_events_cat":[23],"class_list":["post-2960","tribe_events","type-tribe_events","status-publish","has-post-thumbnail","hentry","tribe_events_cat-exposicoes","cat_exposicoes"],"_links":{"self":[{"href":"https:\/\/ecomuseu-corvo.cultura.azores.gov.pt\/en\/wp-json\/wp\/v2\/tribe_events\/2960","targetHints":{"allow":["GET"]}}],"collection":[{"href":"https:\/\/ecomuseu-corvo.cultura.azores.gov.pt\/en\/wp-json\/wp\/v2\/tribe_events"}],"about":[{"href":"https:\/\/ecomuseu-corvo.cultura.azores.gov.pt\/en\/wp-json\/wp\/v2\/types\/tribe_events"}],"author":[{"embeddable":true,"href":"https:\/\/ecomuseu-corvo.cultura.azores.gov.pt\/en\/wp-json\/wp\/v2\/users\/3"}],"version-history":[{"count":1,"href":"https:\/\/ecomuseu-corvo.cultura.azores.gov.pt\/en\/wp-json\/wp\/v2\/tribe_events\/2960\/revisions"}],"predecessor-version":[{"id":2962,"href":"https:\/\/ecomuseu-corvo.cultura.azores.gov.pt\/en\/wp-json\/wp\/v2\/tribe_events\/2960\/revisions\/2962"}],"wp:featuredmedia":[{"embeddable":true,"href":"https:\/\/ecomuseu-corvo.cultura.azores.gov.pt\/en\/wp-json\/wp\/v2\/media\/2961"}],"wp:attachment":[{"href":"https:\/\/ecomuseu-corvo.cultura.azores.gov.pt\/en\/wp-json\/wp\/v2\/media?parent=2960"}],"wp:term":[{"taxonomy":"post_tag","embeddable":true,"href":"https:\/\/ecomuseu-corvo.cultura.azores.gov.pt\/en\/wp-json\/wp\/v2\/tags?post=2960"},{"taxonomy":"tribe_events_cat","embeddable":true,"href":"https:\/\/ecomuseu-corvo.cultura.azores.gov.pt\/en\/wp-json\/wp\/v2\/tribe_events_cat?post=2960"}],"curies":[{"name":"wp","href":"https:\/\/api.w.org\/{rel}","templated":true}]}}

Exposição &#8220;Da Tosquia ao Tear&#8221;

<p>Informa-se que a exposição &#8220;Da Tosquia ao Tear&#8221; continuará patente no Multiusos durante o mês de agosto, de segunda a sexta-feira, entre as 10h30 e as 12h30 e as 14H00 e as 17h00. Com esta exposição pretende-se divulgar, através de fotografias do arquivo fotográfico do Ecomuseu, de objetos associados ao trabalho da lã e de variadas peças de vestuário, o património cultural associado ao lanifício na ilha do Corvo.<br />
Na ilha do Corvo, a criação de ovelhas assumiu, desde o início do povoamento, uma grande importância, pois, por um lado, uma parte do “foro” era pago em lã e, por outro, o grande isolamento da ilha obrigou os seus habitantes a serem autossuficientes e a produzirem os seus bens de primeira necessidade, nomeadamente o seu vestuário e agasalhos. Este espírito de autarcia, que caracterizou as populações arquipelágicas, está bem marcado na população do Corvo que, desde muito cedo, soube ser resiliente e adaptar-se às condições muito adversas a que estava sujeita.<br />
Esta exposição pretende, por isso, dar a conhecer um pouco da História e das memórias associadas à atividade lanígera na ilha do Corvo.</p>

<p>Informa-se que a exposição &#8220;Da Tosquia ao Tear&#8221; continuará patente no Multiusos durante o mês de agosto, de segunda a sexta-feira, entre as 10h30 e as 12h30 e as 14H00 [&hellip;]</p>
