{"id":2674,"date":"2023-07-20T16:58:30","date_gmt":"2023-07-20T16:58:30","guid":{"rendered":"https:\/\/ecomuseu-corvo.cultura.azores.gov.pt\/?post_type=tribe_events&#038;p=2674"},"modified":"2023-10-10T15:03:57","modified_gmt":"2023-10-10T15:03:57","slug":"ferias-no-ecomuseu-cinema","status":"publish","type":"tribe_events","link":"https:\/\/ecomuseu-corvo.cultura.azores.gov.pt\/en\/evento\/ferias-no-ecomuseu-cinema\/","title":{"rendered":"F\u00e9rias no Ecomuseu &#8211; Cinema"},"content":{"rendered":"<p>No dia 27\/07 temos &#8220;Cinema \u00e0 Quinta&#8221;, com oferta das pipocas.<br \/>\n\u00c0s 14:30 no Pavilh\u00e3o Multiusos.<br \/>\nF\u00e9rias \u00e9 no Ecomuseu!<\/p>","protected":false},"excerpt":{"rendered":"<p>No dia 27\/07 temos &#8220;Cinema \u00e0 Quinta&#8221;, com oferta das pipocas. \u00c0s 14:30 no Pavilh\u00e3o Multiusos. F\u00e9rias \u00e9 no Ecomuseu!<\/p>","protected":false},"author":3,"featured_media":2676,"template":"","meta":{"_tribe_events_status":"","_tribe_events_status_reason":"","footnotes":""},"tags":[],"tribe_events_cat":[34],"class_list":["post-2674","tribe_events","type-tribe_events","status-publish","has-post-thumbnail","hentry","tribe_events_cat-ferias-no-ecomuseu","cat_ferias-no-ecomuseu"],"_links":{"self":[{"href":"https:\/\/ecomuseu-corvo.cultura.azores.gov.pt\/en\/wp-json\/wp\/v2\/tribe_events\/2674","targetHints":{"allow":["GET"]}}],"collection":[{"href":"https:\/\/ecomuseu-corvo.cultura.azores.gov.pt\/en\/wp-json\/wp\/v2\/tribe_events"}],"about":[{"href":"https:\/\/ecomuseu-corvo.cultura.azores.gov.pt\/en\/wp-json\/wp\/v2\/types\/tribe_events"}],"author":[{"embeddable":true,"href":"https:\/\/ecomuseu-corvo.cultura.azores.gov.pt\/en\/wp-json\/wp\/v2\/users\/3"}],"version-history":[{"count":1,"href":"https:\/\/ecomuseu-corvo.cultura.azores.gov.pt\/en\/wp-json\/wp\/v2\/tribe_events\/2674\/revisions"}],"predecessor-version":[{"id":2677,"href":"https:\/\/ecomuseu-corvo.cultura.azores.gov.pt\/en\/wp-json\/wp\/v2\/tribe_events\/2674\/revisions\/2677"}],"wp:featuredmedia":[{"embeddable":true,"href":"https:\/\/ecomuseu-corvo.cultura.azores.gov.pt\/en\/wp-json\/wp\/v2\/media\/2676"}],"wp:attachment":[{"href":"https:\/\/ecomuseu-corvo.cultura.azores.gov.pt\/en\/wp-json\/wp\/v2\/media?parent=2674"}],"wp:term":[{"taxonomy":"post_tag","embeddable":true,"href":"https:\/\/ecomuseu-corvo.cultura.azores.gov.pt\/en\/wp-json\/wp\/v2\/tags?post=2674"},{"taxonomy":"tribe_events_cat","embeddable":true,"href":"https:\/\/ecomuseu-corvo.cultura.azores.gov.pt\/en\/wp-json\/wp\/v2\/tribe_events_cat?post=2674"}],"curies":[{"name":"wp","href":"https:\/\/api.w.org\/{rel}","templated":true}]}}

Férias no Ecomuseu &#8211; Cinema

<p>No dia 27/07 temos &#8220;Cinema à Quinta&#8221;, com oferta das pipocas.<br />
Às 14:30 no Pavilhão Multiusos.<br />
Férias é no Ecomuseu!</p>

<p>No dia 27/07 temos &#8220;Cinema à Quinta&#8221;, com oferta das pipocas. Às 14:30 no Pavilhão Multiusos. Férias é no Ecomuseu!</p>
