{"id":2671,"date":"2023-07-20T16:56:37","date_gmt":"2023-07-20T16:56:37","guid":{"rendered":"https:\/\/ecomuseu-corvo.cultura.azores.gov.pt\/?post_type=tribe_events&#038;p=2671"},"modified":"2023-10-10T15:04:22","modified_gmt":"2023-10-10T15:04:22","slug":"ferias-no-ecomuseu-praia","status":"publish","type":"tribe_events","link":"https:\/\/ecomuseu-corvo.cultura.azores.gov.pt\/en\/evento\/ferias-no-ecomuseu-praia\/","title":{"rendered":"F\u00e9rias no Ecomuseu &#8211; Praia"},"content":{"rendered":"<p>Nesta quarta-feira, dia 05\/07, teremos &#8220;Movimento na Praia&#8221;. Esta atividade pretende estimular nas crian\u00e7as e jovens h\u00e1bitos de vida saud\u00e1veis, e conta com o apoio do servi\u00e7o de desporto da ilha do Corvo.<br \/>\nLocal de Encontro: Casa do Tempo \u00e0s 09h30<br \/>\nAconselha-se que levem chap\u00e9u, protetor solar, toalha de praia e \u00e1gua.<br \/>\nInscreva o seu filho(a) nas atividades das &#8220;f\u00e9rias no Ecomuseu&#8221;:<br \/>\nhttps:\/\/forms.office.com\/r\/TGDxeWRWJs<br \/>\nEcomuseu.corvo.info@azores.gov 292596063<\/p>","protected":false},"excerpt":{"rendered":"<p>Nesta quarta-feira, dia 05\/07, teremos &#8220;Movimento na Praia&#8221;. Esta atividade pretende estimular nas crian\u00e7as e jovens h\u00e1bitos de vida saud\u00e1veis, e conta com o apoio do servi\u00e7o de desporto da [&hellip;]<\/p>\n","protected":false},"author":3,"featured_media":2672,"template":"","meta":{"_tribe_events_status":"","_tribe_events_status_reason":"","footnotes":""},"tags":[],"tribe_events_cat":[34],"class_list":["post-2671","tribe_events","type-tribe_events","status-publish","has-post-thumbnail","hentry","tribe_events_cat-ferias-no-ecomuseu","cat_ferias-no-ecomuseu"],"_links":{"self":[{"href":"https:\/\/ecomuseu-corvo.cultura.azores.gov.pt\/en\/wp-json\/wp\/v2\/tribe_events\/2671","targetHints":{"allow":["GET"]}}],"collection":[{"href":"https:\/\/ecomuseu-corvo.cultura.azores.gov.pt\/en\/wp-json\/wp\/v2\/tribe_events"}],"about":[{"href":"https:\/\/ecomuseu-corvo.cultura.azores.gov.pt\/en\/wp-json\/wp\/v2\/types\/tribe_events"}],"author":[{"embeddable":true,"href":"https:\/\/ecomuseu-corvo.cultura.azores.gov.pt\/en\/wp-json\/wp\/v2\/users\/3"}],"version-history":[{"count":1,"href":"https:\/\/ecomuseu-corvo.cultura.azores.gov.pt\/en\/wp-json\/wp\/v2\/tribe_events\/2671\/revisions"}],"predecessor-version":[{"id":2673,"href":"https:\/\/ecomuseu-corvo.cultura.azores.gov.pt\/en\/wp-json\/wp\/v2\/tribe_events\/2671\/revisions\/2673"}],"wp:featuredmedia":[{"embeddable":true,"href":"https:\/\/ecomuseu-corvo.cultura.azores.gov.pt\/en\/wp-json\/wp\/v2\/media\/2672"}],"wp:attachment":[{"href":"https:\/\/ecomuseu-corvo.cultura.azores.gov.pt\/en\/wp-json\/wp\/v2\/media?parent=2671"}],"wp:term":[{"taxonomy":"post_tag","embeddable":true,"href":"https:\/\/ecomuseu-corvo.cultura.azores.gov.pt\/en\/wp-json\/wp\/v2\/tags?post=2671"},{"taxonomy":"tribe_events_cat","embeddable":true,"href":"https:\/\/ecomuseu-corvo.cultura.azores.gov.pt\/en\/wp-json\/wp\/v2\/tribe_events_cat?post=2671"}],"curies":[{"name":"wp","href":"https:\/\/api.w.org\/{rel}","templated":true}]}}

Férias no Ecomuseu &#8211; Praia

<p>Nesta quarta-feira, dia 05/07, teremos &#8220;Movimento na Praia&#8221;. Esta atividade pretende estimular nas crianças e jovens hábitos de vida saudáveis, e conta com o apoio do serviço de desporto da ilha do Corvo.<br />
Local de Encontro: Casa do Tempo às 09h30<br />
Aconselha-se que levem chapéu, protetor solar, toalha de praia e água.<br />
Inscreva o seu filho(a) nas atividades das &#8220;férias no Ecomuseu&#8221;:<br />
https://forms.office.com/r/TGDxeWRWJs<br />
Ecomuseu.corvo.info@azores.gov 292596063</p>

<p>Nesta quarta-feira, dia 05/07, teremos &#8220;Movimento na Praia&#8221;. Esta atividade pretende estimular nas crianças e jovens hábitos de vida saudáveis, e conta com o apoio do serviço de desporto da [&hellip;]</p>
